{"id":68034,"date":"2021-02-21T18:57:31","date_gmt":"2021-02-21T18:57:31","guid":{"rendered":"https:\/\/www.autonvaraosahaku.fi\/?product=ridex-318g0006-kannentiiviste"},"modified":"2021-02-21T18:57:35","modified_gmt":"2021-02-21T18:57:35","slug":"ridex-318g0006-kannentiiviste","status":"publish","type":"product","link":"https:\/\/www.autonvaraosahaku.fi\/?product=ridex-318g0006-kannentiiviste","title":{"rendered":"RIDEX 318G0006 Kannentiiviste"},"content":{"rendered":"<p>Paksuus [mm]: 1.7; Reik\u00e4kuvio\/-m\u00e4\u00e4r\u00e4: 2; Sylinteriluku: 4; Tarvittava kappalem\u00e4\u00e4r\u00e4: 1; Moottorinumero: FY; VW: GOLF III 1H1,POLO 6N1,GOLF II 19E, 1G1,GOLF III Variant 1H5,POLO 86C, 80,POLO Coupe 86C, 80,SCIROCCO 53B,VENTO 1H2,GOLF I 17,JETTA II 19E, 1G2, 165,PASSAT Variant 32B,POLO Kasten 6NF,POLO CLASSIC 86C, 80,PASSAT 32B,POLO 86,SCIROCCO 53,JETTA I 16,DERBY 86C, 80,POLO Kasten 86CF,PASSAT 32,DERBY 86,PASSAT Variant 33,SANTANA 32B; AUDI: 80 81, 85, B2,50 86; SKODA: FELICIA II Kombi 6U5; SEAT: IBIZA II 6K1,CORDOBA 6K1, 6K2; 030103383J, 030103383K, 030103383L, 030103383M, 030103383N, 030103383R, 036103383, 036103383A, 036103383B, 036103383C, 036103383D, 036103383E, 036103383F, 036103383G, 036103383N, 052103383J, 052103383M, 30103383J, 30103383K, 30103383L, 30103383M, 30103383N, 36103383, 36103383A, 36103383B, 36103383C, 36103383D, 36103383E, 36103383F, 36103383G, 52103383J, 52103383M, 030103383J, 030103383K, 030103383L, 030103383M, 030103383N, 030103383R, 036103383, 036103383A, 036103383B, 036103383C, 036103383D, 036103383E, 036103383F, 036103383G, 036103383N, 052103383J, 052103383M, 30103383J, 30103383K, 30103383L, 30103383M, 30103383N, 36103383, 36103383A, 36103383B, 36103383C, 36103383D, 36103383E, 36103383F, 36103383G, 52103383J, 52103383M, 030103383J, 030103383K, 030103383L, 030103383M, 030103383N, 030103383R, 036103383, 036103383A, 036103383B, 036103383C, 036103383D, 036103383E, 036103383F, 036103383G, 036103383N, 052103383J, 052103383M, 30103383J, 30103383K, 30103383L, 30103383M, 30103383N, 361033&#8230;; Tiiviste, Sylinterikansi<\/p>\n","protected":false},"excerpt":{"rendered":"<p>RIDEX Kannentiiviste 318G0006 Tiiviste, Sylinterikansi VW,AUDI,SKODA,GOLF III 1H1,POLO 6N1,GOLF II 19E, 1G1,GOLF III Variant 1H5,POLO 86C, 80<\/p>\n","protected":false},"featured_media":0,"template":"","meta":{"site-sidebar-layout":"default","site-content-layout":"default","ast-global-header-display":"","ast-main-header-display":"","ast-hfb-above-header-display":"","ast-hfb-below-header-display":"","ast-hfb-mobile-header-display":"","site-post-title":"","ast-breadcrumbs-content":"","ast-featured-img":"","footer-sml-layout":"","theme-transparent-header-meta":"","adv-header-id-meta":"","stick-header-meta":"","header-above-stick-meta":"","header-main-stick-meta":"","header-below-stick-meta":""},"pwb-brand":[157],"product_cat":[230],"product_tag":[],"class_list":{"0":"post-68034","1":"product","2":"type-product","3":"status-publish","5":"pwb-brand-ridex","6":"product_cat-kannentiiviste","7":"desktop-align-left","8":"tablet-align-left","9":"mobile-align-left","11":"first","12":"instock","13":"product-type-external"},"brands":[{"id":157,"name":"RIDEX","slug":"ridex"}],"_links":{"self":[{"href":"https:\/\/www.autonvaraosahaku.fi\/index.php?rest_route=\/wp\/v2\/product\/68034","targetHints":{"allow":["GET"]}}],"collection":[{"href":"https:\/\/www.autonvaraosahaku.fi\/index.php?rest_route=\/wp\/v2\/product"}],"about":[{"href":"https:\/\/www.autonvaraosahaku.fi\/index.php?rest_route=\/wp\/v2\/types\/product"}],"wp:attachment":[{"href":"https:\/\/www.autonvaraosahaku.fi\/index.php?rest_route=%2Fwp%2Fv2%2Fmedia&parent=68034"}],"wp:term":[{"taxonomy":"pwb-brand","embeddable":true,"href":"https:\/\/www.autonvaraosahaku.fi\/index.php?rest_route=%2Fwp%2Fv2%2Fpwb-brand&post=68034"},{"taxonomy":"product_cat","embeddable":true,"href":"https:\/\/www.autonvaraosahaku.fi\/index.php?rest_route=%2Fwp%2Fv2%2Fproduct_cat&post=68034"},{"taxonomy":"product_tag","embeddable":true,"href":"https:\/\/www.autonvaraosahaku.fi\/index.php?rest_route=%2Fwp%2Fv2%2Fproduct_tag&post=68034"}],"curies":[{"name":"wp","href":"https:\/\/api.w.org\/{rel}","templated":true}]}}