{"id":68054,"date":"2021-02-21T18:57:36","date_gmt":"2021-02-21T18:57:36","guid":{"rendered":"https:\/\/www.autonvaraosahaku.fi\/?product=hella-5dr-004-241-721-laturin-jannitteensaadin"},"modified":"2021-02-21T18:57:40","modified_gmt":"2021-02-21T18:57:40","slug":"hella-5dr-004-241-721-laturin-jannitteensaadin","status":"publish","type":"product","link":"https:\/\/www.autonvaraosahaku.fi\/?product=hella-5dr-004-241-721-laturin-jannitteensaadin","title":{"rendered":"HELLA 5DR 004 241-721 Laturin j\u00e4nnitteens\u00e4\u00e4din"},"content":{"rendered":"<p>Valmistaja rajaus: Valeo Paris Rhone; Nimellisj\u00e4nnite (V): 12; K\u00e4ytt\u00f6j\u00e4nnite [V]: 14,4; Valmistusvuosi alkaen: 12\/1976; VOLVO: 340-360 343, 345,260 P262, P264,340-360 Stufenheck 344,260 Kombi P265; RENAULT: 4 112_,SUPER 5 B\/C40_,5 122_,4 Kasten R21_, R23_,9 L42_,ESPACE I J11_,12,11 B\/C37_,16 115_,21 Stufenheck L48_,25 B29_,18 134_,11 Kasten S37_,21 Kombi K48_,18 Variable 135_,5 Kasten 238_,30 127_,FUEGO 136_,12 Variable 117_,21 B48_,20 127_,14 121_,21 Kasten S48_,18 Kasten,12 Kasten,SUPER 5 Kasten S40_; TALBOT: MURENA,TAGORA; 83502031, 95646311, 95646312, MEGA1405, 576157, 7701028400, 7701029095, 7701030241, 7701031737, 7701033171, 7701033654, 7701348589, 5000820239, 32876567, 33422817; Laturin S\u00e4\u00e4din,J\u00e4nniteens\u00e4\u00e4din<\/p>\n","protected":false},"excerpt":{"rendered":"<p>HELLA Laturin J\u00e4nnitteens\u00e4\u00e4din 5DR 004 241-721 Laturin S\u00e4\u00e4din,J\u00e4nniteens\u00e4\u00e4din VOLVO,RENAULT,TALBOT,340-360 343, 345,260 P262, P264<\/p>\n","protected":false},"featured_media":0,"template":"","meta":{"site-sidebar-layout":"default","site-content-layout":"default","ast-global-header-display":"","ast-main-header-display":"","ast-hfb-above-header-display":"","ast-hfb-below-header-display":"","ast-hfb-mobile-header-display":"","site-post-title":"","ast-breadcrumbs-content":"","ast-featured-img":"","footer-sml-layout":"","theme-transparent-header-meta":"","adv-header-id-meta":"","stick-header-meta":"","header-above-stick-meta":"","header-main-stick-meta":"","header-below-stick-meta":""},"pwb-brand":[24],"product_cat":[420],"product_tag":[],"class_list":{"0":"post-68054","1":"product","2":"type-product","3":"status-publish","5":"pwb-brand-hella","6":"product_cat-laturin-jannitteensaadin","7":"desktop-align-left","8":"tablet-align-left","9":"mobile-align-left","11":"first","12":"instock","13":"product-type-external"},"brands":[{"id":24,"name":"HELLA","slug":"hella"}],"_links":{"self":[{"href":"https:\/\/www.autonvaraosahaku.fi\/index.php?rest_route=\/wp\/v2\/product\/68054","targetHints":{"allow":["GET"]}}],"collection":[{"href":"https:\/\/www.autonvaraosahaku.fi\/index.php?rest_route=\/wp\/v2\/product"}],"about":[{"href":"https:\/\/www.autonvaraosahaku.fi\/index.php?rest_route=\/wp\/v2\/types\/product"}],"wp:attachment":[{"href":"https:\/\/www.autonvaraosahaku.fi\/index.php?rest_route=%2Fwp%2Fv2%2Fmedia&parent=68054"}],"wp:term":[{"taxonomy":"pwb-brand","embeddable":true,"href":"https:\/\/www.autonvaraosahaku.fi\/index.php?rest_route=%2Fwp%2Fv2%2Fpwb-brand&post=68054"},{"taxonomy":"product_cat","embeddable":true,"href":"https:\/\/www.autonvaraosahaku.fi\/index.php?rest_route=%2Fwp%2Fv2%2Fproduct_cat&post=68054"},{"taxonomy":"product_tag","embeddable":true,"href":"https:\/\/www.autonvaraosahaku.fi\/index.php?rest_route=%2Fwp%2Fv2%2Fproduct_tag&post=68054"}],"curies":[{"name":"wp","href":"https:\/\/api.w.org\/{rel}","templated":true}]}}