{"id":68310,"date":"2021-02-21T18:58:46","date_gmt":"2021-02-21T18:58:46","guid":{"rendered":"https:\/\/www.autonvaraosahaku.fi\/?product=vemo-v15-99-1975-2-lampokytkin-jaahdyttimen-puhallin"},"modified":"2021-02-21T18:58:49","modified_gmt":"2021-02-21T18:58:49","slug":"vemo-v15-99-1975-2-lampokytkin-jaahdyttimen-puhallin","status":"publish","type":"product","link":"https:\/\/www.autonvaraosahaku.fi\/?product=vemo-v15-99-1975-2-lampokytkin-jaahdyttimen-puhallin","title":{"rendered":"VEMO V15-99-1975-2 L\u00e4mp\u00f6kytkin j\u00e4\u00e4hdyttimen puhallin"},"content":{"rendered":"<p>Korkeus (mm): 30; Paino [kg]: 0,057; Kierremitta: M22x1,5; Lis\u00e4tarvike\/lis\u00e4tieto: Tiivisteill\u00e4; Napojen m\u00e4\u00e4r\u00e4: 2; Vaihtopiste alkaen [\u00b0C]: 95; Vaihtopiste enint. [\u00b0C]: 90; Pakkausleveys [cm]: 5,8; Pakkauskorkeus [mm]: 3,3; Pakkaussyvyys [cm]: 3; Tuotelinja: Original Quality; Alustanumeroon: J4999999; VW: CADDY II Pick-up 9U7; AUDI: QUATTRO 85,200 44, 44Q,200 Avant 44, 44Q,200 43; SKODA: FELICIA I 6U1,FELICIA I Fun 797,FELICIA I Kombi 6U5; SAAB: 90; OPEL: OMEGA A 16_, 17_, 19_,KADETT E CC 33_, 34_, 43_, 44_,CORSA A CC 93_, 94_, 98_, 99_,KADETT E Cabriolet 43B_,ASCONA C 81_, 86_, 87_, 88_,SENATOR B 29_,OMEGA A Caravan 66_, 67_,CORSA A TR 91_, 92_, 96_, 97_,KADETT D 31_-34_, 41_-44_,KADETT E 39_, 49_,ASCONA C CC 84_, 89_,KADETT E Caravan 35_, 36_, 45_, 46_,CORSA A Kasten,KADETT E Kasten 37_, 47_,KADETT E Combo 38_, 48_; LANCIA: DELTA I 831AB0; FORD: ESCORT VII GAL, AAL, ABL,ESCORT IV Cabriolet ALF,ESCORT IV GAF, AWF, ABFT,ESCORT III GAA,ESCORT III Cabriolet ALD,ESCORT IV Kombi AWF, AVF,ESCORT III Kombi AWA; FIAT: PANDA 141A_,UNO 146A\/E,RITMO I 138A,REGATA 138,ARGENTA 132A,REGATA Weekend 138; CITRO\u00cbN: AX ZA-_,CX II,CX I MA,CX II Break,CX I Break MA; ALFA ROMEO: ALFETTA GT 116,ALFASUD Sprint 902.A,ALFETTA 116,MONTREAL,ALFASUD 901,GIULIETTA 116,ALFASUD Giardinetta 904; 175919481, 823959481G, 823959481H, 823959481K, 823959481M, PRC3541, 9526518, 823959481G, 823959481G, 823959481K, 175919481, 823959481G, 823959481H, 823959481K, 823959481M<\/p>\n","protected":false},"excerpt":{"rendered":"<p>VEMO L\u00e4mp\u00f6kytkin J\u00e4\u00e4hdyttimen Puhallin V15-99-1975-2  VW,AUDI,SKODA,CADDY II Pick-up 9U7,QUATTRO 85,200 44, 44Q,200 Avant 44, 44Q,200 43,FELICIA I 6U1<\/p>\n","protected":false},"featured_media":0,"template":"","meta":{"site-sidebar-layout":"default","site-content-layout":"default","ast-global-header-display":"","ast-main-header-display":"","ast-hfb-above-header-display":"","ast-hfb-below-header-display":"","ast-hfb-mobile-header-display":"","site-post-title":"","ast-breadcrumbs-content":"","ast-featured-img":"","footer-sml-layout":"","theme-transparent-header-meta":"","adv-header-id-meta":"","stick-header-meta":"","header-above-stick-meta":"","header-main-stick-meta":"","header-below-stick-meta":""},"pwb-brand":[168],"product_cat":[290],"product_tag":[],"class_list":{"0":"post-68310","1":"product","2":"type-product","3":"status-publish","5":"pwb-brand-vemo","6":"product_cat-lampokytkin-jaahdyttimen-puhallin","7":"desktop-align-left","8":"tablet-align-left","9":"mobile-align-left","11":"first","12":"instock","13":"product-type-external"},"brands":[{"id":168,"name":"VEMO","slug":"vemo"}],"_links":{"self":[{"href":"https:\/\/www.autonvaraosahaku.fi\/index.php?rest_route=\/wp\/v2\/product\/68310","targetHints":{"allow":["GET"]}}],"collection":[{"href":"https:\/\/www.autonvaraosahaku.fi\/index.php?rest_route=\/wp\/v2\/product"}],"about":[{"href":"https:\/\/www.autonvaraosahaku.fi\/index.php?rest_route=\/wp\/v2\/types\/product"}],"wp:attachment":[{"href":"https:\/\/www.autonvaraosahaku.fi\/index.php?rest_route=%2Fwp%2Fv2%2Fmedia&parent=68310"}],"wp:term":[{"taxonomy":"pwb-brand","embeddable":true,"href":"https:\/\/www.autonvaraosahaku.fi\/index.php?rest_route=%2Fwp%2Fv2%2Fpwb-brand&post=68310"},{"taxonomy":"product_cat","embeddable":true,"href":"https:\/\/www.autonvaraosahaku.fi\/index.php?rest_route=%2Fwp%2Fv2%2Fproduct_cat&post=68310"},{"taxonomy":"product_tag","embeddable":true,"href":"https:\/\/www.autonvaraosahaku.fi\/index.php?rest_route=%2Fwp%2Fv2%2Fproduct_tag&post=68310"}],"curies":[{"name":"wp","href":"https:\/\/api.w.org\/{rel}","templated":true}]}}