{"id":68454,"date":"2021-02-21T18:59:28","date_gmt":"2021-02-21T18:59:28","guid":{"rendered":"https:\/\/www.autonvaraosahaku.fi\/?product=aks-dasis-855001n-magneettikytkin"},"modified":"2021-02-21T18:59:32","modified_gmt":"2021-02-21T18:59:32","slug":"aks-dasis-855001n-magneettikytkin","status":"publish","type":"product","link":"https:\/\/www.autonvaraosahaku.fi\/?product=aks-dasis-855001n-magneettikytkin","title":{"rendered":"AKS DASIS 855001N Magneettikytkin"},"content":{"rendered":"<p>J\u00e4nnite (V): 12; kiiloja: 6; Hihnapy\u00f6r\u00e4-\u00d8[mm]: 120; Kompressorin tunnus: SD7V16; Uusi osa: ; Pakkausleveys [cm]: 15; Pakkauskorkeus [mm]: 7,5; Valmistaja rajaus: Sanden; Korvaava tuote\/korvaava tiedote 2: magneettikytkimell\u00e4; Hihnapy\u00f6r\u00e4t: Moniurahihnapy\u00f6r\u00e4ll\u00e4; Laatu: Premium; Kytkin-tunnus: PV6; Komponenttinumero: 1079 1226 1245; L\u00e4pimitta 1 [mm]: 120; Kylm\u00e4aine: R 134a; Paino [kg]: 2; Pakkauspituus [cm]: 15; Valmistusvuosi alkaen: 01\/1996; VW: GOLF IV 1J1,GOLF IV Variant 1J5,SHARAN 7M8, 7M9, 7M6,POLO 6N2,TRANSPORTER V Bus 7HB, 7HJ, 7EB, 7EJ, 7EF,MULTIVAN V 7HM, 7HN, 7HF, 7EF, 7EM, 7EN,BORA 1J2,TRANSPORTER V Kasten 7HA, 7HH, 7EA, 7EH,NEW BEETLE 9C1, 1C1,BORA Kombi 1J6,TRANSPORTER V Pritsche\/Fahrgestell 7JD, 7JE, 7JL, 7JY, 7JZ,; AUDI: A3 8L1,TT 8N3; FORD: GALAXY WGR; SKODA: OCTAVIA Combi 1U5,OCTAVIA 1U2; SEAT: LEON 1M1,ALHAMBRA 7V8, 7V9,IBIZA II 6K1,CORDOBA 6K1, 6K2,TOLEDO I 1L; 1076012, 91AG19D629BD, XM2H19D629AA, YM2H19G629BB; Ilmastoinnin Kompressorin Kytkin,Magneettikytkin, Ilmastointikompressori<\/p>\n","protected":false},"excerpt":{"rendered":"<p>AKS DASIS Magneettikytkin 855001N Ilmastoinnin Kompressorin Kytkin,Magneettikytkin, Ilmastointikompressori VW,AUDI,FORD,GOLF IV 1J1<\/p>\n","protected":false},"featured_media":0,"template":"","meta":{"site-sidebar-layout":"default","site-content-layout":"default","ast-global-header-display":"","ast-main-header-display":"","ast-hfb-above-header-display":"","ast-hfb-below-header-display":"","ast-hfb-mobile-header-display":"","site-post-title":"","ast-breadcrumbs-content":"","ast-featured-img":"","footer-sml-layout":"","theme-transparent-header-meta":"","adv-header-id-meta":"","stick-header-meta":"","header-above-stick-meta":"","header-main-stick-meta":"","header-below-stick-meta":""},"pwb-brand":[461],"product_cat":[435],"product_tag":[],"class_list":{"0":"post-68454","1":"product","2":"type-product","3":"status-publish","5":"pwb-brand-aks-dasis","6":"product_cat-magneettikytkin","7":"desktop-align-left","8":"tablet-align-left","9":"mobile-align-left","11":"first","12":"instock","13":"product-type-external"},"brands":[{"id":461,"name":"AKS DASIS","slug":"aks-dasis"}],"_links":{"self":[{"href":"https:\/\/www.autonvaraosahaku.fi\/index.php?rest_route=\/wp\/v2\/product\/68454","targetHints":{"allow":["GET"]}}],"collection":[{"href":"https:\/\/www.autonvaraosahaku.fi\/index.php?rest_route=\/wp\/v2\/product"}],"about":[{"href":"https:\/\/www.autonvaraosahaku.fi\/index.php?rest_route=\/wp\/v2\/types\/product"}],"wp:attachment":[{"href":"https:\/\/www.autonvaraosahaku.fi\/index.php?rest_route=%2Fwp%2Fv2%2Fmedia&parent=68454"}],"wp:term":[{"taxonomy":"pwb-brand","embeddable":true,"href":"https:\/\/www.autonvaraosahaku.fi\/index.php?rest_route=%2Fwp%2Fv2%2Fpwb-brand&post=68454"},{"taxonomy":"product_cat","embeddable":true,"href":"https:\/\/www.autonvaraosahaku.fi\/index.php?rest_route=%2Fwp%2Fv2%2Fproduct_cat&post=68454"},{"taxonomy":"product_tag","embeddable":true,"href":"https:\/\/www.autonvaraosahaku.fi\/index.php?rest_route=%2Fwp%2Fv2%2Fproduct_tag&post=68454"}],"curies":[{"name":"wp","href":"https:\/\/api.w.org\/{rel}","templated":true}]}}