{"id":68466,"date":"2021-02-21T18:59:34","date_gmt":"2021-02-21T18:59:34","guid":{"rendered":"https:\/\/www.autonvaraosahaku.fi\/?product=a-b-s-44021-jarrupaineensaadin"},"modified":"2021-02-21T18:59:36","modified_gmt":"2021-02-21T18:59:36","slug":"a-b-s-44021-jarrupaineensaadin","status":"publish","type":"product","link":"https:\/\/www.autonvaraosahaku.fi\/?product=a-b-s-44021-jarrupaineensaadin","title":{"rendered":"A.B.S. 44021 Jarrupaineens\u00e4\u00e4din"},"content":{"rendered":"<p>Asennuspuoli: Takana; Jarruj\u00e4rjestelm\u00e4: ATE; Paino [kg]: 0,73; Valmistaja rajaus: ATE; Rakennemalli: Trafic T1000; OPEL: ARENA Bus,ARENA Kasten TB, TF,ARENA Kasten; RENAULT: TRAFIC Kasten TXX,TRAFIC Bus TXW,TRAFIC Kasten T1, T3, T4,TRAFIC Bus T5, T6, T7,TRAFIC Pritsche\/Fahrgestell P6,TRAFIC Pritsche\/Fahrgestell PXX; 4401250, 7700605063, 7700685063, 9109250<\/p>\n","protected":false},"excerpt":{"rendered":"<p>A.B.S. Jarrupaineens\u00e4\u00e4din 44021  OPEL,RENAULT,ARENA Bus,ARENA Kasten TB, TF,ARENA Kasten,TRAFIC Kasten TXX,TRAFIC Bus TXW,TRAFIC Kasten T1, T3, T4<\/p>\n","protected":false},"featured_media":0,"template":"","meta":{"site-sidebar-layout":"default","site-content-layout":"default","ast-global-header-display":"","ast-main-header-display":"","ast-hfb-above-header-display":"","ast-hfb-below-header-display":"","ast-hfb-mobile-header-display":"","site-post-title":"","ast-breadcrumbs-content":"","ast-featured-img":"","footer-sml-layout":"","theme-transparent-header-meta":"","adv-header-id-meta":"","stick-header-meta":"","header-above-stick-meta":"","header-main-stick-meta":"","header-below-stick-meta":""},"pwb-brand":[326],"product_cat":[488],"product_tag":[],"class_list":{"0":"post-68466","1":"product","2":"type-product","3":"status-publish","5":"pwb-brand-a-b-s","6":"product_cat-jarrupaineensaadin","7":"desktop-align-left","8":"tablet-align-left","9":"mobile-align-left","11":"first","12":"instock","13":"product-type-external"},"brands":[{"id":326,"name":"A.B.S.","slug":"a-b-s"}],"_links":{"self":[{"href":"https:\/\/www.autonvaraosahaku.fi\/index.php?rest_route=\/wp\/v2\/product\/68466","targetHints":{"allow":["GET"]}}],"collection":[{"href":"https:\/\/www.autonvaraosahaku.fi\/index.php?rest_route=\/wp\/v2\/product"}],"about":[{"href":"https:\/\/www.autonvaraosahaku.fi\/index.php?rest_route=\/wp\/v2\/types\/product"}],"wp:attachment":[{"href":"https:\/\/www.autonvaraosahaku.fi\/index.php?rest_route=%2Fwp%2Fv2%2Fmedia&parent=68466"}],"wp:term":[{"taxonomy":"pwb-brand","embeddable":true,"href":"https:\/\/www.autonvaraosahaku.fi\/index.php?rest_route=%2Fwp%2Fv2%2Fpwb-brand&post=68466"},{"taxonomy":"product_cat","embeddable":true,"href":"https:\/\/www.autonvaraosahaku.fi\/index.php?rest_route=%2Fwp%2Fv2%2Fproduct_cat&post=68466"},{"taxonomy":"product_tag","embeddable":true,"href":"https:\/\/www.autonvaraosahaku.fi\/index.php?rest_route=%2Fwp%2Fv2%2Fproduct_tag&post=68466"}],"curies":[{"name":"wp","href":"https:\/\/api.w.org\/{rel}","templated":true}]}}