{"id":68674,"date":"2021-02-21T19:00:38","date_gmt":"2021-02-21T19:00:38","guid":{"rendered":"https:\/\/www.autonvaraosahaku.fi\/?product=vaico-v30-1800-oljypohja"},"modified":"2021-02-21T19:00:42","modified_gmt":"2021-02-21T19:00:42","slug":"vaico-v30-1800-oljypohja","status":"publish","type":"product","link":"https:\/\/www.autonvaraosahaku.fi\/?product=vaico-v30-1800-oljypohja","title":{"rendered":"VAICO V30-1800 \u00d6ljypohja"},"content":{"rendered":"<p>Pituus (mm): 310; Pinta: pulverik\u00e4sitelty; Korvaava tuote\/korvaava tiedote 2: Tiivisterenkaalla, ilman \u00f6ljypohjan tiivistett\u00e4; \u00d6ljypohjan materiaali: Ter\u00e4slevy; Huomioi ajoneuvovalmistajan vaatimukset: ; Huomioi j\u00e4rjestelm\u00e4-t\u00e4ytt\u00f6m\u00e4\u00e4r\u00e4: ; Osa: Ala osa; Lis\u00e4tarvike\/lis\u00e4tieto: \u00d6ljynp\u00e4\u00e4st\u00f6ruuvilla; Suositellun tarvikkeen tuotenumero: V30-1335; Leveys (mm): 215; Korkeus (mm): 155; Paino [kg]: 1,614; Pakkausleveys [cm]: 17,5; Pakkauskorkeus [mm]: 44,1; Pakkaussyvyys [cm]: 25,4; lis\u00e4tieto: CST99; Varusteet: f\u00fcr Fahrzeuge ohne Diesel-Partikel-Filter (DPF); SMART: FORTWO Coupe 451,CITY-COUPE 450,FORTWO Cabrio 451,CABRIO 450,FORTWO Coupe 450,ROADSTER 452,FORTWO Cabrio 450,ROADSTER Coupe 452,CROSSBLADE 450; 0003015V003000000, 0003015V004, 0003015V004000000, 1600140002, A0003015V003000000, A0003015V004000000, A1600140002<\/p>\n","protected":false},"excerpt":{"rendered":"<p>VAICO \u00d6ljypohja V30-1800  SMART,FORTWO Coupe 451,CITY-COUPE 450,FORTWO Cabrio 451,CABRIO 450,FORTWO Coupe 450,ROADSTER 452,FORTWO Cabrio 450<\/p>\n","protected":false},"featured_media":0,"template":"","meta":{"site-sidebar-layout":"default","site-content-layout":"default","ast-global-header-display":"","ast-main-header-display":"","ast-hfb-above-header-display":"","ast-hfb-below-header-display":"","ast-hfb-mobile-header-display":"","site-post-title":"","ast-breadcrumbs-content":"","ast-featured-img":"","footer-sml-layout":"","theme-transparent-header-meta":"","adv-header-id-meta":"","stick-header-meta":"","header-above-stick-meta":"","header-main-stick-meta":"","header-below-stick-meta":""},"pwb-brand":[330],"product_cat":[225],"product_tag":[],"class_list":{"0":"post-68674","1":"product","2":"type-product","3":"status-publish","5":"pwb-brand-vaico","6":"product_cat-oljypohja","7":"desktop-align-left","8":"tablet-align-left","9":"mobile-align-left","11":"first","12":"instock","13":"product-type-external"},"brands":[{"id":330,"name":"VAICO","slug":"vaico"}],"_links":{"self":[{"href":"https:\/\/www.autonvaraosahaku.fi\/index.php?rest_route=\/wp\/v2\/product\/68674","targetHints":{"allow":["GET"]}}],"collection":[{"href":"https:\/\/www.autonvaraosahaku.fi\/index.php?rest_route=\/wp\/v2\/product"}],"about":[{"href":"https:\/\/www.autonvaraosahaku.fi\/index.php?rest_route=\/wp\/v2\/types\/product"}],"wp:attachment":[{"href":"https:\/\/www.autonvaraosahaku.fi\/index.php?rest_route=%2Fwp%2Fv2%2Fmedia&parent=68674"}],"wp:term":[{"taxonomy":"pwb-brand","embeddable":true,"href":"https:\/\/www.autonvaraosahaku.fi\/index.php?rest_route=%2Fwp%2Fv2%2Fpwb-brand&post=68674"},{"taxonomy":"product_cat","embeddable":true,"href":"https:\/\/www.autonvaraosahaku.fi\/index.php?rest_route=%2Fwp%2Fv2%2Fproduct_cat&post=68674"},{"taxonomy":"product_tag","embeddable":true,"href":"https:\/\/www.autonvaraosahaku.fi\/index.php?rest_route=%2Fwp%2Fv2%2Fproduct_tag&post=68674"}],"curies":[{"name":"wp","href":"https:\/\/api.w.org\/{rel}","templated":true}]}}