{"id":68851,"date":"2021-02-21T19:01:29","date_gmt":"2021-02-21T19:01:29","guid":{"rendered":"https:\/\/www.autonvaraosahaku.fi\/?product=lobro-190966-vetonivelen-suojakumi"},"modified":"2021-02-21T19:01:32","modified_gmt":"2021-02-21T19:01:32","slug":"lobro-190966-vetonivelen-suojakumi","status":"publish","type":"product","link":"https:\/\/www.autonvaraosahaku.fi\/?product=lobro-190966-vetonivelen-suojakumi","title":{"rendered":"L\u00d6BRO 190966 Vetonivelen suojakumi"},"content":{"rendered":"<p>Sis\u00e4l\u00e4pimitta 1 alkaen [mm]: 21; Sis\u00e4l\u00e4pimitta 1 enint\u00e4\u00e4n [mm]: 23; Sis\u00e4l\u00e4pimitta 2 alkaen [mm]: 77; Sis\u00e4l\u00e4pimitta 2 enint\u00e4\u00e4n [mm]: 80; Korkeus (mm): 90; Paljekumin materiaali: Neopreni; Versio: FlexBoot; Uusi osa: ; Asennuspuoli: getriebeseitig; VW: TRANSPORTER IV Bus 70XB, 70XC, 7DB, 7DW,TIGUAN 5N_,GOLF VII 5G1, BE1,CADDY III Kombi 2KB, 2KJ, 2CB, 2CJ,CADDY III Kasten 2KA, 2KH, 2CA, 2CH,GOLF VII Kombi BA5,TRANSPORTER IV Pritsche\/Fahrgestell 70XD,CC 358,PASSAT Variant 32B,PASSAT Variant 3G5,GOLF SPORTSVAN AM1,TOURAN,TIGUAN AD1,CADDY IV Kombi SAB, SAJ,PASSAT 3G2,POLO AW1, BZ1,CADDY IV Kasten SAA, SAH,PASSAT ALLTRACK 3G5,T-ROC A11,ARTEON 3H7,GOLF ALLTRACK BA5,CADDY ALLTRACK Kasten SAA,CADDY ALLTRACK Kombi SAB; AUDI: A3 Sportback 8VA,80 Avant 8C, B4,100 44, 44Q, C3,COUPE 89, 8B,80 81, 85, B2,90 89, 89Q, 8A, B3,A3 Limousine 8VS,A3 8V1,V8 44_, 4C_,200 44, 44Q,A3 Cabriolet 8V7,TT FV3,Q2 GA,TT Roadster FV9; MAZDA: 5 CR19,3 BK,6 Station Wagon GY,CX-5 KE, GH,6 Kombi GH,323 F VI BJ,PREMACY CP,CX-7 ER,6 Hatchback GG,6 GG,3 BL,6 Schr\u00e4gheck GH,626 V Hatchback GF,3 Stufenheck BK,6 GH,MPV II LW,626 V GF,626 V Station Wagon GW,3 Stufenheck BL,626 IV Hatchback GE,FAMILIA VI BJ,XEDOS 6 CA,XEDOS 9 TA,626 IV GE,FAMILIA V BA,FAMILIA V BG8,323 III Hatchback BF,626 III GD,626 III Hatchback GD,626 III Coupe GD,E-SERIE Kasten SR2,626 III Station Wagon GV,626 II GC,626 II Hatchback GC,323 III BF; NISSAN: ALMERA TINO V10,ALMERA II Hatchback N16,PRIMERA Kombi WP12,PRIMERA P12,NV200 EVALIA,PRIMERA Hatchback P12,NV200 Kasten,PICK UP D22,PATHFINDER R50,ALMERA Mk II N16,PICK UP D21,MAXIMA QX A33,GT-R R35,MAXIMA QX A32,PRIMERA Traveller W10,MAXIMA II J30,VANETTE Kasten C22,CABSTAR E Pick-up US; JEEP: RENEGADE Gel\u00e4ndewagen geschlossen BU; DAEWOO: LEGANZA KLAV,TOSCA; ABARTH: 500 \/ 595 312_; SKODA: OCTAVIA Combi 5E5,YETI 5L,OCTAVIA 5E3,SUPERB Kombi 3V5,KODIAQ NS7,SUPERB 3V3,KAROQ NU7; SUZUKI: GRAND VITARA II JT,GRAND VITARA I FT; SEAT: LEON 5F1,LEON ST 5F8,LEON SC 5F5,ATECA KH7,ARONA KJ7; Vetoakselin Suojakumi,Paljekumi, Vetoakseli<\/p>\n","protected":false},"excerpt":{"rendered":"<p>L\u00d6BRO Vetonivelen Suojakumi 190966 Vetoakselin Suojakumi,Paljekumi, Vetoakseli VW,AUDI,MAZDA,TRANSPORTER IV Bus 70XB, 70XC, 7DB, 7DW,TIGUAN 5N_<\/p>\n","protected":false},"featured_media":0,"template":"","meta":{"site-sidebar-layout":"default","site-content-layout":"default","ast-global-header-display":"","ast-main-header-display":"","ast-hfb-above-header-display":"","ast-hfb-below-header-display":"","ast-hfb-mobile-header-display":"","site-post-title":"","ast-breadcrumbs-content":"","ast-featured-img":"","footer-sml-layout":"","theme-transparent-header-meta":"","adv-header-id-meta":"","stick-header-meta":"","header-above-stick-meta":"","header-main-stick-meta":"","header-below-stick-meta":""},"pwb-brand":[272],"product_cat":[42],"product_tag":[],"class_list":{"0":"post-68851","1":"product","2":"type-product","3":"status-publish","5":"pwb-brand-lobro","6":"product_cat-vetonivelen-suojakumi","7":"desktop-align-left","8":"tablet-align-left","9":"mobile-align-left","11":"first","12":"instock","13":"product-type-external"},"brands":[{"id":272,"name":"L\u00d6BRO","slug":"lobro"}],"_links":{"self":[{"href":"https:\/\/www.autonvaraosahaku.fi\/index.php?rest_route=\/wp\/v2\/product\/68851","targetHints":{"allow":["GET"]}}],"collection":[{"href":"https:\/\/www.autonvaraosahaku.fi\/index.php?rest_route=\/wp\/v2\/product"}],"about":[{"href":"https:\/\/www.autonvaraosahaku.fi\/index.php?rest_route=\/wp\/v2\/types\/product"}],"wp:attachment":[{"href":"https:\/\/www.autonvaraosahaku.fi\/index.php?rest_route=%2Fwp%2Fv2%2Fmedia&parent=68851"}],"wp:term":[{"taxonomy":"pwb-brand","embeddable":true,"href":"https:\/\/www.autonvaraosahaku.fi\/index.php?rest_route=%2Fwp%2Fv2%2Fpwb-brand&post=68851"},{"taxonomy":"product_cat","embeddable":true,"href":"https:\/\/www.autonvaraosahaku.fi\/index.php?rest_route=%2Fwp%2Fv2%2Fproduct_cat&post=68851"},{"taxonomy":"product_tag","embeddable":true,"href":"https:\/\/www.autonvaraosahaku.fi\/index.php?rest_route=%2Fwp%2Fv2%2Fproduct_tag&post=68851"}],"curies":[{"name":"wp","href":"https:\/\/api.w.org\/{rel}","templated":true}]}}