{"id":68971,"date":"2021-02-21T19:02:02","date_gmt":"2021-02-21T19:02:02","guid":{"rendered":"https:\/\/www.autonvaraosahaku.fi\/?product=abe-c6c013abe-jarrurumpu"},"modified":"2021-02-21T19:02:05","modified_gmt":"2021-02-21T19:02:05","slug":"abe-c6c013abe-jarrurumpu","status":"publish","type":"product","link":"https:\/\/www.autonvaraosahaku.fi\/?product=abe-c6c013abe-jarrurumpu","title":{"rendered":"ABE C6C013ABE Jarrurumpu"},"content":{"rendered":"<p>Reik\u00e4lukum\u00e4\u00e4r\u00e4 1: 4; Reik\u00e4ympyr\u00e4-\u00d8 [mm]: 65; J-rumpu ulkoleveys [mm]: 76,5; J-rumpu sis\u00e4leveys [mm]: 51; L\u00e4pimitta [mm]: 228,6; Asennuspuoli: Taka-akseli; Jarru-\/ajodynamiikka: f\u00fcr Fahrzeuge mit ABS; PEUGEOT: 207 WA_, WC_,207 SW WK_,208; CITRO\u00cbN: DS3,C3 II,C-ELYSEE,C3 III SX; 424750, 424750<\/p>\n","protected":false},"excerpt":{"rendered":"<p>ABE Jarrurumpu C6C013ABE  PEUGEOT,CITRO\u00cbN,207 WA_, WC_,207 SW WK_,208,DS3,C3 II,C-ELYSEE,C3 III SX<\/p>\n","protected":false},"featured_media":0,"template":"","meta":{"site-sidebar-layout":"default","site-content-layout":"default","ast-global-header-display":"","ast-main-header-display":"","ast-hfb-above-header-display":"","ast-hfb-below-header-display":"","ast-hfb-mobile-header-display":"","site-post-title":"","ast-breadcrumbs-content":"","ast-featured-img":"","footer-sml-layout":"","theme-transparent-header-meta":"","adv-header-id-meta":"","stick-header-meta":"","header-above-stick-meta":"","header-main-stick-meta":"","header-below-stick-meta":""},"pwb-brand":[432],"product_cat":[304],"product_tag":[],"class_list":{"0":"post-68971","1":"product","2":"type-product","3":"status-publish","5":"pwb-brand-abe","6":"product_cat-jarrurumpu","7":"desktop-align-left","8":"tablet-align-left","9":"mobile-align-left","11":"first","12":"instock","13":"product-type-external"},"brands":[{"id":432,"name":"ABE","slug":"abe"}],"_links":{"self":[{"href":"https:\/\/www.autonvaraosahaku.fi\/index.php?rest_route=\/wp\/v2\/product\/68971","targetHints":{"allow":["GET"]}}],"collection":[{"href":"https:\/\/www.autonvaraosahaku.fi\/index.php?rest_route=\/wp\/v2\/product"}],"about":[{"href":"https:\/\/www.autonvaraosahaku.fi\/index.php?rest_route=\/wp\/v2\/types\/product"}],"wp:attachment":[{"href":"https:\/\/www.autonvaraosahaku.fi\/index.php?rest_route=%2Fwp%2Fv2%2Fmedia&parent=68971"}],"wp:term":[{"taxonomy":"pwb-brand","embeddable":true,"href":"https:\/\/www.autonvaraosahaku.fi\/index.php?rest_route=%2Fwp%2Fv2%2Fpwb-brand&post=68971"},{"taxonomy":"product_cat","embeddable":true,"href":"https:\/\/www.autonvaraosahaku.fi\/index.php?rest_route=%2Fwp%2Fv2%2Fproduct_cat&post=68971"},{"taxonomy":"product_tag","embeddable":true,"href":"https:\/\/www.autonvaraosahaku.fi\/index.php?rest_route=%2Fwp%2Fv2%2Fproduct_tag&post=68971"}],"curies":[{"name":"wp","href":"https:\/\/api.w.org\/{rel}","templated":true}]}}