{"id":69123,"date":"2021-02-21T19:02:50","date_gmt":"2021-02-21T19:02:50","guid":{"rendered":"https:\/\/www.autonvaraosahaku.fi\/?product=magneti-marelli-061830254304-sytytystulpat"},"modified":"2021-02-21T19:02:51","modified_gmt":"2021-02-21T19:02:51","slug":"magneti-marelli-061830254304-sytytystulpat","status":"publish","type":"product","link":"https:\/\/www.autonvaraosahaku.fi\/?product=magneti-marelli-061830254304-sytytystulpat","title":{"rendered":"MAGNETI MARELLI 061830254304 Sytytystulpat"},"content":{"rendered":"<p>Sytytystulppa: 1-maaelektroodi, Vastuksella; K\u00e4rkiv\u00e4li (mm): 0,7; Kierremitta: M14; Kierteen pituus (mm): 19; Avainv\u00e4li: 16; Korvaava tuote\/korvaava tiedote 2: suoralla istukalla; TECDOC-moottorinumero: 683; SKODA: FELICIA I Fun 797,FAVORIT 781,FAVORIT Forman 785,FAVORIT Pick-up 787; MERCEDES-BENZ: C-CLASS W202,C-CLASS Kombi S202; KIA: CARENS II FJ; ROVER: 200 RF; HYUNDAI: S COUPE SLC; VOLVO: V70 I LV,V90 Kombi,S90; RENAULT: LAGUNA II Grandtour KG0\/1_,SC\u00c9NIC I JA0\/1_,LAGUNA II BG0\/1_,MEGANE I BA0\/1_,MEGANE I Grandtour KA0\/1_,LAGUNA I B56_, 556_,LAGUNA I Grandtour K56_,MEGANE I Classic LA0\/1_; FIAT: DUCATO Kasten 244,PANDA 141A_,PALIO 178BX; CITRO\u00cbN: AX ZA-_,BX XB-_,BX Break XB-_; PEUGEOT: 306 Schr\u00e4gheck 7A, 7C, N3, N5,306 7B, N3, N5; 46417010, 46480362, 464803620, 5894586, 71711638, 71711808, 7546519, 7760383, 7772453, 9GYSSR, 0046480362, 46417010, 46480362, 464803620, 5894586, 60571785, 71711638, 71711808, 7546519, 7760383, 7772453, 9GYSSR, 723116, 370701002, A113707110CA, 948200429, 4671057, 5269897, 59266K, 59622X, 59627P, 5962TO, 5962W0, 5962W1, 596915, 9607016480, 6001544293, 6001544609, 7700500168, 9004851080, 9004851100000, 9004851151, 9004851151000, 9004851152, 9004851152000, 9004851157, 9004851158, 46417010, 46480362, 464803620, 5894586, 71711638, 71711808, 7546519, 7760383, 7772453, 9GYSSR, 0046480362, 46417010, 46480362, 464803620, 46521529, 46548478, 46821457, 5894586, 71711638, 71711807, 71711808, 7546518, 7546519, 7571541, 7571576, 7580102, 7683358, 7698212, 7760383, 7772453, 9602460780, 9628000280, 9636419280, 9638105780, 9639814380, 9GYSSR, 1110500, 1120829, 1120830, 5099295, 5099727, 5099728, 5099775, 5099777, 5099828, 5099832, 5099833, 5099948, 6080256, 800F12405BA, 800F12405LA, 81OF12405AAA, 81&#8230;; Tulpat,Sytytystulppa<\/p>\n","protected":false},"excerpt":{"rendered":"<p>MAGNETI MARELLI Sytytystulpat 061830254304 Tulpat,Sytytystulppa SKODA,MERCEDES-BENZ,KIA,FELICIA I Fun 797,FAVORIT 781,FAVORIT Forman 785<\/p>\n","protected":false},"featured_media":0,"template":"","meta":{"site-sidebar-layout":"default","site-content-layout":"default","ast-global-header-display":"","ast-main-header-display":"","ast-hfb-above-header-display":"","ast-hfb-below-header-display":"","ast-hfb-mobile-header-display":"","site-post-title":"","ast-breadcrumbs-content":"","ast-featured-img":"","footer-sml-layout":"","theme-transparent-header-meta":"","adv-header-id-meta":"","stick-header-meta":"","header-above-stick-meta":"","header-main-stick-meta":"","header-below-stick-meta":""},"pwb-brand":[34],"product_cat":[165],"product_tag":[],"class_list":{"0":"post-69123","1":"product","2":"type-product","3":"status-publish","5":"pwb-brand-magneti-marelli","6":"product_cat-sytytystulpat","7":"desktop-align-left","8":"tablet-align-left","9":"mobile-align-left","11":"first","12":"instock","13":"product-type-external"},"brands":[{"id":34,"name":"MAGNETI MARELLI","slug":"magneti-marelli"}],"_links":{"self":[{"href":"https:\/\/www.autonvaraosahaku.fi\/index.php?rest_route=\/wp\/v2\/product\/69123","targetHints":{"allow":["GET"]}}],"collection":[{"href":"https:\/\/www.autonvaraosahaku.fi\/index.php?rest_route=\/wp\/v2\/product"}],"about":[{"href":"https:\/\/www.autonvaraosahaku.fi\/index.php?rest_route=\/wp\/v2\/types\/product"}],"wp:attachment":[{"href":"https:\/\/www.autonvaraosahaku.fi\/index.php?rest_route=%2Fwp%2Fv2%2Fmedia&parent=69123"}],"wp:term":[{"taxonomy":"pwb-brand","embeddable":true,"href":"https:\/\/www.autonvaraosahaku.fi\/index.php?rest_route=%2Fwp%2Fv2%2Fpwb-brand&post=69123"},{"taxonomy":"product_cat","embeddable":true,"href":"https:\/\/www.autonvaraosahaku.fi\/index.php?rest_route=%2Fwp%2Fv2%2Fproduct_cat&post=69123"},{"taxonomy":"product_tag","embeddable":true,"href":"https:\/\/www.autonvaraosahaku.fi\/index.php?rest_route=%2Fwp%2Fv2%2Fproduct_tag&post=69123"}],"curies":[{"name":"wp","href":"https:\/\/api.w.org\/{rel}","templated":true}]}}