{"id":69315,"date":"2021-02-21T19:03:43","date_gmt":"2021-02-21T19:03:43","guid":{"rendered":"https:\/\/www.autonvaraosahaku.fi\/?product=topran-103-768-muut-luokat"},"modified":"2021-02-21T19:03:45","modified_gmt":"2021-02-21T19:03:45","slug":"topran-103-768-muut-luokat","status":"publish","type":"product","link":"https:\/\/www.autonvaraosahaku.fi\/?product=topran-103-768-muut-luokat","title":{"rendered":"TOPRAN 103 768 Muut luokat"},"content":{"rendered":"<p>K\u00e4ytt\u00f6tapa: K\u00e4\u00e4nt\u00f6kytkin; Kotelomateriaali: Muovi; Napojen m\u00e4\u00e4r\u00e4: 8; Korvaava tuote\/korvaava tiedote 2: ilman kaapelia; Moottorinumero: JN; VW: PASSAT Variant 3B5,PASSAT 3B2; AUDI: A3 8L1,A4 8D2, B5,A6 Avant 4B5, C5,80 8C, B4,A6 4B2, C5,80 89, 89Q, 8A, B3,100 4A, C4,A8 4D2, 4D8,80 Avant 8C, B4,100 44, 44Q, C3,A6 Avant 4A, C4,A6 4A, C4,100 Avant 4A, C4,90 89, 89Q, 8A, B3; SKODA: OCTAVIA Combi 1U5,OCTAVIA 1U2; 4A0905849, 4A0905849A, 4A0905849B, 4A0905849C, 893905849, 4A0905849, 4A0905849A, 4A0905849B, 4A0905849C, 893905849, 4A0905849, 4A0905849A, 4A0905849B, 4A0905849C, 893905849<\/p>\n","protected":false},"excerpt":{"rendered":"<p>TOPRAN Virtalukko 103 768  VW,AUDI,SKODA,PASSAT Variant 3B5,PASSAT 3B2,A3 8L1,A4 8D2, B5,A6 Avant 4B5, C5,80 8C, B4,A6 4B2, C5,80 89, 89Q, 8A, B3<\/p>\n","protected":false},"featured_media":0,"template":"","meta":{"site-sidebar-layout":"default","site-content-layout":"default","ast-global-header-display":"","ast-main-header-display":"","ast-hfb-above-header-display":"","ast-hfb-below-header-display":"","ast-hfb-mobile-header-display":"","site-post-title":"","ast-breadcrumbs-content":"","ast-featured-img":"","footer-sml-layout":"","theme-transparent-header-meta":"","adv-header-id-meta":"","stick-header-meta":"","header-above-stick-meta":"","header-main-stick-meta":"","header-below-stick-meta":""},"pwb-brand":[18],"product_cat":[37],"product_tag":[],"class_list":{"0":"post-69315","1":"product","2":"type-product","3":"status-publish","5":"pwb-brand-topran","6":"product_cat-muut-luokat","7":"desktop-align-left","8":"tablet-align-left","9":"mobile-align-left","11":"first","12":"instock","13":"product-type-external"},"brands":[{"id":18,"name":"TOPRAN","slug":"topran"}],"_links":{"self":[{"href":"https:\/\/www.autonvaraosahaku.fi\/index.php?rest_route=\/wp\/v2\/product\/69315","targetHints":{"allow":["GET"]}}],"collection":[{"href":"https:\/\/www.autonvaraosahaku.fi\/index.php?rest_route=\/wp\/v2\/product"}],"about":[{"href":"https:\/\/www.autonvaraosahaku.fi\/index.php?rest_route=\/wp\/v2\/types\/product"}],"wp:attachment":[{"href":"https:\/\/www.autonvaraosahaku.fi\/index.php?rest_route=%2Fwp%2Fv2%2Fmedia&parent=69315"}],"wp:term":[{"taxonomy":"pwb-brand","embeddable":true,"href":"https:\/\/www.autonvaraosahaku.fi\/index.php?rest_route=%2Fwp%2Fv2%2Fpwb-brand&post=69315"},{"taxonomy":"product_cat","embeddable":true,"href":"https:\/\/www.autonvaraosahaku.fi\/index.php?rest_route=%2Fwp%2Fv2%2Fproduct_cat&post=69315"},{"taxonomy":"product_tag","embeddable":true,"href":"https:\/\/www.autonvaraosahaku.fi\/index.php?rest_route=%2Fwp%2Fv2%2Fproduct_tag&post=69315"}],"curies":[{"name":"wp","href":"https:\/\/api.w.org\/{rel}","templated":true}]}}