{"id":69322,"date":"2021-02-21T19:03:43","date_gmt":"2021-02-21T19:03:43","guid":{"rendered":"https:\/\/www.autonvaraosahaku.fi\/?product=mahle-original-kc-46-polttoainesuodatin"},"modified":"2021-02-21T19:03:46","modified_gmt":"2021-02-21T19:03:46","slug":"mahle-original-kc-46-polttoainesuodatin","status":"publish","type":"product","link":"https:\/\/www.autonvaraosahaku.fi\/?product=mahle-original-kc-46-polttoainesuodatin","title":{"rendered":"MAHLE ORIGINAL KC 46 Polttoainesuodatin"},"content":{"rendered":"<p>Suodatintyyppi: Ruuvattava suodatin; Korkeus (mm): 136,5; Kopan l\u00e4pimitta (mm): 93,0; Ulkol\u00e4pimitta 2 [mm]: 72,0; Sis\u00e4l\u00e4pimitta 2 [mm]: 62,0, 62,0; Liitinkierre: M20x1,5; Kiristysmomentti: 14, 14; Paino [g]: 1,07; Korkeus (tuumaa): 5,51; Leveys (tuumaa): 3,94; Pituus (tuumaa): 3,94; Valmistusvuosi alkaen: 04\/1998; MAZDA: 323 P V BA,FAMILIA V BG8,323 III Hatchback BF,B-SERIE UF,323 III BF,MPV I LV,323 III Station Wagon BW; SUZUKI: GRAND VITARA I FT,VITARA ET, TA; KIA: BONGO Pritsche\/Fahrgestell; OPEL: CAMPO TF_,MONTEREY A UBS_; DAIHATSU: FOURTRAK F7, F8,ROCKY Soft Top F7, F8,WILDCAT\/ROCKY F70,WILDCAT\/ROCKY F75; MITSUBISHI: L 200 K7_T, K6_T,PAJERO II V3_W, V2_W, V4_W,PAJERO SPORT K90,L 300 Kasten P0_W, P1_W,L 200 K3_T, K2_T, K1_T, K0_T,GALANT V Stufenheck E5_A, E7_A, E8_A,PAJERO II Canvas Top V2_W, V4_W,COLT II C1_A,LANCER III Station Wagon C1_V, C3_V,LANCER III C1_A, C6_A; ASIA MOTORS: ROCSTA; VAUXHALL: MONTEREY,BRAVA Pick-up; ISUZU: TROOPER UBS,TROOPER Soft Top UBS,TROOPER UB,CAMPO KB,MIDI Bus 94000, 98000,TROOPER Soft Top UB,GEMINI JT,FORWARD F,N (5th Generation),N (6th Generation); 2330387308, 2330387309, 2330387309000, 3252168, EFG110, RF0323570, 93156634, 93156943, 94132241, 94238757, 94244456, 94248070, 94369299, 97723665, 98037480, 98037481, 31390, 319224H001, 31973, 3197344001, 3197344001AR, 3197344100, 3197344101, 3198143000, 44001, 4315539, 4315596, 893156634, 8941446130, 894177327, 894248070, 8942480700, 8942480702, 8980023440, 8980318400, 8980374800, 8980374810, 93156943, 94144613, 94369299, 98002344, 98031840, 98037481, 0K2KK13483, 0K60C23570, K46723570, OK60C23570, 145623570A, 145623570A9A, 2330387308, 32A6201020C, MB129675, MB220790, MB220900, XB220900, 0818506, 0818511, 0818642, 818506, 818511, 818642, 93156634, 93156943, 94369299, 98037480, 1541078E01, 1541178E10, 1541178EU0, 1541178EUO, 93156943, 94369299, 98037480, VFF79<\/p>\n","protected":false},"excerpt":{"rendered":"<p>MAHLE ORIGINAL Polttoainesuodatin KC 46  MAZDA,SUZUKI,KIA,323 P V BA,FAMILIA V BG8,323 III Hatchback BF,B-SERIE UF,323 III BF,MPV I LV<\/p>\n","protected":false},"featured_media":0,"template":"","meta":{"site-sidebar-layout":"default","site-content-layout":"default","ast-global-header-display":"","ast-main-header-display":"","ast-hfb-above-header-display":"","ast-hfb-below-header-display":"","ast-hfb-mobile-header-display":"","site-post-title":"","ast-breadcrumbs-content":"","ast-featured-img":"","footer-sml-layout":"","theme-transparent-header-meta":"","adv-header-id-meta":"","stick-header-meta":"","header-above-stick-meta":"","header-main-stick-meta":"","header-below-stick-meta":""},"pwb-brand":[153],"product_cat":[29],"product_tag":[],"class_list":{"0":"post-69322","1":"product","2":"type-product","3":"status-publish","5":"pwb-brand-mahle-original","6":"product_cat-polttoainesuodatin","7":"desktop-align-left","8":"tablet-align-left","9":"mobile-align-left","11":"first","12":"instock","13":"product-type-external"},"brands":[{"id":153,"name":"MAHLE ORIGINAL","slug":"mahle-original"}],"_links":{"self":[{"href":"https:\/\/www.autonvaraosahaku.fi\/index.php?rest_route=\/wp\/v2\/product\/69322","targetHints":{"allow":["GET"]}}],"collection":[{"href":"https:\/\/www.autonvaraosahaku.fi\/index.php?rest_route=\/wp\/v2\/product"}],"about":[{"href":"https:\/\/www.autonvaraosahaku.fi\/index.php?rest_route=\/wp\/v2\/types\/product"}],"wp:attachment":[{"href":"https:\/\/www.autonvaraosahaku.fi\/index.php?rest_route=%2Fwp%2Fv2%2Fmedia&parent=69322"}],"wp:term":[{"taxonomy":"pwb-brand","embeddable":true,"href":"https:\/\/www.autonvaraosahaku.fi\/index.php?rest_route=%2Fwp%2Fv2%2Fpwb-brand&post=69322"},{"taxonomy":"product_cat","embeddable":true,"href":"https:\/\/www.autonvaraosahaku.fi\/index.php?rest_route=%2Fwp%2Fv2%2Fproduct_cat&post=69322"},{"taxonomy":"product_tag","embeddable":true,"href":"https:\/\/www.autonvaraosahaku.fi\/index.php?rest_route=%2Fwp%2Fv2%2Fproduct_tag&post=69322"}],"curies":[{"name":"wp","href":"https:\/\/api.w.org\/{rel}","templated":true}]}}