{"id":69336,"date":"2021-02-21T19:03:49","date_gmt":"2021-02-21T19:03:49","guid":{"rendered":"https:\/\/www.autonvaraosahaku.fi\/?product=mapco-72628-jouset"},"modified":"2021-02-21T19:03:51","modified_gmt":"2021-02-21T19:03:51","slug":"mapco-72628-jouset","status":"publish","type":"product","link":"https:\/\/www.autonvaraosahaku.fi\/?product=mapco-72628-jouset","title":{"rendered":"MAPCO 72628 Jouset"},"content":{"rendered":"<p>Asennuspuoli: Taka-akseli; Vaihdettava pareittain: ; Tarvittava kappalem\u00e4\u00e4r\u00e4: 2; Paksuus [mm]: 14,5; L\u00e4pimitta [mm]: 147; Pituus (mm): 225; Kierroslukum\u00e4\u00e4r\u00e4: 5; Jousimalli: Miniblock; Vahvistettu malli: ; BMW: 3 E46,3 Compact E46,3 Coupe E46,3 Cabriolet E46; 1094740, 33531094740; Kierrejousi<\/p>\n","protected":false},"excerpt":{"rendered":"<p>MAPCO Jousi 72628 Kierrejousi BMW,3 E46,3 Compact E46,3 Coupe E46,3 Cabriolet E46<\/p>\n","protected":false},"featured_media":0,"template":"","meta":{"site-sidebar-layout":"default","site-content-layout":"default","ast-global-header-display":"","ast-main-header-display":"","ast-hfb-above-header-display":"","ast-hfb-below-header-display":"","ast-hfb-mobile-header-display":"","site-post-title":"","ast-breadcrumbs-content":"","ast-featured-img":"","footer-sml-layout":"","theme-transparent-header-meta":"","adv-header-id-meta":"","stick-header-meta":"","header-above-stick-meta":"","header-main-stick-meta":"","header-below-stick-meta":""},"pwb-brand":[36],"product_cat":[171],"product_tag":[],"class_list":{"0":"post-69336","1":"product","2":"type-product","3":"status-publish","5":"pwb-brand-mapco","6":"product_cat-jouset","7":"desktop-align-left","8":"tablet-align-left","9":"mobile-align-left","11":"first","12":"instock","13":"product-type-external"},"brands":[{"id":36,"name":"MAPCO","slug":"mapco"}],"_links":{"self":[{"href":"https:\/\/www.autonvaraosahaku.fi\/index.php?rest_route=\/wp\/v2\/product\/69336","targetHints":{"allow":["GET"]}}],"collection":[{"href":"https:\/\/www.autonvaraosahaku.fi\/index.php?rest_route=\/wp\/v2\/product"}],"about":[{"href":"https:\/\/www.autonvaraosahaku.fi\/index.php?rest_route=\/wp\/v2\/types\/product"}],"wp:attachment":[{"href":"https:\/\/www.autonvaraosahaku.fi\/index.php?rest_route=%2Fwp%2Fv2%2Fmedia&parent=69336"}],"wp:term":[{"taxonomy":"pwb-brand","embeddable":true,"href":"https:\/\/www.autonvaraosahaku.fi\/index.php?rest_route=%2Fwp%2Fv2%2Fpwb-brand&post=69336"},{"taxonomy":"product_cat","embeddable":true,"href":"https:\/\/www.autonvaraosahaku.fi\/index.php?rest_route=%2Fwp%2Fv2%2Fproduct_cat&post=69336"},{"taxonomy":"product_tag","embeddable":true,"href":"https:\/\/www.autonvaraosahaku.fi\/index.php?rest_route=%2Fwp%2Fv2%2Fproduct_tag&post=69336"}],"curies":[{"name":"wp","href":"https:\/\/api.w.org\/{rel}","templated":true}]}}