{"id":69361,"date":"2021-02-21T19:03:54","date_gmt":"2021-02-21T19:03:54","guid":{"rendered":"https:\/\/www.autonvaraosahaku.fi\/?product=topran-401-897-kardaanin-kuminivel"},"modified":"2021-02-21T19:03:58","modified_gmt":"2021-02-21T19:03:58","slug":"topran-401-897-kardaanin-kuminivel","status":"publish","type":"product","link":"https:\/\/www.autonvaraosahaku.fi\/?product=topran-401-897-kardaanin-kuminivel","title":{"rendered":"TOPRAN 401 897 Kardaanin kuminivel"},"content":{"rendered":"<p>Nivelmalli: Kumi-\/Hardynivel; Lis\u00e4tarvike\/lis\u00e4tieto: Asennusmateriaalilla; Ulkol\u00e4pimitta [mm]: 150; Reik\u00e4ympyr\u00e4-\u00d8 [mm]: 110; Reikien m\u00e4\u00e4r\u00e4: 6; Asennuspuoli: vorne und hinten; MERCEDES-BENZ: C-CLASS W203,E-CLASS W211,C-CLASS W204,C-CLASS T-Model S204,C-CLASS T-Model S203,E-CLASS T-Model S211,E-CLASS W212,C-CLASS Coupe CL203,E-CLASS T-Model S212,GLK-CLASS X204,CLK C209,S-CLASS W220,S-CLASS W221,SL R230,E-CLASS Coupe C207,CLK Cabriolet A209,SLK R172,E-CLASS Cabriolet A207,SLC R172; 0004110200, 2034100215, A0004110200, A2034100215; R\u00e4ttinivel,Nivel, Pitkitt\u00e4isakseli<\/p>\n","protected":false},"excerpt":{"rendered":"<p>TOPRAN Kardaanin Kuminivel 401 897 R\u00e4ttinivel,Nivel, Pitkitt\u00e4isakseli MERCEDES-BENZ,C-CLASS W203,E-CLASS W211,C-CLASS W204,C-CLASS T-Model S204<\/p>\n","protected":false},"featured_media":0,"template":"","meta":{"site-sidebar-layout":"default","site-content-layout":"default","ast-global-header-display":"","ast-main-header-display":"","ast-hfb-above-header-display":"","ast-hfb-below-header-display":"","ast-hfb-mobile-header-display":"","site-post-title":"","ast-breadcrumbs-content":"","ast-featured-img":"","footer-sml-layout":"","theme-transparent-header-meta":"","adv-header-id-meta":"","stick-header-meta":"","header-above-stick-meta":"","header-main-stick-meta":"","header-below-stick-meta":""},"pwb-brand":[18],"product_cat":[56],"product_tag":[],"class_list":{"0":"post-69361","1":"product","2":"type-product","3":"status-publish","5":"pwb-brand-topran","6":"product_cat-kardaanin-kuminivel","7":"desktop-align-left","8":"tablet-align-left","9":"mobile-align-left","11":"first","12":"instock","13":"product-type-external"},"brands":[{"id":18,"name":"TOPRAN","slug":"topran"}],"_links":{"self":[{"href":"https:\/\/www.autonvaraosahaku.fi\/index.php?rest_route=\/wp\/v2\/product\/69361","targetHints":{"allow":["GET"]}}],"collection":[{"href":"https:\/\/www.autonvaraosahaku.fi\/index.php?rest_route=\/wp\/v2\/product"}],"about":[{"href":"https:\/\/www.autonvaraosahaku.fi\/index.php?rest_route=\/wp\/v2\/types\/product"}],"wp:attachment":[{"href":"https:\/\/www.autonvaraosahaku.fi\/index.php?rest_route=%2Fwp%2Fv2%2Fmedia&parent=69361"}],"wp:term":[{"taxonomy":"pwb-brand","embeddable":true,"href":"https:\/\/www.autonvaraosahaku.fi\/index.php?rest_route=%2Fwp%2Fv2%2Fpwb-brand&post=69361"},{"taxonomy":"product_cat","embeddable":true,"href":"https:\/\/www.autonvaraosahaku.fi\/index.php?rest_route=%2Fwp%2Fv2%2Fproduct_cat&post=69361"},{"taxonomy":"product_tag","embeddable":true,"href":"https:\/\/www.autonvaraosahaku.fi\/index.php?rest_route=%2Fwp%2Fv2%2Fproduct_tag&post=69361"}],"curies":[{"name":"wp","href":"https:\/\/api.w.org\/{rel}","templated":true}]}}