{"id":69596,"date":"2021-02-21T19:05:03","date_gmt":"2021-02-21T19:05:03","guid":{"rendered":"https:\/\/www.autonvaraosahaku.fi\/?product=ridex-47c0030-painelaakeri"},"modified":"2021-02-21T19:05:05","modified_gmt":"2021-02-21T19:05:05","slug":"ridex-47c0030-painelaakeri","status":"publish","type":"product","link":"https:\/\/www.autonvaraosahaku.fi\/?product=ridex-47c0030-painelaakeri","title":{"rendered":"RIDEX 47C0030 Painelaakeri"},"content":{"rendered":"<p>Kiinnitysreikien lukum\u00e4\u00e4r\u00e4: 3; Paino [kg]: 0,370, 0,370; K\u00e4ytt\u00f6: Hydraulinen; Moottorinumero: AZBC; UKBA; VOLVO: V50 MW,V70 III BW,C30,V60,C70 II Cabriolet,S80 II AS,S60 II; FORD: MONDEO III Kombi BWY,FOCUS II Kombi DA_,MONDEO IV Turnier BA7,FOCUS II DA_,FOCUS III Turnier,FOCUS C-MAX,GALAXY WA6,KUGA I,MONDEO III B5Y,C-MAX DM2,FOCUS III,C-MAX II,MONDEO IV BA7,MONDEO III Stufenheck B4Y,KUGA II DM2,GRAND C-MAX,FOCUS II Stufenheck DA_,FOCUS II Cabriolet,FOCUS III Stufenheck,MONDEO IV Stufenheck BA7,TOURNEO CONNECT \/ GRAND TOURNEO CONNECT Kombi,TRANSIT CONNECT Kasten,GRAND C-MAX Van,C-MAX II Van,TRANSIT CONNECT Kombi,KUGA II Van; 1232791, 1232811, 1251311, 1317315, 1405590, 1417695, 1472110, 1476856, 1542335, 1590998, 1827889, 3M517A564EA, 3S717A564AB, 3S717A564AC, 3S717A564AD, 3S717A564AE, 3S717A564AF, 3S717A564AG, C2S43866, C2S48968, 30651915, 30735153, 30759485, 30787968, 31259444, 31272726, 31367314<\/p>\n","protected":false},"excerpt":{"rendered":"<p>RIDEX Irroitusmekanismi Kytkin 47C0030  VOLVO,FORD,V50 MW,V70 III BW,C30,V60,C70 II Cabriolet,S80 II AS,S60 II,MONDEO III Kombi BWY,FOCUS II Kombi DA_<\/p>\n","protected":false},"featured_media":0,"template":"","meta":{"site-sidebar-layout":"default","site-content-layout":"default","ast-global-header-display":"","ast-main-header-display":"","ast-hfb-above-header-display":"","ast-hfb-below-header-display":"","ast-hfb-mobile-header-display":"","site-post-title":"","ast-breadcrumbs-content":"","ast-featured-img":"","footer-sml-layout":"","theme-transparent-header-meta":"","adv-header-id-meta":"","stick-header-meta":"","header-above-stick-meta":"","header-main-stick-meta":"","header-below-stick-meta":""},"pwb-brand":[157],"product_cat":[223],"product_tag":[],"class_list":{"0":"post-69596","1":"product","2":"type-product","3":"status-publish","5":"pwb-brand-ridex","6":"product_cat-painelaakeri","7":"desktop-align-left","8":"tablet-align-left","9":"mobile-align-left","11":"first","12":"instock","13":"product-type-external"},"brands":[{"id":157,"name":"RIDEX","slug":"ridex"}],"_links":{"self":[{"href":"https:\/\/www.autonvaraosahaku.fi\/index.php?rest_route=\/wp\/v2\/product\/69596","targetHints":{"allow":["GET"]}}],"collection":[{"href":"https:\/\/www.autonvaraosahaku.fi\/index.php?rest_route=\/wp\/v2\/product"}],"about":[{"href":"https:\/\/www.autonvaraosahaku.fi\/index.php?rest_route=\/wp\/v2\/types\/product"}],"wp:attachment":[{"href":"https:\/\/www.autonvaraosahaku.fi\/index.php?rest_route=%2Fwp%2Fv2%2Fmedia&parent=69596"}],"wp:term":[{"taxonomy":"pwb-brand","embeddable":true,"href":"https:\/\/www.autonvaraosahaku.fi\/index.php?rest_route=%2Fwp%2Fv2%2Fpwb-brand&post=69596"},{"taxonomy":"product_cat","embeddable":true,"href":"https:\/\/www.autonvaraosahaku.fi\/index.php?rest_route=%2Fwp%2Fv2%2Fproduct_cat&post=69596"},{"taxonomy":"product_tag","embeddable":true,"href":"https:\/\/www.autonvaraosahaku.fi\/index.php?rest_route=%2Fwp%2Fv2%2Fproduct_tag&post=69596"}],"curies":[{"name":"wp","href":"https:\/\/api.w.org\/{rel}","templated":true}]}}