{"id":69678,"date":"2021-02-21T19:05:26","date_gmt":"2021-02-21T19:05:26","guid":{"rendered":"https:\/\/www.autonvaraosahaku.fi\/?product=jp-group-1293501300-oljynpaineanturi"},"modified":"2021-02-21T19:05:28","modified_gmt":"2021-02-21T19:05:28","slug":"jp-group-1293501300-oljynpaineanturi","status":"publish","type":"product","link":"https:\/\/www.autonvaraosahaku.fi\/?product=jp-group-1293501300-oljynpaineanturi","title":{"rendered":"JP GROUP 1293501300 \u00d6ljynpaineanturi"},"content":{"rendered":"<p>Kytkent\u00e4paine (bar): 0,3; Kopan v\u00e4ri: Musta; Moottorinumero: D13A; CHEVROLET: CAPTIVA C100, C140,ORLANDO J309,CRUZE J300,CRUZE Station Wagon J308,AVEO Schr\u00e4gheck T300,CRUZE Schr\u00e4gheck J305,AVEO Stufenheck T300; JEEP: RENEGADE Gel\u00e4ndewagen geschlossen BU,CHEROKEE KL; ABARTH: 500 \/ 595 312_,500C \/ 595C 312_; SAAB: 9-3 YS3F,9-5 Kombi YS3E,9-3 Kombi YS3F,9-5 YS3E,9-3 Cabriolet YS3F,9-5 YS3G,9-3X; SUZUKI: SWIFT III MZ, EZ,SWIFT IV FZ, NZ,SPLASH; OPEL: CORSA D,CORSA C F08, F68,ZAFIRA B A05,ASTRA H Caravan L35,MERIVA,ASTRA H L48,ASTRA J Sports Tourer,INSIGNIA Caravan,VECTRA C Caravan,ASTRA J,ASTRA H GTC L08,MERIVA B,SIGNUM,VECTRA C,AGILA A H00,ZAFIRA TOURER C P12,VECTRA C GTS,ANTARA,TIGRA TwinTop,ASTRA H TwinTop L67,INSIGNIA,INSIGNIA Stufenheck,COMBO Kasten\/Kombi,ASTRA GTC J,COMBO Tour,AGILA B H08,ASTRA J Stufenheck,CORSA D Van,CASCADA W13,CORSA C Kasten F08, W5L,ASTRA H Stufenheck L69,COMBO Kasten\/Kombi X12,ASTRA H Kasten L70,COMBO Tour X12,ASTRA CLASSIC L48; LANCIA: YPSILON 843,DELTA III 844,Y 840A,MUSA 350,THESIS 841AX,LYBRA SW 839BX,DELTA I 831AB0,KAPPA 838A,LYBRA 839AX,THEMA 834,DELTA II 836,YPSILON 312, 846,KAPPA SW 838B,KAPPA Coupe 838,DEDRA 835,Y10 156,DEDRA SW 835,THEMA SW 834; FIAT: GRANDE PUNTO 199,PUNTO 188,PANDA 169,DUCATO Kasten 250,500 312,STILO 192,BRAVO II 198,SEICENTO 187,DUCATO Pritsche\/Fahrgestell 250,FREEMONT JF_,DUCATO Pritsche\/Fahrgestell 230,PUNTO EVO 199,DUCATO Bus 250,DUCATO Bus 230,DUCATO Kasten 244,BARCHETTA 183,DOBLO Cargo 223,500 C 312,PUNTO 176,STILO Multi Wagon 192,DOBLO 119,CROMA 194,DUCATO Pritsche\/Fahrgestell 244,DUCATO Kasten 290,DUCATO Pritsche\/Fahrgestell 290,DOBLO Kasten\/Kombi 263,PANDA Van 169,DUCATO Kasten 230L,PUNTO 199,CINQUECENTO 170,PANDA 141A_,DUCATO Bus 244, Z_,IDEA,PANDA 312,COUPE FA\/175,SEDICI,STRADA Pick-up 178E,MULTIPLA 186,QUBO 225,500L,DOBLO Gro\u00dfraumlimousine 152, 263,PUNTO Van 188AX,BRAVO I 182,BRAVA 182,PUNTO Cabriolet 176C,SCUDO Kasten 220L,MAREA Weekend 185,UNO 146A\/E,DUCATO Panorama 290,FIORINO Kasten\/Kombi 225,SCUDO Combinato 220P,PALIO Weekend 178DX,LINEA 323,PUNTO Van 199,FIORINO Kasten 146,SEICENTO Van 187,TIPO 160,DOBLO Pritsche\/Fahrgestell 263,CROMA 154,PANDA Van 141_,STRADA; CITRO\u00cbN: JUMPER Kasten 244,NEMO Kasten AA_,NEMO Kombi,JUMPY U6U,JUMPY Kasten BS_, BT_, BY_, BZ_,JUMPER Kasten 230L,JUMPER Bus 244, Z_,JUMPER Bus 230P,JUMPER Pritsche\/Fahrgestell 244,JUMPER Pritsche\/Fahrgestell 230; ALFA ROMEO: 147 937,159 Sportwagon 939,156 Sportwagon 932,GIULIETTA 940,MITO 955,156 932,159 939,GT 937,SPIDER 916S_,166 936,BRERA,GTV 916C_,SPIDER 939,164 164,145 930,155 167,146 930,33 907A,4C 960,33 Sportwagon 907B,4C SPIDER 960; 55202374, 60593844, 60593845, 60807244, 60808371, 60813321, 7705830, 25180905, 55202374, 113198, 1131C7, 1131J5, 46420838, 4859913, 4859914, 50008757, 500312468, 55202374, 60593844, 60593845, 60808371, 71749462, 7681395, 7705830, 7706596, 1535416, 9S519278AA, 55275013, K68070741AA, K68096456AA, K68275324AA, 4708758, 4818219, 6240251, 6240415, 113198, 1131C7, 1131J5, 55202374, 93177490, 1658279J50000, 1658285E00000, 3782086J00000, 37820N86J00; \u00d6ljynpainekytkin<\/p>\n","protected":false},"excerpt":{"rendered":"<p>JP GROUP \u00d6ljynpaineanturi JP Group 1293501300 \u00d6ljynpainekytkin CHEVROLET,JEEP,ABARTH,CAPTIVA C100, C140,ORLANDO J309,CRUZE J300<\/p>\n","protected":false},"featured_media":0,"template":"","meta":{"site-sidebar-layout":"default","site-content-layout":"default","ast-global-header-display":"","ast-main-header-display":"","ast-hfb-above-header-display":"","ast-hfb-below-header-display":"","ast-hfb-mobile-header-display":"","site-post-title":"","ast-breadcrumbs-content":"","ast-featured-img":"","footer-sml-layout":"","theme-transparent-header-meta":"","adv-header-id-meta":"","stick-header-meta":"","header-above-stick-meta":"","header-main-stick-meta":"","header-below-stick-meta":""},"pwb-brand":[131],"product_cat":[235],"product_tag":[],"class_list":{"0":"post-69678","1":"product","2":"type-product","3":"status-publish","5":"pwb-brand-jp-group","6":"product_cat-oljynpaineanturi","7":"desktop-align-left","8":"tablet-align-left","9":"mobile-align-left","11":"first","12":"instock","13":"product-type-external"},"brands":[{"id":131,"name":"JP GROUP","slug":"jp-group"}],"_links":{"self":[{"href":"https:\/\/www.autonvaraosahaku.fi\/index.php?rest_route=\/wp\/v2\/product\/69678","targetHints":{"allow":["GET"]}}],"collection":[{"href":"https:\/\/www.autonvaraosahaku.fi\/index.php?rest_route=\/wp\/v2\/product"}],"about":[{"href":"https:\/\/www.autonvaraosahaku.fi\/index.php?rest_route=\/wp\/v2\/types\/product"}],"wp:attachment":[{"href":"https:\/\/www.autonvaraosahaku.fi\/index.php?rest_route=%2Fwp%2Fv2%2Fmedia&parent=69678"}],"wp:term":[{"taxonomy":"pwb-brand","embeddable":true,"href":"https:\/\/www.autonvaraosahaku.fi\/index.php?rest_route=%2Fwp%2Fv2%2Fpwb-brand&post=69678"},{"taxonomy":"product_cat","embeddable":true,"href":"https:\/\/www.autonvaraosahaku.fi\/index.php?rest_route=%2Fwp%2Fv2%2Fproduct_cat&post=69678"},{"taxonomy":"product_tag","embeddable":true,"href":"https:\/\/www.autonvaraosahaku.fi\/index.php?rest_route=%2Fwp%2Fv2%2Fproduct_tag&post=69678"}],"curies":[{"name":"wp","href":"https:\/\/api.w.org\/{rel}","templated":true}]}}