{"id":69781,"date":"2021-02-21T19:05:52","date_gmt":"2021-02-21T19:05:52","guid":{"rendered":"https:\/\/www.autonvaraosahaku.fi\/?product=febi-bilstein-06989-jaahdyttimen-tuuletin"},"modified":"2021-02-21T19:05:55","modified_gmt":"2021-02-21T19:05:55","slug":"febi-bilstein-06989-jaahdyttimen-tuuletin","status":"publish","type":"product","link":"https:\/\/www.autonvaraosahaku.fi\/?product=febi-bilstein-06989-jaahdyttimen-tuuletin","title":{"rendered":"FEBI BILSTEIN 06989 J\u00e4\u00e4hdyttimen tuuletin"},"content":{"rendered":"<p>Ulkol\u00e4pimitta [mm]: 280,0; Nimellisteho (W): 60, 100; Liittimi\u00e4: 3; K\u00e4ytt\u00f6: S\u00e4hk\u00f6inen; Siipien m\u00e4\u00e4r\u00e4: 6; Paino [kg]: 2,0, 2,0; Huomioi tekniset tiedot: ; VW: GOLF II 19E, 1G1,PASSAT Variant 3A5, 35I,GOLF I Cabriolet 155,POLO 86C, 80,POLO Coupe 86C, 80,PASSAT 3A2, 35I,POLO Variant 6KV5,POLO CLASSIC 6KV2,SCIROCCO 53B,GOLF I 17,JETTA II 19E, 1G2, 165,PASSAT Variant 32B,POLO CLASSIC 86C, 80,PASSAT 32B,POLO 86,SCIROCCO 53,DERBY 86C, 80,PASSAT 32,DERBY 86,PASSAT Stufenheck 32B,PASSAT Variant 33,SANTANA 32B,GOLF II Van 19E, 1G1; AUDI: 80 89, 89Q, 8A, B3,COUPE 89, 8B,80 81, 85, B2,COUPE 81, 85,80 80, 82, B1,90 81, 85, B2,50 86; SEAT: IBIZA II 6K1,CORDOBA 6K1, 6K2,CORDOBA Vario 6K1; 165949455C, 165959455, 165959455A, 165959455AH, 165959455AJ, 165959455AK, 165959455AN, 165959455B, 165959455C, 165959455E, 165959455F, 165959455G, 165959455K, 165959455L, 165959455M, 165959455N, 171959455E, 171959455F, 191959455, 191959455A, 191959455AA, 191959455AB, 191959455H, 191959455J, 191959455L, 191959455M, 811959455H, 867959455, 867959455A, 867959455B, 867959455C, 893959455A, 165949455C, 165959455, 165959455A, 165959455AH, 165959455AJ, 165959455AK, 165959455AN, 165959455B, 165959455C, 165959455E, 165959455G, 165959455K, 165959455L, 165959455M, 165959455N, 171959455E, 171959455F, 191959455, 191959455A, 191959455AA, 191959455AB, 191959455H, 191959455J, 191959455L, 191959455M, 811959455H, 867959455, 867959455A, 867959455B, 867959455C, 893959455A, 165949455C, 165959455, 165959455A, 165959455AH, 165959455AJ, 165959455AK, 165959455AN, 165959455B, 165959455C, 165959455E, 165959455F, 165959455G, 165959455K, 165959455L, 165959455M, 165959455N, 171959455E, 171959455F, 191959455, 191959&#8230;; Tuuletin, Moottorin J\u00e4\u00e4hdytys<\/p>\n","protected":false},"excerpt":{"rendered":"<p>FEBI BILSTEIN J\u00e4\u00e4hdyttimen Tuuletin 06989 Tuuletin, Moottorin J\u00e4\u00e4hdytys VW,AUDI,SEAT,GOLF II 19E, 1G1,PASSAT Variant 3A5, 35I,GOLF I Cabriolet 155<\/p>\n","protected":false},"featured_media":0,"template":"","meta":{"site-sidebar-layout":"default","site-content-layout":"default","ast-global-header-display":"","ast-main-header-display":"","ast-hfb-above-header-display":"","ast-hfb-below-header-display":"","ast-hfb-mobile-header-display":"","site-post-title":"","ast-breadcrumbs-content":"","ast-featured-img":"","footer-sml-layout":"","theme-transparent-header-meta":"","adv-header-id-meta":"","stick-header-meta":"","header-above-stick-meta":"","header-main-stick-meta":"","header-below-stick-meta":""},"pwb-brand":[50],"product_cat":[313],"product_tag":[],"class_list":{"0":"post-69781","1":"product","2":"type-product","3":"status-publish","5":"pwb-brand-febi-bilstein","6":"product_cat-jaahdyttimen-tuuletin","7":"desktop-align-left","8":"tablet-align-left","9":"mobile-align-left","11":"first","12":"instock","13":"product-type-external"},"brands":[{"id":50,"name":"FEBI BILSTEIN","slug":"febi-bilstein"}],"_links":{"self":[{"href":"https:\/\/www.autonvaraosahaku.fi\/index.php?rest_route=\/wp\/v2\/product\/69781","targetHints":{"allow":["GET"]}}],"collection":[{"href":"https:\/\/www.autonvaraosahaku.fi\/index.php?rest_route=\/wp\/v2\/product"}],"about":[{"href":"https:\/\/www.autonvaraosahaku.fi\/index.php?rest_route=\/wp\/v2\/types\/product"}],"wp:attachment":[{"href":"https:\/\/www.autonvaraosahaku.fi\/index.php?rest_route=%2Fwp%2Fv2%2Fmedia&parent=69781"}],"wp:term":[{"taxonomy":"pwb-brand","embeddable":true,"href":"https:\/\/www.autonvaraosahaku.fi\/index.php?rest_route=%2Fwp%2Fv2%2Fpwb-brand&post=69781"},{"taxonomy":"product_cat","embeddable":true,"href":"https:\/\/www.autonvaraosahaku.fi\/index.php?rest_route=%2Fwp%2Fv2%2Fproduct_cat&post=69781"},{"taxonomy":"product_tag","embeddable":true,"href":"https:\/\/www.autonvaraosahaku.fi\/index.php?rest_route=%2Fwp%2Fv2%2Fproduct_tag&post=69781"}],"curies":[{"name":"wp","href":"https:\/\/api.w.org\/{rel}","templated":true}]}}