{"id":69898,"date":"2021-02-21T19:06:25","date_gmt":"2021-02-21T19:06:25","guid":{"rendered":"https:\/\/www.autonvaraosahaku.fi\/?product=glaser-x00881-01-pakosarjan-tiivisteet"},"modified":"2021-02-21T19:06:26","modified_gmt":"2021-02-21T19:06:26","slug":"glaser-x00881-01-pakosarjan-tiivisteet","status":"publish","type":"product","link":"https:\/\/www.autonvaraosahaku.fi\/?product=glaser-x00881-01-pakosarjan-tiivisteet","title":{"rendered":"GLASER X00881-01 Pakosarjan tiivisteet"},"content":{"rendered":"<p>Paksuus [mm]: 1,5; Tarvittava kappalem\u00e4\u00e4r\u00e4: 4; FIAT: DUCATO Kasten 280,DUCATO Pritsche\/Fahrgestell 280,DUCATO Panorama 280; CITRO\u00cbN: C25 Bus 280_, 290_,CX II,CX I MA,C25 Pritsche\/Fahrgestell 280_, 290_,C25 Kasten 280_, 290_,CX II Break,CX I Break MA,C35 Kasten,C35 Bus,C35 Pick-up; PEUGEOT: J5 Pritsche\/Fahrgestell 280L,J5 Pritsche\/Fahrgestell 290L,J5 Kasten 280L,J5 Bus 290P,J5 Kasten 290L,J5 Bus 280P; 0349F0, 5452930, 5452930, 0349F0; Tiiviste, Pakosarja<\/p>\n","protected":false},"excerpt":{"rendered":"<p>GLASER Pakosarjan Tiivisteet X00881-01 Tiiviste, Pakosarja FIAT,CITRO\u00cbN,PEUGEOT,DUCATO Kasten 280,DUCATO Pritsche\/Fahrgestell 280,DUCATO Panorama 280<\/p>\n","protected":false},"featured_media":0,"template":"","meta":{"site-sidebar-layout":"default","site-content-layout":"default","ast-global-header-display":"","ast-main-header-display":"","ast-hfb-above-header-display":"","ast-hfb-below-header-display":"","ast-hfb-mobile-header-display":"","site-post-title":"","ast-breadcrumbs-content":"","ast-featured-img":"","footer-sml-layout":"","theme-transparent-header-meta":"","adv-header-id-meta":"","stick-header-meta":"","header-above-stick-meta":"","header-main-stick-meta":"","header-below-stick-meta":""},"pwb-brand":[479],"product_cat":[123],"product_tag":[],"class_list":{"0":"post-69898","1":"product","2":"type-product","3":"status-publish","5":"pwb-brand-glaser","6":"product_cat-pakosarjan-tiivisteet","7":"desktop-align-left","8":"tablet-align-left","9":"mobile-align-left","11":"first","12":"instock","13":"product-type-external"},"brands":[{"id":479,"name":"GLASER","slug":"glaser"}],"_links":{"self":[{"href":"https:\/\/www.autonvaraosahaku.fi\/index.php?rest_route=\/wp\/v2\/product\/69898","targetHints":{"allow":["GET"]}}],"collection":[{"href":"https:\/\/www.autonvaraosahaku.fi\/index.php?rest_route=\/wp\/v2\/product"}],"about":[{"href":"https:\/\/www.autonvaraosahaku.fi\/index.php?rest_route=\/wp\/v2\/types\/product"}],"wp:attachment":[{"href":"https:\/\/www.autonvaraosahaku.fi\/index.php?rest_route=%2Fwp%2Fv2%2Fmedia&parent=69898"}],"wp:term":[{"taxonomy":"pwb-brand","embeddable":true,"href":"https:\/\/www.autonvaraosahaku.fi\/index.php?rest_route=%2Fwp%2Fv2%2Fpwb-brand&post=69898"},{"taxonomy":"product_cat","embeddable":true,"href":"https:\/\/www.autonvaraosahaku.fi\/index.php?rest_route=%2Fwp%2Fv2%2Fproduct_cat&post=69898"},{"taxonomy":"product_tag","embeddable":true,"href":"https:\/\/www.autonvaraosahaku.fi\/index.php?rest_route=%2Fwp%2Fv2%2Fproduct_tag&post=69898"}],"curies":[{"name":"wp","href":"https:\/\/api.w.org\/{rel}","templated":true}]}}