{"id":6995,"date":"2021-02-21T13:58:53","date_gmt":"2021-02-21T13:58:53","guid":{"rendered":"https:\/\/www.autonvaraosahaku.fi\/?product=mobil-148370-moottorioljy"},"modified":"2021-02-21T13:58:55","modified_gmt":"2021-02-21T13:58:55","slug":"mobil-148370-moottorioljy","status":"publish","type":"product","link":"https:\/\/www.autonvaraosahaku.fi\/?product=mobil-148370-moottorioljy","title":{"rendered":"MOBIL 148370 Moottori\u00f6ljy"},"content":{"rendered":"<p>Tilavuus (litra): 4; Pakkaustyyppi: Kanisteri; Viskositeettiluokka SAE: 15W-40; Erittely: ACEA E7, ACEA A2, API CG-4, API SL, API SJ, API SH, ACEA B2, API CF-4, API CF, ACEA E3; Valmistajan hyv\u00e4ksym\u00e4: Renault RLD-2, CATERPILLAR ECF-2, CUMMINS CES 20071, CUMMINS CES 20072, CUMMINS CES 20076, CUMMINS CES 20077, Mack EO-M, Renault RLD, MB 228.3, Volvo VDS-3, Ford WSS-M2C171-D, MTU-2; Tuotelinja: Delvac; Versio: MX; AUDI: 100 44, 44Q, C3,90 89, 89Q, 8A, B3; MAZDA: CX-5 KE, GH,MX-5 II NB,323 F VI BJ,PREMACY CP,MX-5 I NA,TRIBUTE EP,3 BM,DEMIO DW,626 V Hatchback GF,626 V GF,626 V Station Wagon GW,323 P V BA,626 IV Hatchback GE,MX-3 EC,FAMILIA VI BJ,3 Stufenheck BM,XEDOS 6 CA,323 C IV BG,FAMILIA IV BF,XEDOS 9 TA,121 III JASM, JBSM,626 IV GE,CX-9 TB,FAMILIA V BA,FAMILIA V BG8,121 II DB,MX-6 GE,626 III GD,FAMILIA IV BG,626 III Hatchback GD,626 III Coupe GD,E-SERIE Kasten SR2,626 III Station Wagon GV,MPV I LV; NISSAN: MICRA III K12,X-TRAIL T30,NOTE E11,ALMERA TINO V10,ALMERA II Hatchback N16,JUKE F15,PATHFINDER R51,MICRA IV K13,PRIMERA Kombi WP12,PIXO UA0,PRIMERA P12,TERRANO II R20,350 Z Z33,MICRA C+C K12,MURANO Z50,PRIMERA Hatchback P12,ALMERA I Hatchback N15,ALMERA Mk II N16,200 SX S13,MICRA I K10,ALMERA I N15,100 NX B13,SERENA C23M,200 SX S14,PRIMERA P10,350 Z Roadster Z33,SUNNY III N14,PULSAR V Schr\u00e4gheck N14,SUNNY III Liftback N14,PRIMERA Hatchback P10,PRIMERA Traveller W10,SUNNY III Traveller Y10,VANETTE CARGO Kasten HC 23,VANETTE CARGO Bus HC 23,SUNNY Kasten Y10,MAXIMA Station Wagon,CABSTAR Pick-up; JEEP: PATRIOT MK74; DAEWOO: KALOS KLAS,MATIZ KLYA,REZZO KLAU,EVANDA KLAL,NUBIRA Stufenheck KLAN,MUSSO FJ; LADA: NIVA 2121; SKODA: FELICIA I Fun 797,FAVORIT 781,FAVORIT Forman 785,FAVORIT Pick-up 787; SUZUKI: SWIFT III MZ, EZ,SWIFT IV FZ, NZ,GRAND VITARA II JT,SX4 EY, GY,SAMURAI SJ,GRAND VITARA I FT,WAGON R+ MM,IGNIS FH,SPLASH,IGNIS II,SWIFT II Schr\u00e4gheck EA, MA,VITARA ET, TA,ALTO HA25, HA35,VITARA Cabrio ET, TA,LIANA Schr\u00e4gheck,ALTO HA24,SX4 S-Cross,LIANA ER,WAGON R+ EM,KIZASHI FR,BALENO Kombi EG,BALENO EG,SX4 Stufenheck GY,BALENO Schr\u00e4gheck EG,WAGON R,SWIFT II Stufenheck AH, AJ,CARRY Kasten FD,IGNIS MF,SWIFT V AZ; SEAT: MARBELLA 28,IBIZA I 021A; CHEVROLET: MATIZ M200, M250,NUBIRA Kombi,EPICA KL1_,LACETTI J200,AVEO Stufenheck T250, T255,REZZO,EVANDA,NUBIRA Stufenheck,SPARK M200 M250<\/p>\n","protected":false},"excerpt":{"rendered":"<p>MOBIL Moottori\u00f6ljy 148370<\/p>\n","protected":false},"featured_media":0,"template":"","meta":{"site-sidebar-layout":"default","site-content-layout":"default","ast-global-header-display":"","ast-main-header-display":"","ast-hfb-above-header-display":"","ast-hfb-below-header-display":"","ast-hfb-mobile-header-display":"","site-post-title":"","ast-breadcrumbs-content":"","ast-featured-img":"","footer-sml-layout":"","theme-transparent-header-meta":"","adv-header-id-meta":"","stick-header-meta":"","header-above-stick-meta":"","header-main-stick-meta":"","header-below-stick-meta":""},"pwb-brand":[128],"product_cat":[129],"product_tag":[],"class_list":{"0":"post-6995","1":"product","2":"type-product","3":"status-publish","5":"pwb-brand-mobil","6":"product_cat-moottorioljy","7":"desktop-align-left","8":"tablet-align-left","9":"mobile-align-left","11":"first","12":"instock","13":"product-type-external"},"brands":[{"id":128,"name":"MOBIL","slug":"mobil"}],"_links":{"self":[{"href":"https:\/\/www.autonvaraosahaku.fi\/index.php?rest_route=\/wp\/v2\/product\/6995","targetHints":{"allow":["GET"]}}],"collection":[{"href":"https:\/\/www.autonvaraosahaku.fi\/index.php?rest_route=\/wp\/v2\/product"}],"about":[{"href":"https:\/\/www.autonvaraosahaku.fi\/index.php?rest_route=\/wp\/v2\/types\/product"}],"wp:attachment":[{"href":"https:\/\/www.autonvaraosahaku.fi\/index.php?rest_route=%2Fwp%2Fv2%2Fmedia&parent=6995"}],"wp:term":[{"taxonomy":"pwb-brand","embeddable":true,"href":"https:\/\/www.autonvaraosahaku.fi\/index.php?rest_route=%2Fwp%2Fv2%2Fpwb-brand&post=6995"},{"taxonomy":"product_cat","embeddable":true,"href":"https:\/\/www.autonvaraosahaku.fi\/index.php?rest_route=%2Fwp%2Fv2%2Fproduct_cat&post=6995"},{"taxonomy":"product_tag","embeddable":true,"href":"https:\/\/www.autonvaraosahaku.fi\/index.php?rest_route=%2Fwp%2Fv2%2Fproduct_tag&post=6995"}],"curies":[{"name":"wp","href":"https:\/\/api.w.org\/{rel}","templated":true}]}}