{"id":70479,"date":"2021-02-21T19:09:08","date_gmt":"2021-02-21T19:09:08","guid":{"rendered":"https:\/\/www.autonvaraosahaku.fi\/?product=ridex-447k0067-ilmastoinnin-kompressori"},"modified":"2021-02-21T19:09:10","modified_gmt":"2021-02-21T19:09:10","slug":"ridex-447k0067-ilmastoinnin-kompressori","status":"publish","type":"product","link":"https:\/\/www.autonvaraosahaku.fi\/?product=ridex-447k0067-ilmastoinnin-kompressori","title":{"rendered":"RIDEX 447K0067 Ilmastoinnin kompressori"},"content":{"rendered":"<p>Hihnapy\u00f6r\u00e4-\u00d8[mm]: 119; Kiinnitysreikien lukum\u00e4\u00e4r\u00e4: 3; kiiloja: 7; \u00d6ljynt\u00e4ytt\u00f6m\u00e4\u00e4r\u00e4 [ml]: 210; Kompressori\u00f6ljy: PAG 46; Nettopaino [kg]: 6,3; Valmistusvuoteen: 06\/2010; NISSAN: X-TRAIL T31,PRIMASTAR Bus X83,PRIMASTAR Kasten X83,NV400 Kasten,NV400 Bus,NV400 Pritsche\/Fahrgestell,NV300 Kasten X82; OPEL: VIVARO Kasten F7,VIVARO Combi J7,MOVANO B Kasten,VIVARO Pritsche\/Fahrgestell E7,MOVANO B Pritsche\/Fahrgestell,VIVARO Combi,VIVARO Pritsche\/Fahrgestell; RENAULT: ESPACE IV JK0\/1_,LAGUNA II Grandtour KG0\/1_,LAGUNA II BG0\/1_,TRAFIC II Bus JL,TRAFIC II Kasten FL,MASTER III Kasten FV,VEL SATIS BJ0_,MASTER III Bus JV,MASTER III Pritsche\/Fahrgestell EV, HV, UV,LATITUDE L70_,TRAFIC II Pritsche\/Fahrgestell EL,TRAFIC III Kasten,TRAFIC III Bus,TRAFIC III Pritsche\/Fahrgestell EG_; VAUXHALL: VIVARO Kasten F7,MOVANO Mk II B VAN,VIVARO Combi,VIVARO Combi J7,VIVARO Pritsche\/Fahrgestell E7,MOVANO Mk II B Chassis\/Cab; 2763000Q0A, 2763000Q3K, 926001DA0A, 926001DA0B, 4422136, 4423365, 4432039, 95599302, 7711368772, 8200454172, 8200846913, 8200848916, 926000378R, 926003460R, 926003641R; AC Kompressori,Kompressori, Ilmastointilaite<\/p>\n","protected":false},"excerpt":{"rendered":"<p>RIDEX Ilmastoinnin Kompressori 447K0067 AC Kompressori,Kompressori, Ilmastointilaite NISSAN,OPEL,RENAULT,X-TRAIL T31,PRIMASTAR Bus X83<\/p>\n","protected":false},"featured_media":0,"template":"","meta":{"site-sidebar-layout":"default","site-content-layout":"default","ast-global-header-display":"","ast-main-header-display":"","ast-hfb-above-header-display":"","ast-hfb-below-header-display":"","ast-hfb-mobile-header-display":"","site-post-title":"","ast-breadcrumbs-content":"","ast-featured-img":"","footer-sml-layout":"","theme-transparent-header-meta":"","adv-header-id-meta":"","stick-header-meta":"","header-above-stick-meta":"","header-main-stick-meta":"","header-below-stick-meta":""},"pwb-brand":[157],"product_cat":[444],"product_tag":[],"class_list":{"0":"post-70479","1":"product","2":"type-product","3":"status-publish","5":"pwb-brand-ridex","6":"product_cat-ilmastoinnin-kompressori","7":"desktop-align-left","8":"tablet-align-left","9":"mobile-align-left","11":"first","12":"instock","13":"product-type-external"},"brands":[{"id":157,"name":"RIDEX","slug":"ridex"}],"_links":{"self":[{"href":"https:\/\/www.autonvaraosahaku.fi\/index.php?rest_route=\/wp\/v2\/product\/70479","targetHints":{"allow":["GET"]}}],"collection":[{"href":"https:\/\/www.autonvaraosahaku.fi\/index.php?rest_route=\/wp\/v2\/product"}],"about":[{"href":"https:\/\/www.autonvaraosahaku.fi\/index.php?rest_route=\/wp\/v2\/types\/product"}],"wp:attachment":[{"href":"https:\/\/www.autonvaraosahaku.fi\/index.php?rest_route=%2Fwp%2Fv2%2Fmedia&parent=70479"}],"wp:term":[{"taxonomy":"pwb-brand","embeddable":true,"href":"https:\/\/www.autonvaraosahaku.fi\/index.php?rest_route=%2Fwp%2Fv2%2Fpwb-brand&post=70479"},{"taxonomy":"product_cat","embeddable":true,"href":"https:\/\/www.autonvaraosahaku.fi\/index.php?rest_route=%2Fwp%2Fv2%2Fproduct_cat&post=70479"},{"taxonomy":"product_tag","embeddable":true,"href":"https:\/\/www.autonvaraosahaku.fi\/index.php?rest_route=%2Fwp%2Fv2%2Fproduct_tag&post=70479"}],"curies":[{"name":"wp","href":"https:\/\/api.w.org\/{rel}","templated":true}]}}