{"id":70952,"date":"2021-02-21T19:11:34","date_gmt":"2021-02-21T19:11:34","guid":{"rendered":"https:\/\/www.autonvaraosahaku.fi\/?product=vaico-v20-7169-alatukivarsi"},"modified":"2021-02-21T19:11:38","modified_gmt":"2021-02-21T19:11:38","slug":"vaico-v20-7169-alatukivarsi","status":"publish","type":"product","link":"https:\/\/www.autonvaraosahaku.fi\/?product=vaico-v20-7169-alatukivarsi","title":{"rendered":"VAICO V20-7169 Alatukivarsi"},"content":{"rendered":"<p>Kierremitta: 14&#215;1,5; Kiinnitysmalli: Kumimetallilaakeri; Ohjausmalli: Poikittaistukivarsi; Asennuspuoli: Takana, Etuakseli, ala, Vasen; Materiaali: Alumiini; Korvaava tuote\/korvaava tiedote 2: laakerilla; Suositellun erikoisty\u00f6kalun tuotenumero: V99-1020; parilliset tuotenumerot: V20-7170; Akselimittaus asennuksen j\u00e4lkeen: ; Paino [kg]: 1,305; Pakkausleveys [cm]: 10; Pakkauskorkeus [mm]: 7; Pakkaussyvyys [cm]: 41; lis\u00e4tieto: CST99; Valmistusvuosi alkaen: 03\/2006; BMW: 5 E60,5 Touring E61; 2347951, 2347963, 31122347951, 31122347963, 31124028607, 31126760181, 31126768297, 4028607, 6760181, 6768297; Tukivarsi,Tukivarsi, Py\u00f6r\u00e4ntuenta<\/p>\n","protected":false},"excerpt":{"rendered":"<p>VAICO Alatukivarsi V20-7169 Tukivarsi,Tukivarsi, Py\u00f6r\u00e4ntuenta BMW,5 E60,5 Touring E61<\/p>\n","protected":false},"featured_media":0,"template":"","meta":{"site-sidebar-layout":"default","site-content-layout":"default","ast-global-header-display":"","ast-main-header-display":"","ast-hfb-above-header-display":"","ast-hfb-below-header-display":"","ast-hfb-mobile-header-display":"","site-post-title":"","ast-breadcrumbs-content":"","ast-featured-img":"","footer-sml-layout":"","theme-transparent-header-meta":"","adv-header-id-meta":"","stick-header-meta":"","header-above-stick-meta":"","header-main-stick-meta":"","header-below-stick-meta":""},"pwb-brand":[330],"product_cat":[62],"product_tag":[],"class_list":{"0":"post-70952","1":"product","2":"type-product","3":"status-publish","5":"pwb-brand-vaico","6":"product_cat-alatukivarsi","7":"desktop-align-left","8":"tablet-align-left","9":"mobile-align-left","11":"first","12":"instock","13":"product-type-external"},"brands":[{"id":330,"name":"VAICO","slug":"vaico"}],"_links":{"self":[{"href":"https:\/\/www.autonvaraosahaku.fi\/index.php?rest_route=\/wp\/v2\/product\/70952","targetHints":{"allow":["GET"]}}],"collection":[{"href":"https:\/\/www.autonvaraosahaku.fi\/index.php?rest_route=\/wp\/v2\/product"}],"about":[{"href":"https:\/\/www.autonvaraosahaku.fi\/index.php?rest_route=\/wp\/v2\/types\/product"}],"wp:attachment":[{"href":"https:\/\/www.autonvaraosahaku.fi\/index.php?rest_route=%2Fwp%2Fv2%2Fmedia&parent=70952"}],"wp:term":[{"taxonomy":"pwb-brand","embeddable":true,"href":"https:\/\/www.autonvaraosahaku.fi\/index.php?rest_route=%2Fwp%2Fv2%2Fpwb-brand&post=70952"},{"taxonomy":"product_cat","embeddable":true,"href":"https:\/\/www.autonvaraosahaku.fi\/index.php?rest_route=%2Fwp%2Fv2%2Fproduct_cat&post=70952"},{"taxonomy":"product_tag","embeddable":true,"href":"https:\/\/www.autonvaraosahaku.fi\/index.php?rest_route=%2Fwp%2Fv2%2Fproduct_tag&post=70952"}],"curies":[{"name":"wp","href":"https:\/\/api.w.org\/{rel}","templated":true}]}}