{"id":71113,"date":"2021-02-21T19:12:22","date_gmt":"2021-02-21T19:12:22","guid":{"rendered":"https:\/\/www.autonvaraosahaku.fi\/?product=denckermann-a210039-oljynsuodatin"},"modified":"2021-02-21T19:12:22","modified_gmt":"2021-02-21T19:12:22","slug":"denckermann-a210039-oljynsuodatin","status":"publish","type":"product","link":"https:\/\/www.autonvaraosahaku.fi\/?product=denckermann-a210039-oljynsuodatin","title":{"rendered":"DENCKERMANN A210039 \u00d6ljynsuodatin"},"content":{"rendered":"<p>Ulkol\u00e4pimitta 1 [mm]: 80; Sis\u00e4l\u00e4pimitta 1 [mm]: 63; Sis\u00e4l\u00e4pimitta 2 [mm]: 55; Kierremitta: M20X1.5; Korkeus (mm): 76; Valmistusvuoteen: 11\/2010; MAZDA: 5 CR19,3 BK,6 Station Wagon GY,6 Kombi GH,323 F VI BJ,PREMACY CP,CX-7 ER,6 Hatchback GG,6 GG,3 BL,6 Schr\u00e4gheck GH,626 V Hatchback GF,3 Stufenheck BK,6 GH,MPV II LW,626 V GF,626 V Station Wagon GW,323 P V BA,3 Stufenheck BL,FAMILIA VI BJ,FAMILIA V BG8,323 III Hatchback BF,E-SERIE Kasten SR2,626 II GC,626 II Hatchback GC,323 III BF,323 III Station Wagon BW; KIA: SORENTO I JC,SPORTAGE SL,CEE&#8217;D SW ED,CEE&#8217;D Schr\u00e4gheck ED,SPORTAGE JE_, KM_,VENGA YN,SORENTO II XM,CARENS II FJ,RIO III UB,RIO II JB,CEE&#8217;D JD,CARENS III UN,CARNIVAL II GQ,CARNIVAL \/ GRAND CARNIVAL III VQ,PRO CEE&#8217;D ED,SOUL AM,CERATO LD,MAGENTIS GD,MAGENTIS MG,PRO CEE\u00b4D JD,OPIRUS GH,SPORTAGE K00,CERATO Stufenheck LD,RIO II Stufenheck JB,OPTIMA,JOICE,RETONA CE,RIO III Stufenheck UB,SPORTAGE QL,SOUL II PS,NIRO,OPTIMA Sportswagon; SUBARU: LEGACY IV Station Wagon BL, BP, B13_,OUTBACK BL, BP,LEGACY IV BL, BP,OUTBACK BE, BH,OUTBACK BM, BR,TRIBECA B9; OPEL: CAMPO TF_,MONTEREY A UBS_,MONTEREY B; SMART: FORFOUR 454; HYUNDAI: ix35 LM, EL, ELH,i30 FD,GETZ TB,i20 PB, PBT,TUCSON JM,i30 CW FD,i40 CW VF,SANTA F\u00c9 I SM,SANTA F\u00c9 II CM,i30 GD,ix20 JC,MATRIX FC,COUPE GK,TRAJET FO,SONATA V NF,GALLOPER II JK-01,i30 Coupe,SONATA IV EF,GENESIS Coupe,ACCENT II LC,COUPE RD,VELOSTER FS,i40 VF,H-1 Kasten,ACCENT III MC,H-1 \/ STAREX,ELANTRA XD,ACCENT III Stufenheck MC,ELANTRA Stufenheck XD,ACCENT I X-3,ACCENT II Stufenheck LC,XG XG,LANTRA II Wagon J-2,LANTRA II J-2,SANTAMO,ACCENT Stufenheck X-3,SONATA III Y-3,GALLOPER I,PONY X-2,LANTRA I J-1,TUCSON,S COUPE SLC,H100 Bus P,SONATA VI YF,PONY \/ EXCEL Stufenheck X-2,SONATA II Y-2,ACCENT IV Stufenheck RB,i30 PDE,IONIQ AE,i30 Kombi PDE,PONY,KONA OS,i30 FASTBACK PDE,PONY Stufenheck X-1,ELANTRA Stufenheck AD,PONY Wagon; MITSUBISHI: COLT VI Z3_A, Z2_A,GRANDIS NA_W,OUTLANDER I CU_W,LANCER Kombi CS_W,LANCER SPORTBACK CX_A,COLT CZC Cabriolet RG,LANCER Stufenheck CY\/Z_A,PAJERO III V7_W, V6_W,GALANT VI Station Wagon EA_,GALANT VI EA_,PAJERO IV V8_W, V9_W,SPACE WAGON N9_W, N8_W,L 200 K7_T, K6_T,PAJERO II V3_W, V2_W, V4_W,LANCER Stufenheck CS_A, CT0,L 300 Bus P0_W, P1_W, P2_W,PAJERO SPORT K90,SPACE RUNNER N6_W,PAJERO I L04_G, L14_G,SPACE RUNNER N1_W, N2_W,L 400 \/ SPACE GEAR Bus PD_W, PC_W, PA_V, PB_V,COLT III C5_A,LANCER VI CJ-CP_,3000 GT Z16A,L 300 Pritsche\/Fahrgestell L03_P,L 300 Kasten L03_P,SIGMA F2_A, F1_A,GALANT IV E3_A,LANCER V CB\/D_A,GALANT IV Stufenheck E3_A,LANCER IV C6_A, C7_A,L 300 Kasten P0_W, P1_W,L 300 Bus LO3_P\/G, L0_2P,PAJERO I Canvas Top L04_G,L 200 K3_T, K2_T, K1_T, K0_T,SIGMA Station Wagon F0_W,STARION A18_A,PAJERO II Canvas Top V2_W, V4_W,COLT II C1_A,LANCER III Station Wagon C1_V, C3_V,GALANT III E1_A,COLT I A15_A,LANCER IV Stufenheck C6_A,SANTAMO,SPACE WAGON D0_V\/W,LANCER I A17; ASIA MOTORS: ROCSTA; LOTUS: ELAN; ISUZU: TROOPER,TROOPER Soft Top UBS,TROOPER UB,CAMPO KB,TROOPER Soft Top,MIDI Bus 94000, 98000,MIDI Kasten 98000N,TROOPER Soft Top UB,MIDI Van 94000, 98000,GEMINI JT,IMPULSE,GEMINI Stufenheck,PIAZZA JR_; X120, X580, X88, X92, 3252742, 5012574, 5021023, 2630011100, 2630021010, 2630021A00, 2630035054, 2630035056, 2630035500, 2630035501, 2630035502, 2630035503, S2630035503, 8941010210, 8942017422, 894201942, 8942019422, 8942019423, 8942432700, 894243502, 8942435020, 8942435021, 8942511100, 894430411, 8944304111, 8944567412, 897209306, 8972093060, 8972093062, 89720930620, 94201942, M38165, 0RF0323802, 0RF0323802A, 2630035501, 2630035502, 2630035503, 2630035504, KKY0114302, KKYO114302, ORF0323802, ORF0323802A, ORF0323802B, S2630035503, AM0114300, B6Y014302, RF0123802, RF01238029A, RF0123802A, RF0123802A9A, RF2A14302, RF2A14302A, RF7914302, RFY214302, RFY2143029A, RFY514302, 1230A153, 2630021010, 4063396, D001450, K4662010, K486201, K9665400, MD001445, MD007095, MD007360, MD017440, MD030795, MD031805, MD061445, MD069982, MD071462, MD071462A, MD084693, MD097003, MD136466, MD136790, MD322508, MD352626, MD356000, MZ690150, XD00145, 5650304, 650306, 650393, PW510253, 1221800110, 15208AA031, 94&#8230;<\/p>\n","protected":false},"excerpt":{"rendered":"<p>DENCKERMANN \u00d6ljynsuodatin A210039  MAZDA,KIA,SUBARU,5 CR19,3 BK,6 Station Wagon GY,6 Kombi GH,323 F VI BJ,PREMACY CP,CX-7 ER,6 Hatchback GG,6 GG,3 BL<\/p>\n","protected":false},"featured_media":0,"template":"","meta":{"site-sidebar-layout":"default","site-content-layout":"default","ast-global-header-display":"","ast-main-header-display":"","ast-hfb-above-header-display":"","ast-hfb-below-header-display":"","ast-hfb-mobile-header-display":"","site-post-title":"","ast-breadcrumbs-content":"","ast-featured-img":"","footer-sml-layout":"","theme-transparent-header-meta":"","adv-header-id-meta":"","stick-header-meta":"","header-above-stick-meta":"","header-main-stick-meta":"","header-below-stick-meta":""},"pwb-brand":[291],"product_cat":[30],"product_tag":[],"class_list":{"0":"post-71113","1":"product","2":"type-product","3":"status-publish","5":"pwb-brand-denckermann","6":"product_cat-oljynsuodatin","7":"desktop-align-left","8":"tablet-align-left","9":"mobile-align-left","11":"first","12":"instock","13":"product-type-external"},"brands":[{"id":291,"name":"DENCKERMANN","slug":"denckermann"}],"_links":{"self":[{"href":"https:\/\/www.autonvaraosahaku.fi\/index.php?rest_route=\/wp\/v2\/product\/71113","targetHints":{"allow":["GET"]}}],"collection":[{"href":"https:\/\/www.autonvaraosahaku.fi\/index.php?rest_route=\/wp\/v2\/product"}],"about":[{"href":"https:\/\/www.autonvaraosahaku.fi\/index.php?rest_route=\/wp\/v2\/types\/product"}],"wp:attachment":[{"href":"https:\/\/www.autonvaraosahaku.fi\/index.php?rest_route=%2Fwp%2Fv2%2Fmedia&parent=71113"}],"wp:term":[{"taxonomy":"pwb-brand","embeddable":true,"href":"https:\/\/www.autonvaraosahaku.fi\/index.php?rest_route=%2Fwp%2Fv2%2Fpwb-brand&post=71113"},{"taxonomy":"product_cat","embeddable":true,"href":"https:\/\/www.autonvaraosahaku.fi\/index.php?rest_route=%2Fwp%2Fv2%2Fproduct_cat&post=71113"},{"taxonomy":"product_tag","embeddable":true,"href":"https:\/\/www.autonvaraosahaku.fi\/index.php?rest_route=%2Fwp%2Fv2%2Fproduct_tag&post=71113"}],"curies":[{"name":"wp","href":"https:\/\/api.w.org\/{rel}","templated":true}]}}