{"id":71314,"date":"2021-02-21T19:13:20","date_gmt":"2021-02-21T19:13:20","guid":{"rendered":"https:\/\/www.autonvaraosahaku.fi\/?product=trw-gdb3548-jarrupalat"},"modified":"2021-02-21T19:13:21","modified_gmt":"2021-02-21T19:13:21","slug":"trw-gdb3548-jarrupalat","status":"publish","type":"product","link":"https:\/\/www.autonvaraosahaku.fi\/?product=trw-gdb3548-jarrupalat","title":{"rendered":"TRW GDB3548 Jarrupalat"},"content":{"rendered":"<p>Valmistaja rajaus: MANDO; Kulumisenilmaisimen liitos: akustisella kulumavaroittimella; Pituus (mm): 133,0; Korkeus (mm): 58,2; Paksuus [mm]: 17,8; Tarkistuskilpi: E1190R-02A0918\/15697; M\u00e4\u00e4r\u00e4yksikk\u00f6: Akselisarja; lis\u00e4tieto: COTEC; Asennuspuoli: Vorderachse; HYUNDAI: ACCENT IV RB,ACCENT IV Stufenheck RB; KIA: RIO III UB,RIO III Stufenheck UB,RIO IV YB; 581011RA05, 581014LA00, 581011WA05, 581011WA35, 581014LA00; Jarrupalasarja,Jarrupala, Levyjarru<\/p>\n","protected":false},"excerpt":{"rendered":"<p>TRW Jarrupalat GDB3548 Jarrupalasarja,Jarrupala, Levyjarru HYUNDAI,KIA,ACCENT IV RB,ACCENT IV Stufenheck RB,RIO III UB,RIO III Stufenheck UB,RIO IV YB<\/p>\n","protected":false},"featured_media":0,"template":"","meta":{"site-sidebar-layout":"default","site-content-layout":"default","ast-global-header-display":"","ast-main-header-display":"","ast-hfb-above-header-display":"","ast-hfb-below-header-display":"","ast-hfb-mobile-header-display":"","site-post-title":"","ast-breadcrumbs-content":"","ast-featured-img":"","footer-sml-layout":"","theme-transparent-header-meta":"","adv-header-id-meta":"","stick-header-meta":"","header-above-stick-meta":"","header-main-stick-meta":"","header-below-stick-meta":""},"pwb-brand":[332],"product_cat":[100],"product_tag":[],"class_list":{"0":"post-71314","1":"product","2":"type-product","3":"status-publish","5":"pwb-brand-trw","6":"product_cat-jarrupalat","7":"desktop-align-left","8":"tablet-align-left","9":"mobile-align-left","11":"first","12":"instock","13":"product-type-external"},"brands":[{"id":332,"name":"TRW","slug":"trw"}],"_links":{"self":[{"href":"https:\/\/www.autonvaraosahaku.fi\/index.php?rest_route=\/wp\/v2\/product\/71314","targetHints":{"allow":["GET"]}}],"collection":[{"href":"https:\/\/www.autonvaraosahaku.fi\/index.php?rest_route=\/wp\/v2\/product"}],"about":[{"href":"https:\/\/www.autonvaraosahaku.fi\/index.php?rest_route=\/wp\/v2\/types\/product"}],"wp:attachment":[{"href":"https:\/\/www.autonvaraosahaku.fi\/index.php?rest_route=%2Fwp%2Fv2%2Fmedia&parent=71314"}],"wp:term":[{"taxonomy":"pwb-brand","embeddable":true,"href":"https:\/\/www.autonvaraosahaku.fi\/index.php?rest_route=%2Fwp%2Fv2%2Fpwb-brand&post=71314"},{"taxonomy":"product_cat","embeddable":true,"href":"https:\/\/www.autonvaraosahaku.fi\/index.php?rest_route=%2Fwp%2Fv2%2Fproduct_cat&post=71314"},{"taxonomy":"product_tag","embeddable":true,"href":"https:\/\/www.autonvaraosahaku.fi\/index.php?rest_route=%2Fwp%2Fv2%2Fproduct_tag&post=71314"}],"curies":[{"name":"wp","href":"https:\/\/api.w.org\/{rel}","templated":true}]}}