{"id":71873,"date":"2021-02-21T19:17:06","date_gmt":"2021-02-21T19:17:06","guid":{"rendered":"https:\/\/www.autonvaraosahaku.fi\/?product=mapco-61561-oljynsuodatin"},"modified":"2021-02-21T19:17:13","modified_gmt":"2021-02-21T19:17:13","slug":"mapco-61561-oljynsuodatin","status":"publish","type":"product","link":"https:\/\/www.autonvaraosahaku.fi\/?product=mapco-61561-oljynsuodatin","title":{"rendered":"MAPCO 61561 \u00d6ljynsuodatin"},"content":{"rendered":"<p>Suodatintyyppi: Ruuvattava suodatin; Ulkol\u00e4pimitta [mm]: 66; Sis\u00e4l\u00e4pimitta [mm]: 54; Korkeus (mm): 65; Kierremitta: 3\/4-16 UNF; Valmistusvuoteen: 12\/2000; CHEVROLET: MATIZ M200, M250,AVEO Schr\u00e4gheck T250, T255,AVEO Stufenheck T250, T255,SPARK M200 M250,AVEO Schr\u00e4gheck T200; DAEWOO: KALOS KLAS,MATIZ KLYA,LEGANZA KLAV,TICO KLY3; DAIHATSU: CUORE VII L251,CUORE VIII,TERIOS J2_,TREVIS,SIRION M1,YRV M2,TERIOS J1,HIJET Kasten S85,CUORE IV L501,COPEN L880_, L881_,FEROZA Soft Top F300,MOVE L6, L9,SPORTRAK F300,GRAN MOVE G3,MOVE L6_,CHARADE IV G200, G202,CHARADE III G100, G101, G102,CUORE III L201,CUORE II L80, L81,APPLAUSE II A101,APPLAUSE I A101, A111,CHARADE II G11, G30,CUORE I L55, L60,HIJET Bus S85,CHARADE IV Stufenheck G203,HIJET Pick-up,CHARADE I G10,HIJET Bus,HIJET Kasten,EXTOL Bus S22_, S23_,CHARADE III Stufenheck G102,SPARCAR Bus S7_,SPARCAR Kasten S7_; SUZUKI: SWIFT IV FZ, NZ,SAMURAI SJ,SPLASH,SWIFT II Schr\u00e4gheck EA, MA,ALTO HA25, HA35,ALTO HA24,WAGON R+ EM,LJ 80,BALENO Kombi EG,BALENO EG,BALENO Schr\u00e4gheck EG,SJ 410 Cabrio,ALTO HA12, HA23,SJ 410,ALTO HA11,X-90 EL,SWIFT I AA,WAGON R,SWIFT Cabriolet SF413,SWIFT II Stufenheck AH, AJ,CARRY Kasten FD,SUPER CARRY Bus ED,CAPPUCINO EA,ALTO,ALTO SS80,CARRY Kasten ST90V; OPEL: AGILA B H08; SUBARU: JUSTY II JMA, MS; TOYOTA: STARLET _P7_,TERCEL _L1_, _L2_; PIAGGIO: PORTER Pritsche\/Fahrgestell,PORTER Kasten; 96565412, 96570765, 1560187107, 1560187107000, 1560187107LOC, 1560187204, 1560187700, 1560187703, 1560187703000, 1560187704, 1560197202, 4708878, 1651060B11, 1651060B11000, 1651081420, 1651081420000, 1651082701, 1651082702, 1651082703<\/p>\n","protected":false},"excerpt":{"rendered":"<p>MAPCO \u00d6ljynsuodatin 61561  CHEVROLET,DAEWOO,DAIHATSU,MATIZ M200, M250,AVEO Schr\u00e4gheck T250, T255,AVEO Stufenheck T250, T255,SPARK M200 M250<\/p>\n","protected":false},"featured_media":0,"template":"","meta":{"site-sidebar-layout":"default","site-content-layout":"default","ast-global-header-display":"","ast-main-header-display":"","ast-hfb-above-header-display":"","ast-hfb-below-header-display":"","ast-hfb-mobile-header-display":"","site-post-title":"","ast-breadcrumbs-content":"","ast-featured-img":"","footer-sml-layout":"","theme-transparent-header-meta":"","adv-header-id-meta":"","stick-header-meta":"","header-above-stick-meta":"","header-main-stick-meta":"","header-below-stick-meta":""},"pwb-brand":[36],"product_cat":[30],"product_tag":[],"class_list":{"0":"post-71873","1":"product","2":"type-product","3":"status-publish","5":"pwb-brand-mapco","6":"product_cat-oljynsuodatin","7":"desktop-align-left","8":"tablet-align-left","9":"mobile-align-left","11":"first","12":"instock","13":"product-type-external"},"brands":[{"id":36,"name":"MAPCO","slug":"mapco"}],"_links":{"self":[{"href":"https:\/\/www.autonvaraosahaku.fi\/index.php?rest_route=\/wp\/v2\/product\/71873","targetHints":{"allow":["GET"]}}],"collection":[{"href":"https:\/\/www.autonvaraosahaku.fi\/index.php?rest_route=\/wp\/v2\/product"}],"about":[{"href":"https:\/\/www.autonvaraosahaku.fi\/index.php?rest_route=\/wp\/v2\/types\/product"}],"wp:attachment":[{"href":"https:\/\/www.autonvaraosahaku.fi\/index.php?rest_route=%2Fwp%2Fv2%2Fmedia&parent=71873"}],"wp:term":[{"taxonomy":"pwb-brand","embeddable":true,"href":"https:\/\/www.autonvaraosahaku.fi\/index.php?rest_route=%2Fwp%2Fv2%2Fpwb-brand&post=71873"},{"taxonomy":"product_cat","embeddable":true,"href":"https:\/\/www.autonvaraosahaku.fi\/index.php?rest_route=%2Fwp%2Fv2%2Fproduct_cat&post=71873"},{"taxonomy":"product_tag","embeddable":true,"href":"https:\/\/www.autonvaraosahaku.fi\/index.php?rest_route=%2Fwp%2Fv2%2Fproduct_tag&post=71873"}],"curies":[{"name":"wp","href":"https:\/\/api.w.org\/{rel}","templated":true}]}}