{"id":72099,"date":"2021-02-21T19:18:59","date_gmt":"2021-02-21T19:18:59","guid":{"rendered":"https:\/\/www.autonvaraosahaku.fi\/?product=trw-df2579s-jarrulevyt"},"modified":"2021-02-21T19:19:00","modified_gmt":"2021-02-21T19:19:00","slug":"trw-df2579s-jarrulevyt","status":"publish","type":"product","link":"https:\/\/www.autonvaraosahaku.fi\/?product=trw-df2579s-jarrulevyt","title":{"rendered":"TRW DF2579S Jarrulevyt"},"content":{"rendered":"<p>Pinta: Lakattu; Korkeus (mm): 79,0; Jarrulevytyyppi: Vakiomalli; Ulkol\u00e4pimitta [mm]: 238,5; Jarrulevyn paksuus (mm): 16; V\u00e4himm\u00e4ispaksuus (mm): 14,5; keskitt\u00e4misl\u00e4pimitta [mm]: 102; Reikien m\u00e4\u00e4r\u00e4: 5; Kierremitta: 17,0; Reik\u00e4ympyr\u00e4-\u00d8 [mm]: 140; V\u00e4ri: Musta; Asennuspuoli: Vorderachse; MERCEDES-BENZ: 100 Bus 631,100 Kasten 631,100 Pritsche\/Fahrgestell 631; 6314200372, 6314200772, A6314200372, A6314200772; Jarrulevy<\/p>\n","protected":false},"excerpt":{"rendered":"<p>TRW Jarrulevyt DF2579S Jarrulevy MERCEDES-BENZ,100 Bus 631,100 Kasten 631,100 Pritsche\/Fahrgestell 631<\/p>\n","protected":false},"featured_media":0,"template":"","meta":{"site-sidebar-layout":"default","site-content-layout":"default","ast-global-header-display":"","ast-main-header-display":"","ast-hfb-above-header-display":"","ast-hfb-below-header-display":"","ast-hfb-mobile-header-display":"","site-post-title":"","ast-breadcrumbs-content":"","ast-featured-img":"","footer-sml-layout":"","theme-transparent-header-meta":"","adv-header-id-meta":"","stick-header-meta":"","header-above-stick-meta":"","header-main-stick-meta":"","header-below-stick-meta":""},"pwb-brand":[332],"product_cat":[66],"product_tag":[],"class_list":{"0":"post-72099","1":"product","2":"type-product","3":"status-publish","5":"pwb-brand-trw","6":"product_cat-jarrulevyt","7":"desktop-align-left","8":"tablet-align-left","9":"mobile-align-left","11":"first","12":"instock","13":"product-type-external"},"brands":[{"id":332,"name":"TRW","slug":"trw"}],"_links":{"self":[{"href":"https:\/\/www.autonvaraosahaku.fi\/index.php?rest_route=\/wp\/v2\/product\/72099","targetHints":{"allow":["GET"]}}],"collection":[{"href":"https:\/\/www.autonvaraosahaku.fi\/index.php?rest_route=\/wp\/v2\/product"}],"about":[{"href":"https:\/\/www.autonvaraosahaku.fi\/index.php?rest_route=\/wp\/v2\/types\/product"}],"wp:attachment":[{"href":"https:\/\/www.autonvaraosahaku.fi\/index.php?rest_route=%2Fwp%2Fv2%2Fmedia&parent=72099"}],"wp:term":[{"taxonomy":"pwb-brand","embeddable":true,"href":"https:\/\/www.autonvaraosahaku.fi\/index.php?rest_route=%2Fwp%2Fv2%2Fpwb-brand&post=72099"},{"taxonomy":"product_cat","embeddable":true,"href":"https:\/\/www.autonvaraosahaku.fi\/index.php?rest_route=%2Fwp%2Fv2%2Fproduct_cat&post=72099"},{"taxonomy":"product_tag","embeddable":true,"href":"https:\/\/www.autonvaraosahaku.fi\/index.php?rest_route=%2Fwp%2Fv2%2Fproduct_tag&post=72099"}],"curies":[{"name":"wp","href":"https:\/\/api.w.org\/{rel}","templated":true}]}}