{"id":72293,"date":"2021-02-21T19:20:42","date_gmt":"2021-02-21T19:20:42","guid":{"rendered":"https:\/\/www.autonvaraosahaku.fi\/?product=optimal-602883bs1-jarrulevyt"},"modified":"2021-02-21T19:20:47","modified_gmt":"2021-02-21T19:20:47","slug":"optimal-602883bs1-jarrulevyt","status":"publish","type":"product","link":"https:\/\/www.autonvaraosahaku.fi\/?product=optimal-602883bs1-jarrulevyt","title":{"rendered":"OPTIMAL 602883BS1 Jarrulevyt"},"content":{"rendered":"<p>Asennuspuoli: Oikea, Vasen, Taka-akseli; Jarrulevytyyppi: Vakiomalli; Jarrulevyn paksuus (mm): 9; Ulkol\u00e4pimitta [mm]: 249; Pinta: pinnoitettu; Korvaava tuote\/korvaava tiedote 2: integroidulla ABS-sensorilla, integroidulla py\u00f6r\u00e4nlaakerilla; Aukkov\u00e4li 1 \/ aukkov\u00e4li 2: 4&#215;108; Leveys (mm): 69,2; Reik\u00e4-\u00d8 [mm]: 30; Kierremitta: M12x1.25; V\u00e4himm\u00e4ispaksuus (mm): 8; Reik\u00e4kuvio\/-m\u00e4\u00e4r\u00e4: 4\/4; Sis\u00e4l\u00e4pimitta [mm]: 30; Valmistusvuosi alkaen: 09\/2006; OPEL: CROSSLAND X; CITRO\u00cbN: C4 I LC_,DS3,C3 Picasso,C3 II,C4 Coupe LA_,C4 Stufenheck L,DS3 Cabriolet,C4 CACTUS,C3 III SX,C3 AIRCROSS II; PEUGEOT: 207 WA_, WC_,307 SW 3H,207 CC WD_,307 CC 3B,307 3A\/C,207 SW WK_,208,307 Break 3E,2008,207 Stufenheck,207 Van,208 Kasten; DS: DS 3,DS 3 Cabriolet; VAUXHALL: CROSSLAND X; 1619237980, 424919, 424932, 9657345180, E169512, 3648487, 424919, 424932, 9657345180; Jarrulevy<\/p>\n","protected":false},"excerpt":{"rendered":"<p>OPTIMAL Jarrulevyt 602883BS1 Jarrulevy OPEL,CITRO\u00cbN,PEUGEOT,CROSSLAND X,C4 I LC_,DS3,C3 Picasso,C3 II,C4 Coupe LA_,C4 Stufenheck L,DS3 Cabriolet<\/p>\n","protected":false},"featured_media":0,"template":"","meta":{"site-sidebar-layout":"default","site-content-layout":"default","ast-global-header-display":"","ast-main-header-display":"","ast-hfb-above-header-display":"","ast-hfb-below-header-display":"","ast-hfb-mobile-header-display":"","site-post-title":"","ast-breadcrumbs-content":"","ast-featured-img":"","footer-sml-layout":"","theme-transparent-header-meta":"","adv-header-id-meta":"","stick-header-meta":"","header-above-stick-meta":"","header-main-stick-meta":"","header-below-stick-meta":""},"pwb-brand":[307],"product_cat":[66],"product_tag":[],"class_list":{"0":"post-72293","1":"product","2":"type-product","3":"status-publish","5":"pwb-brand-optimal","6":"product_cat-jarrulevyt","7":"desktop-align-left","8":"tablet-align-left","9":"mobile-align-left","11":"first","12":"instock","13":"product-type-external"},"brands":[{"id":307,"name":"OPTIMAL","slug":"optimal"}],"_links":{"self":[{"href":"https:\/\/www.autonvaraosahaku.fi\/index.php?rest_route=\/wp\/v2\/product\/72293","targetHints":{"allow":["GET"]}}],"collection":[{"href":"https:\/\/www.autonvaraosahaku.fi\/index.php?rest_route=\/wp\/v2\/product"}],"about":[{"href":"https:\/\/www.autonvaraosahaku.fi\/index.php?rest_route=\/wp\/v2\/types\/product"}],"wp:attachment":[{"href":"https:\/\/www.autonvaraosahaku.fi\/index.php?rest_route=%2Fwp%2Fv2%2Fmedia&parent=72293"}],"wp:term":[{"taxonomy":"pwb-brand","embeddable":true,"href":"https:\/\/www.autonvaraosahaku.fi\/index.php?rest_route=%2Fwp%2Fv2%2Fpwb-brand&post=72293"},{"taxonomy":"product_cat","embeddable":true,"href":"https:\/\/www.autonvaraosahaku.fi\/index.php?rest_route=%2Fwp%2Fv2%2Fproduct_cat&post=72293"},{"taxonomy":"product_tag","embeddable":true,"href":"https:\/\/www.autonvaraosahaku.fi\/index.php?rest_route=%2Fwp%2Fv2%2Fproduct_tag&post=72293"}],"curies":[{"name":"wp","href":"https:\/\/api.w.org\/{rel}","templated":true}]}}