{"id":72367,"date":"2021-02-21T19:21:12","date_gmt":"2021-02-21T19:21:12","guid":{"rendered":"https:\/\/www.autonvaraosahaku.fi\/?product=trw-db4443-jarrurumpu"},"modified":"2021-02-21T19:21:14","modified_gmt":"2021-02-21T19:21:14","slug":"trw-db4443-jarrurumpu","status":"publish","type":"product","link":"https:\/\/www.autonvaraosahaku.fi\/?product=trw-db4443-jarrurumpu","title":{"rendered":"TRW DB4443 Jarrurumpu"},"content":{"rendered":"<p>Rumpul\u00e4pimitta: 203; J-rumpu sis\u00e4leveys [mm]: 47; J-rumpu ulkoleveys [mm]: 57,5; keskitt\u00e4misl\u00e4pimitta [mm]: 69; Jarrurummun ulkol\u00e4pim. [mm]: 219; Reik\u00e4ympyr\u00e4-\u00d8 [mm]: 114,3; Suurin mahdollinen rummun sis\u00e4mitta (mm): 204,4; Reikien m\u00e4\u00e4r\u00e4: 4; Kierre 1: 12,7; kierre 2: M8x1,25; Asennuspuoli: Hinterachse; MITSUBISHI: COLT VI Z3_A, Z2_A; SMART: FORFOUR 454; 4615A012, 4544230101, A4544230101<\/p>\n","protected":false},"excerpt":{"rendered":"<p>TRW Jarrurumpu DB4443  MITSUBISHI,SMART,COLT VI Z3_A, Z2_A,FORFOUR 454<\/p>\n","protected":false},"featured_media":0,"template":"","meta":{"site-sidebar-layout":"default","site-content-layout":"default","ast-global-header-display":"","ast-main-header-display":"","ast-hfb-above-header-display":"","ast-hfb-below-header-display":"","ast-hfb-mobile-header-display":"","site-post-title":"","ast-breadcrumbs-content":"","ast-featured-img":"","footer-sml-layout":"","theme-transparent-header-meta":"","adv-header-id-meta":"","stick-header-meta":"","header-above-stick-meta":"","header-main-stick-meta":"","header-below-stick-meta":""},"pwb-brand":[332],"product_cat":[304],"product_tag":[],"class_list":{"0":"post-72367","1":"product","2":"type-product","3":"status-publish","5":"pwb-brand-trw","6":"product_cat-jarrurumpu","7":"desktop-align-left","8":"tablet-align-left","9":"mobile-align-left","11":"first","12":"instock","13":"product-type-external"},"brands":[{"id":332,"name":"TRW","slug":"trw"}],"_links":{"self":[{"href":"https:\/\/www.autonvaraosahaku.fi\/index.php?rest_route=\/wp\/v2\/product\/72367","targetHints":{"allow":["GET"]}}],"collection":[{"href":"https:\/\/www.autonvaraosahaku.fi\/index.php?rest_route=\/wp\/v2\/product"}],"about":[{"href":"https:\/\/www.autonvaraosahaku.fi\/index.php?rest_route=\/wp\/v2\/types\/product"}],"wp:attachment":[{"href":"https:\/\/www.autonvaraosahaku.fi\/index.php?rest_route=%2Fwp%2Fv2%2Fmedia&parent=72367"}],"wp:term":[{"taxonomy":"pwb-brand","embeddable":true,"href":"https:\/\/www.autonvaraosahaku.fi\/index.php?rest_route=%2Fwp%2Fv2%2Fpwb-brand&post=72367"},{"taxonomy":"product_cat","embeddable":true,"href":"https:\/\/www.autonvaraosahaku.fi\/index.php?rest_route=%2Fwp%2Fv2%2Fproduct_cat&post=72367"},{"taxonomy":"product_tag","embeddable":true,"href":"https:\/\/www.autonvaraosahaku.fi\/index.php?rest_route=%2Fwp%2Fv2%2Fproduct_tag&post=72367"}],"curies":[{"name":"wp","href":"https:\/\/api.w.org\/{rel}","templated":true}]}}