{"id":72625,"date":"2021-02-21T19:22:44","date_gmt":"2021-02-21T19:22:44","guid":{"rendered":"https:\/\/www.autonvaraosahaku.fi\/?product=ridex-689c0245-sytytyspuola"},"modified":"2021-02-21T19:22:46","modified_gmt":"2021-02-21T19:22:46","slug":"ridex-689c0245-sytytyspuola","status":"publish","type":"product","link":"https:\/\/www.autonvaraosahaku.fi\/?product=ridex-689c0245-sytytyspuola","title":{"rendered":"RIDEX 689C0245 Sytytyspuola"},"content":{"rendered":"<p>Pituus (mm): 82; Leveys (mm): 78; Korkeus (mm): 89; Tarvittava kappalem\u00e4\u00e4r\u00e4: 1; Korvaava tuote\/korvaava tiedote 2: Sis\u00e4\u00e4nrakennettu vaihdemekanismi, sytyttimell\u00e4, Sytytyspuolalla; Varusteet: ajoneuvoille virranjakajalla; Napojen m\u00e4\u00e4r\u00e4: 6; J\u00e4nnite (V): 12; Puola-sytytysj\u00e4rjestelm\u00e4: T\u00e4yselektroniselle sytytykselle (TES); Pistokkeen kotelon muoto: suorakulmainen (rectangular); Paino [kg]: 0,76805; Pakkaussyvyys [cm]: 14,1; Moottorinumero: ABK; VW: TRANSPORTER IV Bus 70XB, 70XC, 7DB, 7DW,GOLF III 1H1,SHARAN 7M8, 7M9, 7M6,POLO 6N1,GOLF II 19E, 1G1,PASSAT Variant 3A5, 35I,GOLF III Cabriolet 1E7,TRANSPORTER IV Kasten 70XA,GOLF Mk III Cabriolet 1E7,GOLF III Variant 1H5,POLO 86C, 80,POLO Coupe 86C, 80,PASSAT 3A2, 35I,CORRADO 53I,CADDY II Kasten 9K9A,TRANSPORTER IV Pritsche\/Fahrgestell 70XD,POLO Variant 6KV5,POLO CLASSIC 6KV2,VENTO 1H2,JETTA II 19E, 1G2, 165,POLO Kasten 6NF,POLO CLASSIC 86C, 80,CADDY II Kombi 9K9B,CADDY II Pick-up 9U7,POLO Kasten 86CF; AUDI: 80 8C, B4,CABRIOLET 8G7, B4,100 4A, C4,80 Avant 8C, B4,A6 Avant 4A, C4,A6 4A, C4,COUPE 89, 8B,100 Avant 4A, C4; SEAT: IBIZA II 6K1,CORDOBA 6K1, 6K2,TOLEDO I 1L; 547905104, 701905104, 701905104A, 867905105A, 547905104, 701905104, 701905104A, 867905105A, 547905104, 701905104, 701905104A, 867905105A, CL019, 547905104, 701905104, 701905104A, 867905104B, 867905105A, 867905115A<\/p>\n","protected":false},"excerpt":{"rendered":"<p>RIDEX Sytytyspuola 689C0245  VW,AUDI,SEAT,TRANSPORTER IV Bus 70XB, 70XC, 7DB, 7DW,GOLF III 1H1,SHARAN 7M8, 7M9, 7M6,POLO 6N1,GOLF II 19E, 1G1<\/p>\n","protected":false},"featured_media":0,"template":"","meta":{"site-sidebar-layout":"default","site-content-layout":"default","ast-global-header-display":"","ast-main-header-display":"","ast-hfb-above-header-display":"","ast-hfb-below-header-display":"","ast-hfb-mobile-header-display":"","site-post-title":"","ast-breadcrumbs-content":"","ast-featured-img":"","footer-sml-layout":"","theme-transparent-header-meta":"","adv-header-id-meta":"","stick-header-meta":"","header-above-stick-meta":"","header-main-stick-meta":"","header-below-stick-meta":""},"pwb-brand":[157],"product_cat":[25],"product_tag":[],"class_list":{"0":"post-72625","1":"product","2":"type-product","3":"status-publish","5":"pwb-brand-ridex","6":"product_cat-sytytyspuola","7":"desktop-align-left","8":"tablet-align-left","9":"mobile-align-left","11":"first","12":"instock","13":"product-type-external"},"brands":[{"id":157,"name":"RIDEX","slug":"ridex"}],"_links":{"self":[{"href":"https:\/\/www.autonvaraosahaku.fi\/index.php?rest_route=\/wp\/v2\/product\/72625","targetHints":{"allow":["GET"]}}],"collection":[{"href":"https:\/\/www.autonvaraosahaku.fi\/index.php?rest_route=\/wp\/v2\/product"}],"about":[{"href":"https:\/\/www.autonvaraosahaku.fi\/index.php?rest_route=\/wp\/v2\/types\/product"}],"wp:attachment":[{"href":"https:\/\/www.autonvaraosahaku.fi\/index.php?rest_route=%2Fwp%2Fv2%2Fmedia&parent=72625"}],"wp:term":[{"taxonomy":"pwb-brand","embeddable":true,"href":"https:\/\/www.autonvaraosahaku.fi\/index.php?rest_route=%2Fwp%2Fv2%2Fpwb-brand&post=72625"},{"taxonomy":"product_cat","embeddable":true,"href":"https:\/\/www.autonvaraosahaku.fi\/index.php?rest_route=%2Fwp%2Fv2%2Fproduct_cat&post=72625"},{"taxonomy":"product_tag","embeddable":true,"href":"https:\/\/www.autonvaraosahaku.fi\/index.php?rest_route=%2Fwp%2Fv2%2Fproduct_tag&post=72625"}],"curies":[{"name":"wp","href":"https:\/\/api.w.org\/{rel}","templated":true}]}}