{"id":72703,"date":"2021-02-21T19:23:13","date_gmt":"2021-02-21T19:23:13","guid":{"rendered":"https:\/\/www.autonvaraosahaku.fi\/?product=ridex-5j0136-vetonivel"},"modified":"2021-02-21T19:23:14","modified_gmt":"2021-02-21T19:23:14","slug":"ridex-5j0136-vetonivel","status":"publish","type":"product","link":"https:\/\/www.autonvaraosahaku.fi\/?product=ridex-5j0136-vetonivel","title":{"rendered":"RIDEX 5J0136 Vetonivel"},"content":{"rendered":"<p>Pituus (mm): 169; Ulkol\u00e4pimitta [mm]: 90,0; Ulkokierre [mm]: M22 x 1,5; Asennuspuoli: Py\u00f6r\u00e4n puoli, Etuakseli; Ulkohammastus, py\u00f6r\u00e4npuoli: 25; Sis\u00e4hammastus, py\u00f6r\u00e4npuoli: 23; Tiivisteen l\u00e4pimitta [mm]: 55; Paino [kg]: 2,43; Vaihteistomalli: Automatikgetriebe; NISSAN: ALMERA II Hatchback N16,ALMERA I Hatchback N15,ALMERA Mk II N16,ALMERA I N15,100 NX B13,SUNNY III N14,PULSAR V Schr\u00e4gheck N14,SUNNY III Liftback N14,SUNNY III Traveller Y10,SUNNY Kasten Y10; 391000M301, 391000M900, 391000M905, 391000M910, 391000M970, 3910060Y00, 3910060Y05, 3910060Y10, 3910061Y06, 3910062Y05, 3910063Y00, 3910063Y01, 391010M301, 391010M900, 391010M905, 3910160Y00, 3910160Y05, 3910160Y10, 3910161Y07, 3910162Y05, 3910163Y00, 3910163Y01, 3921160Y00, 3921160Y10; Nivelsarja, Vetoakseli<\/p>\n","protected":false},"excerpt":{"rendered":"<p>RIDEX Vetonivel 5J0136 Nivelsarja, Vetoakseli NISSAN,ALMERA II Hatchback N16,ALMERA I Hatchback N15,ALMERA Mk II N16,ALMERA I N15,100 NX B13<\/p>\n","protected":false},"featured_media":0,"template":"","meta":{"site-sidebar-layout":"default","site-content-layout":"default","ast-global-header-display":"","ast-main-header-display":"","ast-hfb-above-header-display":"","ast-hfb-below-header-display":"","ast-hfb-mobile-header-display":"","site-post-title":"","ast-breadcrumbs-content":"","ast-featured-img":"","footer-sml-layout":"","theme-transparent-header-meta":"","adv-header-id-meta":"","stick-header-meta":"","header-above-stick-meta":"","header-main-stick-meta":"","header-below-stick-meta":""},"pwb-brand":[157],"product_cat":[175],"product_tag":[],"class_list":{"0":"post-72703","1":"product","2":"type-product","3":"status-publish","5":"pwb-brand-ridex","6":"product_cat-vetonivel","7":"desktop-align-left","8":"tablet-align-left","9":"mobile-align-left","11":"first","12":"instock","13":"product-type-external"},"brands":[{"id":157,"name":"RIDEX","slug":"ridex"}],"_links":{"self":[{"href":"https:\/\/www.autonvaraosahaku.fi\/index.php?rest_route=\/wp\/v2\/product\/72703","targetHints":{"allow":["GET"]}}],"collection":[{"href":"https:\/\/www.autonvaraosahaku.fi\/index.php?rest_route=\/wp\/v2\/product"}],"about":[{"href":"https:\/\/www.autonvaraosahaku.fi\/index.php?rest_route=\/wp\/v2\/types\/product"}],"wp:attachment":[{"href":"https:\/\/www.autonvaraosahaku.fi\/index.php?rest_route=%2Fwp%2Fv2%2Fmedia&parent=72703"}],"wp:term":[{"taxonomy":"pwb-brand","embeddable":true,"href":"https:\/\/www.autonvaraosahaku.fi\/index.php?rest_route=%2Fwp%2Fv2%2Fpwb-brand&post=72703"},{"taxonomy":"product_cat","embeddable":true,"href":"https:\/\/www.autonvaraosahaku.fi\/index.php?rest_route=%2Fwp%2Fv2%2Fproduct_cat&post=72703"},{"taxonomy":"product_tag","embeddable":true,"href":"https:\/\/www.autonvaraosahaku.fi\/index.php?rest_route=%2Fwp%2Fv2%2Fproduct_tag&post=72703"}],"curies":[{"name":"wp","href":"https:\/\/api.w.org\/{rel}","templated":true}]}}