{"id":72854,"date":"2021-02-21T19:24:03","date_gmt":"2021-02-21T19:24:03","guid":{"rendered":"https:\/\/www.autonvaraosahaku.fi\/?product=hella-5dr-004-243-051-laturin-jannitteensaadin"},"modified":"2021-02-21T19:24:07","modified_gmt":"2021-02-21T19:24:07","slug":"hella-5dr-004-243-051-laturin-jannitteensaadin","status":"publish","type":"product","link":"https:\/\/www.autonvaraosahaku.fi\/?product=hella-5dr-004-243-051-laturin-jannitteensaadin","title":{"rendered":"HELLA 5DR 004 243-051 Laturin j\u00e4nnitteens\u00e4\u00e4din"},"content":{"rendered":"<p>Valmistaja rajaus: Valeo Ducellier; Nimellisj\u00e4nnite (V): 12; K\u00e4ytt\u00f6j\u00e4nnite [V]: 14; SEAT: 133; VOLVO: 240 P242, P244,340-360 343, 345,140 142, 144,66,66 Kombi; CITRO\u00cbN: AX ZA-_,2 CV,CX I MA,CX I Break MA; ALFA ROMEO: GTV 116,ALFETTA GT 116,ALFETTA 116; PEUGEOT: 304 Cabriolet _04B_,504 A_, M_,504 Cabriolet,504 Coupe,204,104,604 561A_,204 Cabriolet,504 Break D_, F_,504 Pick-up E_,104 Coupe,305 I 581A,204 Break,204 Coupe,305 I Break 581D; RENAULT: 4 112_,5 122_,4 Kasten R21_, R23_,12,16 115_,18 134_,18 Variable 135_,5 Kasten 238_,30 127_,12 Variable 117_,20 127_,14 121_,18 Kasten,12 Kasten,SUPER 5 Kasten S40_; TALBOT: HORIZON,RANCHO,1307-1510; 5474353, 5491551, 576123, 576124, 576128, 576129, 576131, 576132, 576133, 583502, 95618246, AK5351, 114374, 1215477, 1215565, 1251477, 1259303, 215565, 292243, 3292243, 6877982, 5474353, 5474353, 576123, 576124, 576128, 576129, 576131, 576132, 576133, 583502, 91160390100, 7700348281, 7700519493, 7700530749, 7700544686, 7700572236, 7700615358, 7700615360, 7700660469, 7700666179, 7700670878, 7700702054, 7701025948, 7701031844, 7701348281, 7701349313, 7701349416, 7701349556, 5000821852, 15224800, 15224891, 163009, 30201E, 373994J, 42290B, 46138S, 55822700, 114374, 1215477, 1215565, 1251477, 1259302, 1259303, 215565, 292243, 3292243, 6877982; Laturin S\u00e4\u00e4din,J\u00e4nniteens\u00e4\u00e4din<\/p>\n","protected":false},"excerpt":{"rendered":"<p>HELLA Laturin J\u00e4nnitteens\u00e4\u00e4din 5DR 004 243-051 Laturin S\u00e4\u00e4din,J\u00e4nniteens\u00e4\u00e4din SEAT,VOLVO,CITRO\u00cbN,133,240 P242, P244,340-360 343, 345,140 142, 144,66<\/p>\n","protected":false},"featured_media":0,"template":"","meta":{"site-sidebar-layout":"default","site-content-layout":"default","ast-global-header-display":"","ast-main-header-display":"","ast-hfb-above-header-display":"","ast-hfb-below-header-display":"","ast-hfb-mobile-header-display":"","site-post-title":"","ast-breadcrumbs-content":"","ast-featured-img":"","footer-sml-layout":"","theme-transparent-header-meta":"","adv-header-id-meta":"","stick-header-meta":"","header-above-stick-meta":"","header-main-stick-meta":"","header-below-stick-meta":""},"pwb-brand":[24],"product_cat":[420],"product_tag":[],"class_list":{"0":"post-72854","1":"product","2":"type-product","3":"status-publish","5":"pwb-brand-hella","6":"product_cat-laturin-jannitteensaadin","7":"desktop-align-left","8":"tablet-align-left","9":"mobile-align-left","11":"first","12":"instock","13":"product-type-external"},"brands":[{"id":24,"name":"HELLA","slug":"hella"}],"_links":{"self":[{"href":"https:\/\/www.autonvaraosahaku.fi\/index.php?rest_route=\/wp\/v2\/product\/72854","targetHints":{"allow":["GET"]}}],"collection":[{"href":"https:\/\/www.autonvaraosahaku.fi\/index.php?rest_route=\/wp\/v2\/product"}],"about":[{"href":"https:\/\/www.autonvaraosahaku.fi\/index.php?rest_route=\/wp\/v2\/types\/product"}],"wp:attachment":[{"href":"https:\/\/www.autonvaraosahaku.fi\/index.php?rest_route=%2Fwp%2Fv2%2Fmedia&parent=72854"}],"wp:term":[{"taxonomy":"pwb-brand","embeddable":true,"href":"https:\/\/www.autonvaraosahaku.fi\/index.php?rest_route=%2Fwp%2Fv2%2Fpwb-brand&post=72854"},{"taxonomy":"product_cat","embeddable":true,"href":"https:\/\/www.autonvaraosahaku.fi\/index.php?rest_route=%2Fwp%2Fv2%2Fproduct_cat&post=72854"},{"taxonomy":"product_tag","embeddable":true,"href":"https:\/\/www.autonvaraosahaku.fi\/index.php?rest_route=%2Fwp%2Fv2%2Fproduct_tag&post=72854"}],"curies":[{"name":"wp","href":"https:\/\/api.w.org\/{rel}","templated":true}]}}