{"id":73935,"date":"2021-02-21T19:30:30","date_gmt":"2021-02-21T19:30:30","guid":{"rendered":"https:\/\/www.autonvaraosahaku.fi\/?product=vemo-v30-73-0119-lasinnostimen-kytkin"},"modified":"2021-02-21T19:30:34","modified_gmt":"2021-02-21T19:30:34","slug":"vemo-v30-73-0119-lasinnostimen-kytkin","status":"publish","type":"product","link":"https:\/\/www.autonvaraosahaku.fi\/?product=vemo-v30-73-0119-lasinnostimen-kytkin","title":{"rendered":"VEMO V30-73-0119 Lasinnostimen kytkin"},"content":{"rendered":"<p>Napojen m\u00e4\u00e4r\u00e4: 5; Paino [kg]: 0,024; Pakkausleveys [cm]: 4; Pakkauskorkeus [mm]: 6,7; Pakkaussyvyys [cm]: 6,8; Tuotelinja: Original Quality; Alustanumerosta: A396735; MERCEDES-BENZ: 190 W201,SL R107,KOMBI Kombi S124; 1268208010, A1268208010; Kytkin, Lasinnostin<\/p>\n","protected":false},"excerpt":{"rendered":"<p>VEMO Lasinnostimen Kytkin V30-73-0119 Kytkin, Lasinnostin MERCEDES-BENZ,190 W201,SL R107,KOMBI Kombi S124<\/p>\n","protected":false},"featured_media":0,"template":"","meta":{"site-sidebar-layout":"default","site-content-layout":"default","ast-global-header-display":"","ast-main-header-display":"","ast-hfb-above-header-display":"","ast-hfb-below-header-display":"","ast-hfb-mobile-header-display":"","site-post-title":"","ast-breadcrumbs-content":"","ast-featured-img":"","footer-sml-layout":"","theme-transparent-header-meta":"","adv-header-id-meta":"","stick-header-meta":"","header-above-stick-meta":"","header-main-stick-meta":"","header-below-stick-meta":""},"pwb-brand":[168],"product_cat":[135],"product_tag":[],"class_list":{"0":"post-73935","1":"product","2":"type-product","3":"status-publish","5":"pwb-brand-vemo","6":"product_cat-lasinnostimen-kytkin","7":"desktop-align-left","8":"tablet-align-left","9":"mobile-align-left","11":"first","12":"instock","13":"product-type-external"},"brands":[{"id":168,"name":"VEMO","slug":"vemo"}],"_links":{"self":[{"href":"https:\/\/www.autonvaraosahaku.fi\/index.php?rest_route=\/wp\/v2\/product\/73935","targetHints":{"allow":["GET"]}}],"collection":[{"href":"https:\/\/www.autonvaraosahaku.fi\/index.php?rest_route=\/wp\/v2\/product"}],"about":[{"href":"https:\/\/www.autonvaraosahaku.fi\/index.php?rest_route=\/wp\/v2\/types\/product"}],"wp:attachment":[{"href":"https:\/\/www.autonvaraosahaku.fi\/index.php?rest_route=%2Fwp%2Fv2%2Fmedia&parent=73935"}],"wp:term":[{"taxonomy":"pwb-brand","embeddable":true,"href":"https:\/\/www.autonvaraosahaku.fi\/index.php?rest_route=%2Fwp%2Fv2%2Fpwb-brand&post=73935"},{"taxonomy":"product_cat","embeddable":true,"href":"https:\/\/www.autonvaraosahaku.fi\/index.php?rest_route=%2Fwp%2Fv2%2Fproduct_cat&post=73935"},{"taxonomy":"product_tag","embeddable":true,"href":"https:\/\/www.autonvaraosahaku.fi\/index.php?rest_route=%2Fwp%2Fv2%2Fproduct_tag&post=73935"}],"curies":[{"name":"wp","href":"https:\/\/api.w.org\/{rel}","templated":true}]}}