{"id":74061,"date":"2021-02-21T19:31:20","date_gmt":"2021-02-21T19:31:20","guid":{"rendered":"https:\/\/www.autonvaraosahaku.fi\/?product=dt-3-34205sp-kiilahihnat"},"modified":"2021-02-21T19:31:20","modified_gmt":"2021-02-21T19:31:20","slug":"dt-3-34205sp-kiilahihnat","status":"publish","type":"product","link":"https:\/\/www.autonvaraosahaku.fi\/?product=dt-3-34205sp-kiilahihnat","title":{"rendered":"DT 3.34205SP Kiilahihnat"},"content":{"rendered":"<p>Paino [g]: 243; Pituus (mm): 1150; Leveys (mm): 13; Hihnojen m\u00e4\u00e4r\u00e4: 2; VW: TRANSPORTER III Bus,TRANSPORTER III Kasten,TRANSPORTER III Pritsche\/Fahrgestell; NISSAN: TERRANO II R20,PICK UP D22,PATHFINDER R50,PICK UP D21,PATROL GR I Y60, GR,TERRANO I WD21,LAUREL JC32,TERRANO Van R20,URVAN Bus E24,URVAN Kasten E24,ATLEON; MERCEDES-BENZ: Stufenheck W123,G-CLASS W460,COUPE C123,KOMBI Kombi S123,O 303,O 305,O 307,O 405,O 408; HONDA: QUINTET SU; SUBARU: XT Coupe XT,LEONE II Station Wagon,LEONE II,LEONE I Hatchback,LEONE I Station Wagon,LEONE I AB; TOYOTA: HIACE IV Kasten LXH1_, RZH1_, LH1_,HIACE III Wagon LH1_, RZH1_,HIACE III Kasten YH7_, LH6_, LH7_, LH5_, YH5_, YH6_,CELICA Coupe _A6_,CRESSIDA Stufenheck _X6_; FORD: SIERRA GBG, GB4,SIERRA Schr\u00e4gheck GBC, GBG,SCORPIO I GAE, GGE,MAVERICK UDS, UNS,SCORPIO I Stufenheck GGE,SIERRA Kombi BNG,SCORPIO I Kombi GGE,MAVERICK VAN; MITSUBISHI: PAJERO II V3_W, V2_W, V4_W,PAJERO I L04_G, L14_G,PAJERO I Canvas Top L04_G,PAJERO II Canvas Top V2_W, V4_W; PORSCHE: 911,911 Cabriolet; TALBOT: SIMCA 1000; 1816444, 06580432227, 06580452227, 06580482227, 06580722272, 06580732272, 51968206009, 51968206017, 0039970592<\/p>\n","protected":false},"excerpt":{"rendered":"<p>DT Kiilahihnasarja 3.34205SP  VW,NISSAN,MERCEDES-BENZ,TRANSPORTER III Bus,TRANSPORTER III Kasten,TRANSPORTER III Pritsche\/Fahrgestell,TERRANO II R20<\/p>\n","protected":false},"featured_media":0,"template":"","meta":{"site-sidebar-layout":"default","site-content-layout":"default","ast-global-header-display":"","ast-main-header-display":"","ast-hfb-above-header-display":"","ast-hfb-below-header-display":"","ast-hfb-mobile-header-display":"","site-post-title":"","ast-breadcrumbs-content":"","ast-featured-img":"","footer-sml-layout":"","theme-transparent-header-meta":"","adv-header-id-meta":"","stick-header-meta":"","header-above-stick-meta":"","header-main-stick-meta":"","header-below-stick-meta":""},"pwb-brand":[75],"product_cat":[222],"product_tag":[],"class_list":{"0":"post-74061","1":"product","2":"type-product","3":"status-publish","5":"pwb-brand-dt","6":"product_cat-kiilahihnat","7":"desktop-align-left","8":"tablet-align-left","9":"mobile-align-left","11":"first","12":"instock","13":"product-type-external"},"brands":[{"id":75,"name":"DT","slug":"dt"}],"_links":{"self":[{"href":"https:\/\/www.autonvaraosahaku.fi\/index.php?rest_route=\/wp\/v2\/product\/74061","targetHints":{"allow":["GET"]}}],"collection":[{"href":"https:\/\/www.autonvaraosahaku.fi\/index.php?rest_route=\/wp\/v2\/product"}],"about":[{"href":"https:\/\/www.autonvaraosahaku.fi\/index.php?rest_route=\/wp\/v2\/types\/product"}],"wp:attachment":[{"href":"https:\/\/www.autonvaraosahaku.fi\/index.php?rest_route=%2Fwp%2Fv2%2Fmedia&parent=74061"}],"wp:term":[{"taxonomy":"pwb-brand","embeddable":true,"href":"https:\/\/www.autonvaraosahaku.fi\/index.php?rest_route=%2Fwp%2Fv2%2Fpwb-brand&post=74061"},{"taxonomy":"product_cat","embeddable":true,"href":"https:\/\/www.autonvaraosahaku.fi\/index.php?rest_route=%2Fwp%2Fv2%2Fproduct_cat&post=74061"},{"taxonomy":"product_tag","embeddable":true,"href":"https:\/\/www.autonvaraosahaku.fi\/index.php?rest_route=%2Fwp%2Fv2%2Fproduct_tag&post=74061"}],"curies":[{"name":"wp","href":"https:\/\/api.w.org\/{rel}","templated":true}]}}