{"id":74484,"date":"2021-02-21T19:33:54","date_gmt":"2021-02-21T19:33:54","guid":{"rendered":"https:\/\/www.autonvaraosahaku.fi\/?product=monroe-23430-iskunvaimennin"},"modified":"2021-02-21T19:33:55","modified_gmt":"2021-02-21T19:33:55","slug":"monroe-23430-iskunvaimennin","status":"publish","type":"product","link":"https:\/\/www.autonvaraosahaku.fi\/?product=monroe-23430-iskunvaimennin","title":{"rendered":"MONROE 23430 Iskunvaimennin"},"content":{"rendered":"<p>Iskunvaimennin tyyppi: Kaasupaine; Iskunvaimennusj\u00e4rjestelm\u00e4: Kaksiputki; Iskunvaimennin asennustapa: Silmukka ylh\u00e4\u00e4ll\u00e4, Silmukka alhaalla; Paino [kg]: 1,200; Reik\u00e4-\u00d8 [mm]: 25,4; suurin pituus [mm]: 321; v\u00e4h. pituus [mm]: 223; Pakkauspituus [cm]: 45; Pakkausleveys [cm]: 5,5; Pakkauskorkeus [mm]: 5,3; Tullitariffinumero: 87088035; Tappil\u00e4pimitta [mm]: 11; Asennuspuoli: Hinterachse; LANCIA: DELTA II 836,DEDRA 835; FIAT: BRAVO I 182,BRAVA 182,TIPO 160,TEMPRA 159; ALFA ROMEO: 155 167; 0060500393, 0060602722, 60500393, 60602722, 7782234, 46405783, 46414480, 46421626, 46437778, 46442796, 46444663, 46459363, 46528791, 46803344, 60500393, 60602722, 71712474, 71712478, 71712641, 71718285, 71718287, 7610120, 7610121, 7613698, 7619437, 7638163, 7640931, 7642982, 7648480, 7648482, 7658106, 7658317, 7678636, 7690033, 7720720, 7777585, 7782234, 46405783, 46414480, 46421626, 46437778, 46442796, 46444663, 46459363, 46528791, 71712474, 71712478, 71712481, 71712487, 71712641, 71718285, 71718287, 7610120, 7640930, 7640931, 7642982, 7648480, 7648482, 7658106, 7678636, 7690033, 7720720, 7754144; Iskarit,Iskunvaimennin<\/p>\n","protected":false},"excerpt":{"rendered":"<p>MONROE Iskunvaimentimet MONROE ORIGINAL (Gas Technology) 23430 Iskarit,Iskunvaimennin LANCIA,FIAT,ALFA ROMEO,DELTA II 836,DEDRA 835,BRAVO I 182<\/p>\n","protected":false},"featured_media":0,"template":"","meta":{"site-sidebar-layout":"default","site-content-layout":"default","ast-global-header-display":"","ast-main-header-display":"","ast-hfb-above-header-display":"","ast-hfb-below-header-display":"","ast-hfb-mobile-header-display":"","site-post-title":"","ast-breadcrumbs-content":"","ast-featured-img":"","footer-sml-layout":"","theme-transparent-header-meta":"","adv-header-id-meta":"","stick-header-meta":"","header-above-stick-meta":"","header-main-stick-meta":"","header-below-stick-meta":""},"pwb-brand":[79],"product_cat":[80],"product_tag":[],"class_list":{"0":"post-74484","1":"product","2":"type-product","3":"status-publish","5":"pwb-brand-monroe","6":"product_cat-iskunvaimennin","7":"desktop-align-left","8":"tablet-align-left","9":"mobile-align-left","11":"first","12":"instock","13":"product-type-external"},"brands":[{"id":79,"name":"MONROE","slug":"monroe"}],"_links":{"self":[{"href":"https:\/\/www.autonvaraosahaku.fi\/index.php?rest_route=\/wp\/v2\/product\/74484","targetHints":{"allow":["GET"]}}],"collection":[{"href":"https:\/\/www.autonvaraosahaku.fi\/index.php?rest_route=\/wp\/v2\/product"}],"about":[{"href":"https:\/\/www.autonvaraosahaku.fi\/index.php?rest_route=\/wp\/v2\/types\/product"}],"wp:attachment":[{"href":"https:\/\/www.autonvaraosahaku.fi\/index.php?rest_route=%2Fwp%2Fv2%2Fmedia&parent=74484"}],"wp:term":[{"taxonomy":"pwb-brand","embeddable":true,"href":"https:\/\/www.autonvaraosahaku.fi\/index.php?rest_route=%2Fwp%2Fv2%2Fpwb-brand&post=74484"},{"taxonomy":"product_cat","embeddable":true,"href":"https:\/\/www.autonvaraosahaku.fi\/index.php?rest_route=%2Fwp%2Fv2%2Fproduct_cat&post=74484"},{"taxonomy":"product_tag","embeddable":true,"href":"https:\/\/www.autonvaraosahaku.fi\/index.php?rest_route=%2Fwp%2Fv2%2Fproduct_tag&post=74484"}],"curies":[{"name":"wp","href":"https:\/\/api.w.org\/{rel}","templated":true}]}}