{"id":74753,"date":"2021-02-21T19:35:28","date_gmt":"2021-02-21T19:35:28","guid":{"rendered":"https:\/\/www.autonvaraosahaku.fi\/?product=ridex-447k0029-ilmastoinnin-kompressori"},"modified":"2021-02-21T19:35:32","modified_gmt":"2021-02-21T19:35:32","slug":"ridex-447k0029-ilmastoinnin-kompressori","status":"publish","type":"product","link":"https:\/\/www.autonvaraosahaku.fi\/?product=ridex-447k0029-ilmastoinnin-kompressori","title":{"rendered":"RIDEX 447K0029 Ilmastoinnin kompressori"},"content":{"rendered":"<p>Rihloja (kpl): 8; Kompressorin tunnus: 7SBU16C; Kylm\u00e4aine: R 134a; \u00d6ljynt\u00e4ytt\u00f6m\u00e4\u00e4r\u00e4 [ml]: 180; Ulostulon l\u00e4pimitta [mm]: 13,7; Sis\u00e4\u00e4ntulol\u00e4pimitta [mm]: 28,4; K\u00e4ytt\u00f6j\u00e4nnite [V]: 12; Iskutilavuus-kompressori (ccm): 171; Napojen m\u00e4\u00e4r\u00e4: 2; Hihnapy\u00f6r\u00e4-\u00d8[mm]: 100; Kompressori\u00f6ljy: PAG 46; Valmistaja rajaus: DENSO; MERCEDES-BENZ: M-CLASS W164,S-CLASS W221,R-CLASS W251, V251,G-CLASS W463,GL-CLASS X164,G-CLASS Cabrio W463; 0012308311, 0012308811, 0022301111, 0022301511, 0022305311, 0022305611, 0022308211, A0012308311, A0012308811, A0022301111, A0022301511, A0022305311, A0022305611; AC Kompressori,Kompressori, Ilmastointilaite<\/p>\n","protected":false},"excerpt":{"rendered":"<p>RIDEX Ilmastoinnin Kompressori 447K0029 AC Kompressori,Kompressori, Ilmastointilaite MERCEDES-BENZ,M-CLASS W164,S-CLASS W221,R-CLASS W251, V251<\/p>\n","protected":false},"featured_media":0,"template":"","meta":{"site-sidebar-layout":"default","site-content-layout":"default","ast-global-header-display":"","ast-main-header-display":"","ast-hfb-above-header-display":"","ast-hfb-below-header-display":"","ast-hfb-mobile-header-display":"","site-post-title":"","ast-breadcrumbs-content":"","ast-featured-img":"","footer-sml-layout":"","theme-transparent-header-meta":"","adv-header-id-meta":"","stick-header-meta":"","header-above-stick-meta":"","header-main-stick-meta":"","header-below-stick-meta":""},"pwb-brand":[157],"product_cat":[444],"product_tag":[],"class_list":{"0":"post-74753","1":"product","2":"type-product","3":"status-publish","5":"pwb-brand-ridex","6":"product_cat-ilmastoinnin-kompressori","7":"desktop-align-left","8":"tablet-align-left","9":"mobile-align-left","11":"first","12":"instock","13":"product-type-external"},"brands":[{"id":157,"name":"RIDEX","slug":"ridex"}],"_links":{"self":[{"href":"https:\/\/www.autonvaraosahaku.fi\/index.php?rest_route=\/wp\/v2\/product\/74753","targetHints":{"allow":["GET"]}}],"collection":[{"href":"https:\/\/www.autonvaraosahaku.fi\/index.php?rest_route=\/wp\/v2\/product"}],"about":[{"href":"https:\/\/www.autonvaraosahaku.fi\/index.php?rest_route=\/wp\/v2\/types\/product"}],"wp:attachment":[{"href":"https:\/\/www.autonvaraosahaku.fi\/index.php?rest_route=%2Fwp%2Fv2%2Fmedia&parent=74753"}],"wp:term":[{"taxonomy":"pwb-brand","embeddable":true,"href":"https:\/\/www.autonvaraosahaku.fi\/index.php?rest_route=%2Fwp%2Fv2%2Fpwb-brand&post=74753"},{"taxonomy":"product_cat","embeddable":true,"href":"https:\/\/www.autonvaraosahaku.fi\/index.php?rest_route=%2Fwp%2Fv2%2Fproduct_cat&post=74753"},{"taxonomy":"product_tag","embeddable":true,"href":"https:\/\/www.autonvaraosahaku.fi\/index.php?rest_route=%2Fwp%2Fv2%2Fproduct_tag&post=74753"}],"curies":[{"name":"wp","href":"https:\/\/api.w.org\/{rel}","templated":true}]}}