{"id":7481,"date":"2021-02-21T14:00:19","date_gmt":"2021-02-21T14:00:19","guid":{"rendered":"https:\/\/www.autonvaraosahaku.fi\/?product=tedgum-00726013-tukivarren-hela"},"modified":"2021-02-21T14:00:20","modified_gmt":"2021-02-21T14:00:20","slug":"tedgum-00726013-tukivarren-hela","status":"publish","type":"product","link":"https:\/\/www.autonvaraosahaku.fi\/?product=tedgum-00726013-tukivarren-hela","title":{"rendered":"TEDGUM 00726013 Tukivarren hela"},"content":{"rendered":"<p>Lukum\u00e4\u00e4r\u00e4 akselille: 2; Asennusl\u00e4pimitta [mm]: 61,8; Asennuspuoli: Takana, etuakseli molemminpuoleinen; Vahvistettu malli: ; Versio: WKLAD\/INSERT; VW: GOLF V 1K1,POLO 9N_,TOURAN 1T1, 1T2,GOLF VI 5K1,PASSAT Variant 3C5,GOLF PLUS 5M1, 521,PASSAT 3C2,CADDY III Kombi 2KB, 2KJ, 2CB, 2CJ,TOURAN 1T3,FOX 5Z1, 5Z3,GOLF VI Variant AJ5,GOLF V Variant 1K5,CADDY III Kasten 2KA, 2KH, 2CA, 2CH,EOS 1F7, 1F8,SCIROCCO 137, 138,PASSAT CC 357,JETTA III 1K2,GOLF VI Cabriolet 517,POLO Stufenheck 9A4; AUDI: A3 8P1,A3 Sportback 8PA,A2 8Z0; SKODA: OCTAVIA Combi 1Z5,FABIA Combi 6Y5,FABIA,FABIA 6Y2,FABIA Combi,ROOMSTER 5J,YETI 5L,OCTAVIA 1Z3,FABIA Stufenheck 6Y3,ROOMSTER Praktik 5J,FABIA Praktik; SEAT: IBIZA IV 6L1,LEON 1P1,ALTEA 5P1,ALTEA XL 5P5, 5P8,CORDOBA 6L2,TOLEDO III 5P2; 1K0199231H, 1K0199231J, 1K0199232H, 1K0199232J, 1K0199232K, 1K0407151R, 1K0407183D, 6LL407183, 8Z0407183, 8Z0407183A, 1K0199231H, 1K0199231J, 1K0199232H, 1K0199232J, 1K0199232K, 1K0407151R, 1K0407183D, 6LL407183, 8Z0407183, 8Z0407183A, 1K0199231H, 1K0199231J, 1K0199232H, 1K0199232J, 1K0199232K, 1K0407151R, 1K0407183D, 6LL407183, 8Z0407183, 8Z0407183A, 1K0199231H, 1K0199231J, 1K0199232H, 1K0199232J, 1K0199232K, 1K0407151R, 1K0407183D, 6LL407183, 6Q0407183, 8Z0407183, 8Z0407183A<\/p>\n","protected":false},"excerpt":{"rendered":"<p>TEDGUM Tukivarren Hela 00726013  VW,AUDI,SKODA,GOLF V 1K1,POLO 9N_,TOURAN 1T1, 1T2,GOLF VI 5K1,PASSAT Variant 3C5,GOLF PLUS 5M1, 521,PASSAT 3C2<\/p>\n","protected":false},"featured_media":0,"template":"","meta":{"site-sidebar-layout":"default","site-content-layout":"default","ast-global-header-display":"","ast-main-header-display":"","ast-hfb-above-header-display":"","ast-hfb-below-header-display":"","ast-hfb-mobile-header-display":"","site-post-title":"","ast-breadcrumbs-content":"","ast-featured-img":"","footer-sml-layout":"","theme-transparent-header-meta":"","adv-header-id-meta":"","stick-header-meta":"","header-above-stick-meta":"","header-main-stick-meta":"","header-below-stick-meta":""},"pwb-brand":[155],"product_cat":[115],"product_tag":[],"class_list":{"0":"post-7481","1":"product","2":"type-product","3":"status-publish","5":"pwb-brand-tedgum","6":"product_cat-tukivarren-hela","7":"desktop-align-left","8":"tablet-align-left","9":"mobile-align-left","11":"first","12":"instock","13":"product-type-external"},"brands":[{"id":155,"name":"TEDGUM","slug":"tedgum"}],"_links":{"self":[{"href":"https:\/\/www.autonvaraosahaku.fi\/index.php?rest_route=\/wp\/v2\/product\/7481","targetHints":{"allow":["GET"]}}],"collection":[{"href":"https:\/\/www.autonvaraosahaku.fi\/index.php?rest_route=\/wp\/v2\/product"}],"about":[{"href":"https:\/\/www.autonvaraosahaku.fi\/index.php?rest_route=\/wp\/v2\/types\/product"}],"wp:attachment":[{"href":"https:\/\/www.autonvaraosahaku.fi\/index.php?rest_route=%2Fwp%2Fv2%2Fmedia&parent=7481"}],"wp:term":[{"taxonomy":"pwb-brand","embeddable":true,"href":"https:\/\/www.autonvaraosahaku.fi\/index.php?rest_route=%2Fwp%2Fv2%2Fpwb-brand&post=7481"},{"taxonomy":"product_cat","embeddable":true,"href":"https:\/\/www.autonvaraosahaku.fi\/index.php?rest_route=%2Fwp%2Fv2%2Fproduct_cat&post=7481"},{"taxonomy":"product_tag","embeddable":true,"href":"https:\/\/www.autonvaraosahaku.fi\/index.php?rest_route=%2Fwp%2Fv2%2Fproduct_tag&post=7481"}],"curies":[{"name":"wp","href":"https:\/\/api.w.org\/{rel}","templated":true}]}}