{"id":74952,"date":"2021-02-21T19:36:39","date_gmt":"2021-02-21T19:36:39","guid":{"rendered":"https:\/\/www.autonvaraosahaku.fi\/?product=denso-dan517-laturi"},"modified":"2021-02-21T19:36:43","modified_gmt":"2021-02-21T19:36:43","slug":"denso-dan517-laturi","status":"publish","type":"product","link":"https:\/\/www.autonvaraosahaku.fi\/?product=denso-dan517-laturi","title":{"rendered":"DENSO DAN517 Laturi"},"content":{"rendered":"<p>Laturi varausvirta (A): 70; Laatu: OE; kiiloja: 5; Hihnapy\u00f6r\u00e4-\u00d8[mm]: 54; Hihnapy\u00f6r\u00e4t: Moniurahihnapy\u00f6r\u00e4ll\u00e4; Ajoneuvon virtapiiri: Autoihin joissa 12V virtapiiri; Nimellisj\u00e4nnite (V): 14; Uusi osa: ; Varusteet: f\u00fcr Fahrzeuge ohne Klimaanlage; FIAT: GRANDE PUNTO 199,PUNTO 188,PANDA 169,500 312,PUNTO EVO 199,DOBLO Cargo 223,DOBLO 119,PANDA Van 169,PUNTO 199,IDEA,PANDA 312,STRADA Pick-up 178E,QUBO 225,PUNTO Van 188AX,FIORINO Kasten\/Kombi 225,PALIO Weekend 178DX,PUNTO Van 199,SIENA 178_; ALFA ROMEO: MITO 955; LANCIA: YPSILON 843,Y 840A,MUSA 350,YPSILON 312, 846; 51859037, 46542889, 46843091, 51709133, 51714794, 51859037, 46542889, 46843091, 51709133, 51714794, 51859037; Generaattori<\/p>\n","protected":false},"excerpt":{"rendered":"<p>DENSO Laturi DAN517 Generaattori FIAT,ALFA ROMEO,LANCIA,GRANDE PUNTO 199,PUNTO 188,PANDA 169,500 312,PUNTO EVO 199,DOBLO Cargo 223,DOBLO 119<\/p>\n","protected":false},"featured_media":0,"template":"","meta":{"site-sidebar-layout":"default","site-content-layout":"default","ast-global-header-display":"","ast-main-header-display":"","ast-hfb-above-header-display":"","ast-hfb-below-header-display":"","ast-hfb-mobile-header-display":"","site-post-title":"","ast-breadcrumbs-content":"","ast-featured-img":"","footer-sml-layout":"","theme-transparent-header-meta":"","adv-header-id-meta":"","stick-header-meta":"","header-above-stick-meta":"","header-main-stick-meta":"","header-below-stick-meta":""},"pwb-brand":[278],"product_cat":[357],"product_tag":[],"class_list":{"0":"post-74952","1":"product","2":"type-product","3":"status-publish","5":"pwb-brand-denso","6":"product_cat-laturi","7":"desktop-align-left","8":"tablet-align-left","9":"mobile-align-left","11":"first","12":"instock","13":"product-type-external"},"brands":[{"id":278,"name":"DENSO","slug":"denso"}],"_links":{"self":[{"href":"https:\/\/www.autonvaraosahaku.fi\/index.php?rest_route=\/wp\/v2\/product\/74952","targetHints":{"allow":["GET"]}}],"collection":[{"href":"https:\/\/www.autonvaraosahaku.fi\/index.php?rest_route=\/wp\/v2\/product"}],"about":[{"href":"https:\/\/www.autonvaraosahaku.fi\/index.php?rest_route=\/wp\/v2\/types\/product"}],"wp:attachment":[{"href":"https:\/\/www.autonvaraosahaku.fi\/index.php?rest_route=%2Fwp%2Fv2%2Fmedia&parent=74952"}],"wp:term":[{"taxonomy":"pwb-brand","embeddable":true,"href":"https:\/\/www.autonvaraosahaku.fi\/index.php?rest_route=%2Fwp%2Fv2%2Fpwb-brand&post=74952"},{"taxonomy":"product_cat","embeddable":true,"href":"https:\/\/www.autonvaraosahaku.fi\/index.php?rest_route=%2Fwp%2Fv2%2Fproduct_cat&post=74952"},{"taxonomy":"product_tag","embeddable":true,"href":"https:\/\/www.autonvaraosahaku.fi\/index.php?rest_route=%2Fwp%2Fv2%2Fproduct_tag&post=74952"}],"curies":[{"name":"wp","href":"https:\/\/api.w.org\/{rel}","templated":true}]}}