{"id":7512,"date":"2021-02-21T14:00:23","date_gmt":"2021-02-21T14:00:23","guid":{"rendered":"https:\/\/www.autonvaraosahaku.fi\/?product=brembo-09-a185-1x-jarrulevyt"},"modified":"2021-02-21T14:00:24","modified_gmt":"2021-02-21T14:00:24","slug":"brembo-09-a185-1x-jarrulevyt","status":"publish","type":"product","link":"https:\/\/www.autonvaraosahaku.fi\/?product=brembo-09-a185-1x-jarrulevyt","title":{"rendered":"BREMBO 09.A185.1X Jarrulevyt"},"content":{"rendered":"<p>Keskitt\u00e4misl\u00e4pimitta [mm]: 66; Kiristysmomentti: 90; Pinta: pinnoitettu; Korvaava tuote\/korvaava tiedote 2: Ruuveilla; Reikien m\u00e4\u00e4r\u00e4: 4; K\u00e4sittely: hiiliter\u00e4s; V\u00e4himm\u00e4ispaksuus (mm): 24,5; Jarrulevyn paksuus (mm): 26; Jarrulevytyyppi: Reijitetty \/ tuuletettu; Korkeus (mm): 34,2; L\u00e4pimitta [mm]: 302; Tuotelinja: XTRA LINE; Tuning: 1; Asennuspuoli: Vorderachse; CITRO\u00cbN: C4 I LC_,C4 II B7,DS4,DS5; PEUGEOT: 308 SW,208,308 4A_, 4C_,5008,3008,308 CC,208 Kasten; DS: DS5,DS 4 \/ DS 4 CROSSBACK; 1611841780, 424981, 424986, 4249J8, 1611841780, 424981, 424986, 4249J8, 1611841780, 424964, 424980, 4249J8; Jarrulevy<\/p>\n","protected":false},"excerpt":{"rendered":"<p>BREMBO Jarrulevyt 09.A185.1X Jarrulevy CITRO\u00cbN,PEUGEOT,DS,C4 I LC_,C4 II B7,DS4,DS5,308 SW,208,308 4A_, 4C_,5008,3008,308 CC,208 Kasten,DS5<\/p>\n","protected":false},"featured_media":0,"template":"","meta":{"site-sidebar-layout":"default","site-content-layout":"default","ast-global-header-display":"","ast-main-header-display":"","ast-hfb-above-header-display":"","ast-hfb-below-header-display":"","ast-hfb-mobile-header-display":"","site-post-title":"","ast-breadcrumbs-content":"","ast-featured-img":"","footer-sml-layout":"","theme-transparent-header-meta":"","adv-header-id-meta":"","stick-header-meta":"","header-above-stick-meta":"","header-main-stick-meta":"","header-below-stick-meta":""},"pwb-brand":[146],"product_cat":[66],"product_tag":[],"class_list":{"0":"post-7512","1":"product","2":"type-product","3":"status-publish","5":"pwb-brand-brembo","6":"product_cat-jarrulevyt","7":"desktop-align-left","8":"tablet-align-left","9":"mobile-align-left","11":"first","12":"instock","13":"product-type-external"},"brands":[{"id":146,"name":"BREMBO","slug":"brembo"}],"_links":{"self":[{"href":"https:\/\/www.autonvaraosahaku.fi\/index.php?rest_route=\/wp\/v2\/product\/7512","targetHints":{"allow":["GET"]}}],"collection":[{"href":"https:\/\/www.autonvaraosahaku.fi\/index.php?rest_route=\/wp\/v2\/product"}],"about":[{"href":"https:\/\/www.autonvaraosahaku.fi\/index.php?rest_route=\/wp\/v2\/types\/product"}],"wp:attachment":[{"href":"https:\/\/www.autonvaraosahaku.fi\/index.php?rest_route=%2Fwp%2Fv2%2Fmedia&parent=7512"}],"wp:term":[{"taxonomy":"pwb-brand","embeddable":true,"href":"https:\/\/www.autonvaraosahaku.fi\/index.php?rest_route=%2Fwp%2Fv2%2Fpwb-brand&post=7512"},{"taxonomy":"product_cat","embeddable":true,"href":"https:\/\/www.autonvaraosahaku.fi\/index.php?rest_route=%2Fwp%2Fv2%2Fproduct_cat&post=7512"},{"taxonomy":"product_tag","embeddable":true,"href":"https:\/\/www.autonvaraosahaku.fi\/index.php?rest_route=%2Fwp%2Fv2%2Fproduct_tag&post=7512"}],"curies":[{"name":"wp","href":"https:\/\/api.w.org\/{rel}","templated":true}]}}