{"id":75275,"date":"2021-02-21T19:38:42","date_gmt":"2021-02-21T19:38:42","guid":{"rendered":"https:\/\/www.autonvaraosahaku.fi\/?product=magneti-marelli-062900063304-hehkutulppa"},"modified":"2021-02-21T19:38:46","modified_gmt":"2021-02-21T19:38:46","slug":"magneti-marelli-062900063304-hehkutulppa","status":"publish","type":"product","link":"https:\/\/www.autonvaraosahaku.fi\/?product=magneti-marelli-062900063304-hehkutulppa","title":{"rendered":"MAGNETI MARELLI 062900063304 Hehkutulppa"},"content":{"rendered":"<p>Liittimet: M4; Kiristysmomentti enint\u00e4\u00e4n [Nm]: 18; Virta (A): 10; Kiristysmomentti > [Nm]: 10; Kiristysmomentti: 2,5; Hehkutulppatyyppi: Metallihehkutulppa; Asennuskulma: 123; J\u00e4nnite (V): 11; Pituus 1 (mm): 45,5; Pituus 2 (mm): 22,5; Kokonaispituus (mm): 83,4; Kierremitta: M10X1,25; Avainv\u00e4li: 12; L\u00e4mmitysaika [min]: 7; TECDOC-moottorinumero: 24657; MAZDA: 323 P V BA,626 IV Hatchback GE,B-SERIE UN,323 C IV BG,626 IV GE,FAMILIA V BG8,323 III Hatchback BF,626 III GD,FAMILIA IV BG,626 III Hatchback GD,E-SERIE Kasten SR2,626 III Station Wagon GV,626 II GC,626 II Hatchback GC,B-SERIE UF,323 III BF,MPV I LV,323 III Station Wagon BW,B-SERIE Pritsche\/Fahrgestell UF; SUZUKI: GRAND VITARA I FT,VITARA ET, TA; KIA: SPORTAGE K00,RETONA CE,PREGIO Kasten TB,K2700 SD,K2700; FORD: RANGER ES, ET,RANGER ER, EQ; 1536023, 3601370, 4025139, 4434918, 5007956, 8M3412A342AA, XM3412A342AA, XM3412A342BA, XM3412A342BB, XM3412A342CA, 0K04S18140A, 0K55118150, 0K04S18140A, 0K05418140, 0K55118150, 0K71018140, 0K71018140A, 0K71E18140A, 0K75A18140, 0K75B18140, OK05418140, OK71018140, OK71018140A, OK71018410A, OK71E18140, OK71E18140A, OK75A18140, OK75B18140, RF1M18601, RFG118601, RFJ518601, RFN118601, RFN118601A, RFR118601, S21018140, WL0118601, WL0318601, WL251861X, WL8118601, WLE718601, WLE818601, WLO118601, WLO318601, WLY518601, WLY818601, MQ901659, 11065HA300, RFJ518601, 09900RF001, 09900RF001000, 1855078E00, 1855078E00000, 1855078E10, 1855078E11, 1855078E11000, 18550DG146A00, 1955078E11000, 9991278E00, 9991278E01<\/p>\n","protected":false},"excerpt":{"rendered":"<p>MAGNETI MARELLI Hehkutulppa 062900063304  MAZDA,SUZUKI,KIA,323 P V BA,626 IV Hatchback GE,B-SERIE UN,323 C IV BG,626 IV GE,FAMILIA V BG8<\/p>\n","protected":false},"featured_media":0,"template":"","meta":{"site-sidebar-layout":"default","site-content-layout":"default","ast-global-header-display":"","ast-main-header-display":"","ast-hfb-above-header-display":"","ast-hfb-below-header-display":"","ast-hfb-mobile-header-display":"","site-post-title":"","ast-breadcrumbs-content":"","ast-featured-img":"","footer-sml-layout":"","theme-transparent-header-meta":"","adv-header-id-meta":"","stick-header-meta":"","header-above-stick-meta":"","header-main-stick-meta":"","header-below-stick-meta":""},"pwb-brand":[34],"product_cat":[52],"product_tag":[],"class_list":{"0":"post-75275","1":"product","2":"type-product","3":"status-publish","5":"pwb-brand-magneti-marelli","6":"product_cat-hehkutulppa","7":"desktop-align-left","8":"tablet-align-left","9":"mobile-align-left","11":"first","12":"instock","13":"product-type-external"},"brands":[{"id":34,"name":"MAGNETI MARELLI","slug":"magneti-marelli"}],"_links":{"self":[{"href":"https:\/\/www.autonvaraosahaku.fi\/index.php?rest_route=\/wp\/v2\/product\/75275","targetHints":{"allow":["GET"]}}],"collection":[{"href":"https:\/\/www.autonvaraosahaku.fi\/index.php?rest_route=\/wp\/v2\/product"}],"about":[{"href":"https:\/\/www.autonvaraosahaku.fi\/index.php?rest_route=\/wp\/v2\/types\/product"}],"wp:attachment":[{"href":"https:\/\/www.autonvaraosahaku.fi\/index.php?rest_route=%2Fwp%2Fv2%2Fmedia&parent=75275"}],"wp:term":[{"taxonomy":"pwb-brand","embeddable":true,"href":"https:\/\/www.autonvaraosahaku.fi\/index.php?rest_route=%2Fwp%2Fv2%2Fpwb-brand&post=75275"},{"taxonomy":"product_cat","embeddable":true,"href":"https:\/\/www.autonvaraosahaku.fi\/index.php?rest_route=%2Fwp%2Fv2%2Fproduct_cat&post=75275"},{"taxonomy":"product_tag","embeddable":true,"href":"https:\/\/www.autonvaraosahaku.fi\/index.php?rest_route=%2Fwp%2Fv2%2Fproduct_tag&post=75275"}],"curies":[{"name":"wp","href":"https:\/\/api.w.org\/{rel}","templated":true}]}}