{"id":75540,"date":"2021-02-21T19:40:20","date_gmt":"2021-02-21T19:40:20","guid":{"rendered":"https:\/\/www.autonvaraosahaku.fi\/?product=a-b-s-44031-jarrupaineensaadin"},"modified":"2021-02-21T19:40:25","modified_gmt":"2021-02-21T19:40:25","slug":"a-b-s-44031-jarrupaineensaadin","status":"publish","type":"product","link":"https:\/\/www.autonvaraosahaku.fi\/?product=a-b-s-44031-jarrupaineensaadin","title":{"rendered":"A.B.S. 44031 Jarrupaineens\u00e4\u00e4din"},"content":{"rendered":"<p>Asennuspuoli: Takana; Jarruj\u00e4rjestelm\u00e4: ATE; Kierremitta: 2xM10\/2xM12; Paino [kg]: 0,48; Valmistusvuoteen: 05\/1987; RENAULT: SUPER 5 B\/C40_,SUPER 5 Kasten S40_; 6001007399, 7700727587, 7701349735<\/p>\n","protected":false},"excerpt":{"rendered":"<p>A.B.S. Jarrupaineens\u00e4\u00e4din 44031  RENAULT,SUPER 5 B\/C40_,SUPER 5 Kasten S40_<\/p>\n","protected":false},"featured_media":0,"template":"","meta":{"site-sidebar-layout":"default","site-content-layout":"default","ast-global-header-display":"","ast-main-header-display":"","ast-hfb-above-header-display":"","ast-hfb-below-header-display":"","ast-hfb-mobile-header-display":"","site-post-title":"","ast-breadcrumbs-content":"","ast-featured-img":"","footer-sml-layout":"","theme-transparent-header-meta":"","adv-header-id-meta":"","stick-header-meta":"","header-above-stick-meta":"","header-main-stick-meta":"","header-below-stick-meta":""},"pwb-brand":[326],"product_cat":[488],"product_tag":[],"class_list":{"0":"post-75540","1":"product","2":"type-product","3":"status-publish","5":"pwb-brand-a-b-s","6":"product_cat-jarrupaineensaadin","7":"desktop-align-left","8":"tablet-align-left","9":"mobile-align-left","11":"first","12":"instock","13":"product-type-external"},"brands":[{"id":326,"name":"A.B.S.","slug":"a-b-s"}],"_links":{"self":[{"href":"https:\/\/www.autonvaraosahaku.fi\/index.php?rest_route=\/wp\/v2\/product\/75540","targetHints":{"allow":["GET"]}}],"collection":[{"href":"https:\/\/www.autonvaraosahaku.fi\/index.php?rest_route=\/wp\/v2\/product"}],"about":[{"href":"https:\/\/www.autonvaraosahaku.fi\/index.php?rest_route=\/wp\/v2\/types\/product"}],"wp:attachment":[{"href":"https:\/\/www.autonvaraosahaku.fi\/index.php?rest_route=%2Fwp%2Fv2%2Fmedia&parent=75540"}],"wp:term":[{"taxonomy":"pwb-brand","embeddable":true,"href":"https:\/\/www.autonvaraosahaku.fi\/index.php?rest_route=%2Fwp%2Fv2%2Fpwb-brand&post=75540"},{"taxonomy":"product_cat","embeddable":true,"href":"https:\/\/www.autonvaraosahaku.fi\/index.php?rest_route=%2Fwp%2Fv2%2Fproduct_cat&post=75540"},{"taxonomy":"product_tag","embeddable":true,"href":"https:\/\/www.autonvaraosahaku.fi\/index.php?rest_route=%2Fwp%2Fv2%2Fproduct_tag&post=75540"}],"curies":[{"name":"wp","href":"https:\/\/api.w.org\/{rel}","templated":true}]}}