{"id":76109,"date":"2021-02-21T19:43:51","date_gmt":"2021-02-21T19:43:51","guid":{"rendered":"https:\/\/www.autonvaraosahaku.fi\/?product=ridex-193b0019-vetonivelen-suojakumi"},"modified":"2021-02-21T19:43:53","modified_gmt":"2021-02-21T19:43:53","slug":"ridex-193b0019-vetonivelen-suojakumi","status":"publish","type":"product","link":"https:\/\/www.autonvaraosahaku.fi\/?product=ridex-193b0019-vetonivelen-suojakumi","title":{"rendered":"RIDEX 193B0019 Vetonivelen suojakumi"},"content":{"rendered":"<p>Paksuus [mm]: 112,0; Sis\u00e4l\u00e4pimitta [mm]: 25,5, 83,0; Materiaali: Thermoplast; Asennuspuoli: Py\u00f6r\u00e4n puoli, Etuakseli; Paino [kg]: 0,240; JEEP: GRAND CHEROKEE II WJ, WG,GRAND CHEROKEE I ZJ; DODGE: NITRO; 04796233, 04796233AB, 04796233AB64, 05066025AB, 05080516AA, 4796233, 4796233AB, 5066025AB, K04796233, K04796233AB64, K05080516AA, 04796233, 04796233AB, 04796233AB64, 05080516AA, 4796233, 4796233AB, K04796233, K04796233AB64, K05080516AA, 05066025AB, 5066025AB, 04796233, 04796233AB, 04796233AB64, 05080516AA, 4796233AB, K04796233, K04796233AB64, K05080516AA, BCB6080, 04796233, 04796233AB, 04796233AB64, 05080516AA, 4796233AB, K04796233, K04796233AB64, K05080516AA, 854080701; Vetoakselin Suojakumi,Paljekumi, Vetoakseli<\/p>\n","protected":false},"excerpt":{"rendered":"<p>RIDEX Vetonivelen Suojakumi 193B0019 Vetoakselin Suojakumi,Paljekumi, Vetoakseli JEEP,DODGE,GRAND CHEROKEE II WJ, WG,GRAND CHEROKEE I ZJ,NITRO<\/p>\n","protected":false},"featured_media":0,"template":"","meta":{"site-sidebar-layout":"default","site-content-layout":"default","ast-global-header-display":"","ast-main-header-display":"","ast-hfb-above-header-display":"","ast-hfb-below-header-display":"","ast-hfb-mobile-header-display":"","site-post-title":"","ast-breadcrumbs-content":"","ast-featured-img":"","footer-sml-layout":"","theme-transparent-header-meta":"","adv-header-id-meta":"","stick-header-meta":"","header-above-stick-meta":"","header-main-stick-meta":"","header-below-stick-meta":""},"pwb-brand":[157],"product_cat":[42],"product_tag":[],"class_list":{"0":"post-76109","1":"product","2":"type-product","3":"status-publish","5":"pwb-brand-ridex","6":"product_cat-vetonivelen-suojakumi","7":"desktop-align-left","8":"tablet-align-left","9":"mobile-align-left","11":"first","12":"instock","13":"product-type-external"},"brands":[{"id":157,"name":"RIDEX","slug":"ridex"}],"_links":{"self":[{"href":"https:\/\/www.autonvaraosahaku.fi\/index.php?rest_route=\/wp\/v2\/product\/76109","targetHints":{"allow":["GET"]}}],"collection":[{"href":"https:\/\/www.autonvaraosahaku.fi\/index.php?rest_route=\/wp\/v2\/product"}],"about":[{"href":"https:\/\/www.autonvaraosahaku.fi\/index.php?rest_route=\/wp\/v2\/types\/product"}],"wp:attachment":[{"href":"https:\/\/www.autonvaraosahaku.fi\/index.php?rest_route=%2Fwp%2Fv2%2Fmedia&parent=76109"}],"wp:term":[{"taxonomy":"pwb-brand","embeddable":true,"href":"https:\/\/www.autonvaraosahaku.fi\/index.php?rest_route=%2Fwp%2Fv2%2Fpwb-brand&post=76109"},{"taxonomy":"product_cat","embeddable":true,"href":"https:\/\/www.autonvaraosahaku.fi\/index.php?rest_route=%2Fwp%2Fv2%2Fproduct_cat&post=76109"},{"taxonomy":"product_tag","embeddable":true,"href":"https:\/\/www.autonvaraosahaku.fi\/index.php?rest_route=%2Fwp%2Fv2%2Fproduct_tag&post=76109"}],"curies":[{"name":"wp","href":"https:\/\/api.w.org\/{rel}","templated":true}]}}