{"id":76356,"date":"2021-02-21T19:45:32","date_gmt":"2021-02-21T19:45:32","guid":{"rendered":"https:\/\/www.autonvaraosahaku.fi\/?product=mapco-104401-pyyhkijansulat"},"modified":"2021-02-21T19:45:35","modified_gmt":"2021-02-21T19:45:35","slug":"mapco-104401-pyyhkijansulat","status":"publish","type":"product","link":"https:\/\/www.autonvaraosahaku.fi\/?product=mapco-104401-pyyhkijansulat","title":{"rendered":"MAPCO 104401 Pyyhkij\u00e4nsulat"},"content":{"rendered":"<p>Pituus (mm): 400; Pituus (tuumaa): 16; M\u00e4\u00e4r\u00e4: 1; Erittely: B\u00fcgelwischer; Asennuspuoli: hinten; VW: TOURAN 1T1, 1T2,TRANSPORTER IV Bus 70XB, 70XC, 7DB, 7DW,SHARAN 7M8, 7M9, 7M6,GOLF II 19E, 1G1,PASSAT Variant 3A5, 35I,GOLF I Cabriolet 155,TRANSPORTER IV Kasten 70XA,TRANSPORTER III Bus,POLO 86C, 80,POLO Coupe 86C, 80,PASSAT 3A2, 35I,TRANSPORTER IV Pritsche\/Fahrgestell 70XD,SCIROCCO 53B,GOLF I 17,CADDY I 14,JETTA II 19E, 1G2, 165,PASSAT Variant 32B,TRANSPORTER III Kasten,POLO CLASSIC 86C, 80,TRANSPORTER II Bus,TRANSPORTER III Pritsche\/Fahrgestell,PASSAT 32B,POLO 86,SCIROCCO 53,JETTA I 16,DERBY 86C, 80,POLO Kasten 86CF,PASSAT 32,DERBY 86,TRANSPORTER II Kasten,PASSAT Variant 33,TRANSPORTER II Pritsche\/Fahrgestell; AUDI: 80 Avant 8C, B4,80 81, 85, B2,80 80, 82, B1,100 C1,50 86; MAZDA: 2 DY,PREMACY CP,DEMIO DW,MPV II LW,323 III Hatchback BF,121 II DB,FAMILIA IV BG,E-SERIE Kasten SR2,626 III Station Wagon GV,323 III BF,MPV I LV,323 III Station Wagon BW,323 II Hatchback BD,323 II BD,323 I Station Wagon FA,E-SERIE Kasten,929 II Kombi HV; NISSAN: MICRA II K11,ALMERA II Hatchback N16,PRIMERA Traveller WP11,ALMERA Mk II N16,ALMERA I N15,PICK UP D21,PRIMASTAR Kasten X83,VANETTE CARGO Kasten HC 23,PICK UP 720,VANETTE CARGO Bus HC 23,SUNNY II N13,PRAIRIE PRO M11,PRAIRIE M10, NM10,URVAN Kasten E23,SUNNY I B11,SUNNY I Coupe B11,VANETTE Bus KC120,URVAN Bus E23,SUNNY I Traveller B11,DATSUN 180 B PL810,BLUEBIRD Stufenheck 910; DAEWOO: KALOS KLAS,MATIZ KLYA,KALOS Stufenheck KLAS; LADA: 1200-1600,NOVA 2105,TOSCANA 2107,NOVA Kombi 2104; SKODA: FELICIA I 6U1,FELICIA II 6U1,FELICIA I Fun 797,FELICIA I Kombi 6U5,105,120 742,FELICIA II Kombi 6U5,FAVORIT 781,105,120 744,FAVORIT Forman 785,130,RAPID 120G, 130G, 135G; SUZUKI: JIMNY FJ,SWIFT II Schr\u00e4gheck EA, MA,SWIFT II Stufenheck AH, AJ; SEAT: ALHAMBRA 7V8, 7V9,MARBELLA 28,TERRA Kasten 024A,MARBELLA Kasten 028A,MALAGA 023A,TERRA 24,131,RONDA 022A,PANDA 141A; CHEVROLET: KALOS,TRAILBLAZER KC_; 05018407AA, 6426AR, 6426CP, 6426SF, 5910987, 9406426509, MZ690105, MZ690106A, 6423G4, 6426GG, 6426GX, 6426HG, 6426HP, 6426KW, 7711172775, 7711172779, 7711219433, 161955427; Tuulilasinpyyhkimet,Pyyhkij\u00e4t,Pyyhkij\u00e4nsulka<\/p>\n","protected":false},"excerpt":{"rendered":"<p>MAPCO Pyyhkij\u00e4nsulat 104401 Tuulilasinpyyhkimet,Pyyhkij\u00e4t VW,AUDI,MAZDA,TOURAN 1T1, 1T2,TRANSPORTER IV Bus 70XB, 70XC, 7DB, 7DW,SHARAN 7M8, 7M9, 7M6<\/p>\n","protected":false},"featured_media":0,"template":"","meta":{"site-sidebar-layout":"default","site-content-layout":"default","ast-global-header-display":"","ast-main-header-display":"","ast-hfb-above-header-display":"","ast-hfb-below-header-display":"","ast-hfb-mobile-header-display":"","site-post-title":"","ast-breadcrumbs-content":"","ast-featured-img":"","footer-sml-layout":"","theme-transparent-header-meta":"","adv-header-id-meta":"","stick-header-meta":"","header-above-stick-meta":"","header-main-stick-meta":"","header-below-stick-meta":""},"pwb-brand":[36],"product_cat":[33],"product_tag":[],"class_list":{"0":"post-76356","1":"product","2":"type-product","3":"status-publish","5":"pwb-brand-mapco","6":"product_cat-pyyhkijansulat","7":"desktop-align-left","8":"tablet-align-left","9":"mobile-align-left","11":"first","12":"instock","13":"product-type-external"},"brands":[{"id":36,"name":"MAPCO","slug":"mapco"}],"_links":{"self":[{"href":"https:\/\/www.autonvaraosahaku.fi\/index.php?rest_route=\/wp\/v2\/product\/76356","targetHints":{"allow":["GET"]}}],"collection":[{"href":"https:\/\/www.autonvaraosahaku.fi\/index.php?rest_route=\/wp\/v2\/product"}],"about":[{"href":"https:\/\/www.autonvaraosahaku.fi\/index.php?rest_route=\/wp\/v2\/types\/product"}],"wp:attachment":[{"href":"https:\/\/www.autonvaraosahaku.fi\/index.php?rest_route=%2Fwp%2Fv2%2Fmedia&parent=76356"}],"wp:term":[{"taxonomy":"pwb-brand","embeddable":true,"href":"https:\/\/www.autonvaraosahaku.fi\/index.php?rest_route=%2Fwp%2Fv2%2Fpwb-brand&post=76356"},{"taxonomy":"product_cat","embeddable":true,"href":"https:\/\/www.autonvaraosahaku.fi\/index.php?rest_route=%2Fwp%2Fv2%2Fproduct_cat&post=76356"},{"taxonomy":"product_tag","embeddable":true,"href":"https:\/\/www.autonvaraosahaku.fi\/index.php?rest_route=%2Fwp%2Fv2%2Fproduct_tag&post=76356"}],"curies":[{"name":"wp","href":"https:\/\/api.w.org\/{rel}","templated":true}]}}