{"id":76442,"date":"2021-02-21T19:46:06","date_gmt":"2021-02-21T19:46:06","guid":{"rendered":"https:\/\/www.autonvaraosahaku.fi\/?product=trw-gdb297-jarrupalat"},"modified":"2021-02-21T19:46:10","modified_gmt":"2021-02-21T19:46:10","slug":"trw-gdb297-jarrupalat","status":"publish","type":"product","link":"https:\/\/www.autonvaraosahaku.fi\/?product=trw-gdb297-jarrupalat","title":{"rendered":"TRW GDB297 Jarrupalat"},"content":{"rendered":"<p>Valmistaja rajaus: BENDIX; Korkeus (mm): 47,4; Pituus (mm): 108,8; Paksuus [mm]: 18,0; Kulumisenilmaisimen liitos: Kulumisenilmaisemelle; Lis\u00e4tarvike\/lis\u00e4tieto: Tarvikkeilla; Tarkistuskilpi: E1 90R 01024\/002; Asennuspuoli: Etuakseli, Vorderachse; M\u00e4\u00e4r\u00e4yksikk\u00f6: Akselisarja; Tuotelinja: COTEC; SEAT: MARBELLA 28,IBIZA I 021A,TERRA Kasten 024A,MARBELLA Kasten 028A,MALAGA 023A,TERRA 24,131,RONDA 022A,PANDA 141A; LANCIA: Y10 156; FIAT: PANDA 141A_,UNO 146A\/E,PANDA Van 141_,131,RITMO I 138A,REGATA 138,UNO Kasten 146,131 Familiare\/Panorama,147,REGATA Weekend 138,147 Panorama; AUTOBIANCHI: Y10; 5892310, 791906, 792561, 793322, 0000000791906, 0000000792113, 0000000792539, 0000000792561, 0000000793322, 0000000793323, 0000004146130, 0000005889226, 0000005889227, 0000005892312, 0792589, 5892309, 5892310, 5951660, 5951671, 71748384, 7584469, 77362266, 791906, 792538, 792561, 792589, 792725, 793322, 793325, 9938853, 655793385, 5892309, 0000000792113, 5892309, 5892310, 5951660, 71748384, 791906, 792538, 792561, 792589, 792725, 793322, 793325, SE021165081A, SE022165081A, SE131165081A, SE14116081A, SE141165081A, SE141165081C, SE22165081A; Jarrupalasarja,Jarrupala, Levyjarru<\/p>\n","protected":false},"excerpt":{"rendered":"<p>TRW Jarrupalat GDB297 Jarrupalasarja,Jarrupala, Levyjarru SEAT,LANCIA,FIAT,MARBELLA 28,IBIZA I 021A,TERRA Kasten 024A,MARBELLA Kasten 028A,MALAGA 023A<\/p>\n","protected":false},"featured_media":0,"template":"","meta":{"site-sidebar-layout":"default","site-content-layout":"default","ast-global-header-display":"","ast-main-header-display":"","ast-hfb-above-header-display":"","ast-hfb-below-header-display":"","ast-hfb-mobile-header-display":"","site-post-title":"","ast-breadcrumbs-content":"","ast-featured-img":"","footer-sml-layout":"","theme-transparent-header-meta":"","adv-header-id-meta":"","stick-header-meta":"","header-above-stick-meta":"","header-main-stick-meta":"","header-below-stick-meta":""},"pwb-brand":[332],"product_cat":[100],"product_tag":[],"class_list":{"0":"post-76442","1":"product","2":"type-product","3":"status-publish","5":"pwb-brand-trw","6":"product_cat-jarrupalat","7":"desktop-align-left","8":"tablet-align-left","9":"mobile-align-left","11":"first","12":"instock","13":"product-type-external"},"brands":[{"id":332,"name":"TRW","slug":"trw"}],"_links":{"self":[{"href":"https:\/\/www.autonvaraosahaku.fi\/index.php?rest_route=\/wp\/v2\/product\/76442","targetHints":{"allow":["GET"]}}],"collection":[{"href":"https:\/\/www.autonvaraosahaku.fi\/index.php?rest_route=\/wp\/v2\/product"}],"about":[{"href":"https:\/\/www.autonvaraosahaku.fi\/index.php?rest_route=\/wp\/v2\/types\/product"}],"wp:attachment":[{"href":"https:\/\/www.autonvaraosahaku.fi\/index.php?rest_route=%2Fwp%2Fv2%2Fmedia&parent=76442"}],"wp:term":[{"taxonomy":"pwb-brand","embeddable":true,"href":"https:\/\/www.autonvaraosahaku.fi\/index.php?rest_route=%2Fwp%2Fv2%2Fpwb-brand&post=76442"},{"taxonomy":"product_cat","embeddable":true,"href":"https:\/\/www.autonvaraosahaku.fi\/index.php?rest_route=%2Fwp%2Fv2%2Fproduct_cat&post=76442"},{"taxonomy":"product_tag","embeddable":true,"href":"https:\/\/www.autonvaraosahaku.fi\/index.php?rest_route=%2Fwp%2Fv2%2Fproduct_tag&post=76442"}],"curies":[{"name":"wp","href":"https:\/\/api.w.org\/{rel}","templated":true}]}}