{"id":76538,"date":"2021-02-21T19:46:44","date_gmt":"2021-02-21T19:46:44","guid":{"rendered":"https:\/\/www.autonvaraosahaku.fi\/?product=dt-4-40323-pyoranpultit"},"modified":"2021-02-21T19:46:46","modified_gmt":"2021-02-21T19:46:46","slug":"dt-4-40323-pyoranpultit","status":"publish","type":"product","link":"https:\/\/www.autonvaraosahaku.fi\/?product=dt-4-40323-pyoranpultit","title":{"rendered":"DT 4.40323 Py\u00f6r\u00e4npultit"},"content":{"rendered":"<p>Paino [g]: 360; Kierteen pituus (mm): 40; Ruuvin pituus ilman p\u00e4\u00e4t\u00e4: 110; Ruuvikanta-\u00d8 [mm]: 32; Pituus (mm): 121; Kierremitta: M22 x 1,5; Laatu \/ luokka: 10.9; MERCEDES-BENZ: ACTROS,ACTROS MP2 \/ MP3,ATEGO,ATEGO 2,AXOR,AXOR 2,CONECTO (O 345),ECONIC,LK\/LN2,MK,NG,O 404,SK,T2\/L,TOURO (O 500),ZETROS; MAN: CLA,E2000,EM,F2000,F90,F90 Unterflur,HOCL,NM,SL II,SM,TGA,TGS,TGX; 81455010067, 81455010082, 81455010141, 3814010771<\/p>\n","protected":false},"excerpt":{"rendered":"<p>DT Py\u00f6r\u00e4npultit 4.40323  MERCEDES-BENZ,MAN,ACTROS,ACTROS MP2 \/ MP3,ATEGO,ATEGO 2,AXOR,AXOR 2,CONECTO (O 345),ECONIC,LK\/LN2,MK,NG,O 404,SK,T2\/L<\/p>\n","protected":false},"featured_media":0,"template":"","meta":{"site-sidebar-layout":"default","site-content-layout":"default","ast-global-header-display":"","ast-main-header-display":"","ast-hfb-above-header-display":"","ast-hfb-below-header-display":"","ast-hfb-mobile-header-display":"","site-post-title":"","ast-breadcrumbs-content":"","ast-featured-img":"","footer-sml-layout":"","theme-transparent-header-meta":"","adv-header-id-meta":"","stick-header-meta":"","header-above-stick-meta":"","header-main-stick-meta":"","header-below-stick-meta":""},"pwb-brand":[75],"product_cat":[51],"product_tag":[],"class_list":{"0":"post-76538","1":"product","2":"type-product","3":"status-publish","5":"pwb-brand-dt","6":"product_cat-pyoranpultit","7":"desktop-align-left","8":"tablet-align-left","9":"mobile-align-left","11":"first","12":"instock","13":"product-type-external"},"brands":[{"id":75,"name":"DT","slug":"dt"}],"_links":{"self":[{"href":"https:\/\/www.autonvaraosahaku.fi\/index.php?rest_route=\/wp\/v2\/product\/76538","targetHints":{"allow":["GET"]}}],"collection":[{"href":"https:\/\/www.autonvaraosahaku.fi\/index.php?rest_route=\/wp\/v2\/product"}],"about":[{"href":"https:\/\/www.autonvaraosahaku.fi\/index.php?rest_route=\/wp\/v2\/types\/product"}],"wp:attachment":[{"href":"https:\/\/www.autonvaraosahaku.fi\/index.php?rest_route=%2Fwp%2Fv2%2Fmedia&parent=76538"}],"wp:term":[{"taxonomy":"pwb-brand","embeddable":true,"href":"https:\/\/www.autonvaraosahaku.fi\/index.php?rest_route=%2Fwp%2Fv2%2Fpwb-brand&post=76538"},{"taxonomy":"product_cat","embeddable":true,"href":"https:\/\/www.autonvaraosahaku.fi\/index.php?rest_route=%2Fwp%2Fv2%2Fproduct_cat&post=76538"},{"taxonomy":"product_tag","embeddable":true,"href":"https:\/\/www.autonvaraosahaku.fi\/index.php?rest_route=%2Fwp%2Fv2%2Fproduct_tag&post=76538"}],"curies":[{"name":"wp","href":"https:\/\/api.w.org\/{rel}","templated":true}]}}