{"id":76663,"date":"2021-02-21T19:47:28","date_gmt":"2021-02-21T19:47:28","guid":{"rendered":"https:\/\/www.autonvaraosahaku.fi\/?product=trw-jsl240-jousijalan-tukilaakeri"},"modified":"2021-02-21T19:47:32","modified_gmt":"2021-02-21T19:47:32","slug":"trw-jsl240-jousijalan-tukilaakeri","status":"publish","type":"product","link":"https:\/\/www.autonvaraosahaku.fi\/?product=trw-jsl240-jousijalan-tukilaakeri","title":{"rendered":"TRW JSL240 Jousijalan tukilaakeri"},"content":{"rendered":"<p>Asennuspuoli: Etuakseli; Korkeus (mm): 36; Tarvittava kappalem\u00e4\u00e4r\u00e4: 2; Materiaali: Kumi-metalli; Ulkol\u00e4pimitta [mm]: 82; keskitt\u00e4misl\u00e4pimitta [mm]: 14,2; Korvaava tuote\/korvaava tiedote 2: laakerilla; Valmistusvuoteen: 08\/2009; VW: GOLF IV 1J1,LUPO 6X1, 6E1,POLO 6N1,FOX 5Z1, 5Z3,POLO 86C, 80; SKODA: FABIA,FABIA Combi,OCTAVIA 1U2; PEUGEOT: 807 E,806 221,EXPERT Tepee VF3V_,EXPERT Kasten VF3A_, VF3U_, VF3X_,EXPERT Kasten 222,EXPERT 224; SEAT: IBIZA V 6J5, 6P5,AROSA 6H,CORDOBA 6K1, 6K2; CITRO\u00cbN: C8 EA_, EB_,JUMPY,JUMPY Kasten,EVASION 22, U6,JUMPY U6U,JUMPY Kasten BS_, BT_, BY_, BZ_,JUMPY Pritsche\/Fahrgestell BU_, BV_, BW_, BX_; 1J0412249, 357412249A, 6K0413031B, 6N0412331, 6N0412331A, 1J0412249, 357412249A, 6K0413031B, 6N0412331, 6N0412331A, 1J0412249, 357412249A, 6K0413031B, 1J0412249, 357412249A, 6K0413031B, 6N0412331, 6N0412331A<\/p>\n","protected":false},"excerpt":{"rendered":"<p>TRW Korjaussarja, Jousijalan Tukilaakeri JSL240  VW,SKODA,PEUGEOT,GOLF IV 1J1,LUPO 6X1, 6E1,POLO 6N1,FOX 5Z1, 5Z3,POLO 86C, 80,FABIA,FABIA Combi<\/p>\n","protected":false},"featured_media":0,"template":"","meta":{"site-sidebar-layout":"default","site-content-layout":"default","ast-global-header-display":"","ast-main-header-display":"","ast-hfb-above-header-display":"","ast-hfb-below-header-display":"","ast-hfb-mobile-header-display":"","site-post-title":"","ast-breadcrumbs-content":"","ast-featured-img":"","footer-sml-layout":"","theme-transparent-header-meta":"","adv-header-id-meta":"","stick-header-meta":"","header-above-stick-meta":"","header-main-stick-meta":"","header-below-stick-meta":""},"pwb-brand":[332],"product_cat":[45],"product_tag":[],"class_list":{"0":"post-76663","1":"product","2":"type-product","3":"status-publish","5":"pwb-brand-trw","6":"product_cat-jousijalan-tukilaakeri","7":"desktop-align-left","8":"tablet-align-left","9":"mobile-align-left","11":"first","12":"instock","13":"product-type-external"},"brands":[{"id":332,"name":"TRW","slug":"trw"}],"_links":{"self":[{"href":"https:\/\/www.autonvaraosahaku.fi\/index.php?rest_route=\/wp\/v2\/product\/76663","targetHints":{"allow":["GET"]}}],"collection":[{"href":"https:\/\/www.autonvaraosahaku.fi\/index.php?rest_route=\/wp\/v2\/product"}],"about":[{"href":"https:\/\/www.autonvaraosahaku.fi\/index.php?rest_route=\/wp\/v2\/types\/product"}],"wp:attachment":[{"href":"https:\/\/www.autonvaraosahaku.fi\/index.php?rest_route=%2Fwp%2Fv2%2Fmedia&parent=76663"}],"wp:term":[{"taxonomy":"pwb-brand","embeddable":true,"href":"https:\/\/www.autonvaraosahaku.fi\/index.php?rest_route=%2Fwp%2Fv2%2Fpwb-brand&post=76663"},{"taxonomy":"product_cat","embeddable":true,"href":"https:\/\/www.autonvaraosahaku.fi\/index.php?rest_route=%2Fwp%2Fv2%2Fproduct_cat&post=76663"},{"taxonomy":"product_tag","embeddable":true,"href":"https:\/\/www.autonvaraosahaku.fi\/index.php?rest_route=%2Fwp%2Fv2%2Fproduct_tag&post=76663"}],"curies":[{"name":"wp","href":"https:\/\/api.w.org\/{rel}","templated":true}]}}