{"id":76849,"date":"2021-02-21T19:48:33","date_gmt":"2021-02-21T19:48:33","guid":{"rendered":"https:\/\/www.autonvaraosahaku.fi\/?product=vegaz-md-103-pakosarjan-tiivisteet"},"modified":"2021-02-21T19:48:39","modified_gmt":"2021-02-21T19:48:39","slug":"vegaz-md-103-pakosarjan-tiivisteet","status":"publish","type":"product","link":"https:\/\/www.autonvaraosahaku.fi\/?product=vegaz-md-103-pakosarjan-tiivisteet","title":{"rendered":"VEGAZ MD-103 Pakosarjan tiivisteet"},"content":{"rendered":"<p>Korkeus (mm): 18,9; L\u00e4pimitta [mm]: 59; Materiaali: Ter\u00e4s; Sis\u00e4l\u00e4pimitta [mm]: 46; Ulkol\u00e4pimitta [mm]: 59; Muoto: O-rengas; Paksuus [mm]: 19; Valmistusvuosi alkaen: 01\/1991; MERCEDES-BENZ: C-CLASS W202,190 W201,E-CLASS W210,Stufenheck W124,C-CLASS Kombi S202,Stufenheck W123,S-CLASS W126,KOMBI Kombi S124,E-CLASS W124,VITO Bus 638,COUPE C124,E-CLASS Kombi S124,S-CLASS Coupe C126,KOMBI Kombi S123,VITO Kasten 638,E-CLASS Cabriolet A124,E-CLASS Coupe C124; 1264920381, 2024920381<\/p>\n","protected":false},"excerpt":{"rendered":"<p>VEGAZ Tiivisterengas, Pakoputki MD-103  MERCEDES-BENZ,C-CLASS W202,190 W201,E-CLASS W210,Stufenheck W124,C-CLASS Kombi S202,Stufenheck W123<\/p>\n","protected":false},"featured_media":0,"template":"","meta":{"site-sidebar-layout":"default","site-content-layout":"default","ast-global-header-display":"","ast-main-header-display":"","ast-hfb-above-header-display":"","ast-hfb-below-header-display":"","ast-hfb-mobile-header-display":"","site-post-title":"","ast-breadcrumbs-content":"","ast-featured-img":"","footer-sml-layout":"","theme-transparent-header-meta":"","adv-header-id-meta":"","stick-header-meta":"","header-above-stick-meta":"","header-main-stick-meta":"","header-below-stick-meta":""},"pwb-brand":[306],"product_cat":[123],"product_tag":[],"class_list":{"0":"post-76849","1":"product","2":"type-product","3":"status-publish","5":"pwb-brand-vegaz","6":"product_cat-pakosarjan-tiivisteet","7":"desktop-align-left","8":"tablet-align-left","9":"mobile-align-left","11":"first","12":"instock","13":"product-type-external"},"brands":[{"id":306,"name":"VEGAZ","slug":"vegaz"}],"_links":{"self":[{"href":"https:\/\/www.autonvaraosahaku.fi\/index.php?rest_route=\/wp\/v2\/product\/76849","targetHints":{"allow":["GET"]}}],"collection":[{"href":"https:\/\/www.autonvaraosahaku.fi\/index.php?rest_route=\/wp\/v2\/product"}],"about":[{"href":"https:\/\/www.autonvaraosahaku.fi\/index.php?rest_route=\/wp\/v2\/types\/product"}],"wp:attachment":[{"href":"https:\/\/www.autonvaraosahaku.fi\/index.php?rest_route=%2Fwp%2Fv2%2Fmedia&parent=76849"}],"wp:term":[{"taxonomy":"pwb-brand","embeddable":true,"href":"https:\/\/www.autonvaraosahaku.fi\/index.php?rest_route=%2Fwp%2Fv2%2Fpwb-brand&post=76849"},{"taxonomy":"product_cat","embeddable":true,"href":"https:\/\/www.autonvaraosahaku.fi\/index.php?rest_route=%2Fwp%2Fv2%2Fproduct_cat&post=76849"},{"taxonomy":"product_tag","embeddable":true,"href":"https:\/\/www.autonvaraosahaku.fi\/index.php?rest_route=%2Fwp%2Fv2%2Fproduct_tag&post=76849"}],"curies":[{"name":"wp","href":"https:\/\/api.w.org\/{rel}","templated":true}]}}