{"id":77336,"date":"2021-02-21T19:51:34","date_gmt":"2021-02-21T19:51:34","guid":{"rendered":"https:\/\/www.autonvaraosahaku.fi\/?product=beru-zs350-sytytyspuola"},"modified":"2021-02-21T19:51:36","modified_gmt":"2021-02-21T19:51:36","slug":"beru-zs350-sytytyspuola","status":"publish","type":"product","link":"https:\/\/www.autonvaraosahaku.fi\/?product=beru-zs350-sytytyspuola","title":{"rendered":"BERU ZS350 Sytytyspuola"},"content":{"rendered":"<p>Liittimet: Sawtooth; Sytytyspuola: Liit\u00e4nt\u00e4 sahahammas; Liittimi\u00e4: 4; J\u00e4nnite (V): 12; Napojen m\u00e4\u00e4r\u00e4: 3; Tarvittava kappalem\u00e4\u00e4r\u00e4: 1; Korvaava tuote\/korvaava tiedote 2: Ei elektroniikkaa, l\u00e4mp\u00f6suojapellill\u00e4; Lis\u00e4tarvike\/lis\u00e4tieto: Pidikkeell\u00e4; Valmistusvuosi alkaen: 05\/1998; MAZDA: 2 DY,TRIBUTE EP,121 III JASM, JBSM; FORD: FIESTA V JH_, JD_,FOCUS Kombi DNW,FOCUS II DA_,FOCUS DAW, DBW,FIESTA IV JA_, JB_,FUSION JU_,KA RB_,MAVERICK,FOCUS Stufenheck DFW,STREET KA RL2,MONDEO II Kombi BNP,TRANSIT CONNECT P65_, P70_, P80_,COUGAR EC_,MONDEO II BAP,TOURNEO CONNECT,PUMA EC_,ESCORT VII GAL, AAL, ABL,MONDEO II Stufenheck BFP,ESCORT VII Kombi GAL, ANL,FIESTA V Van,FIESTA Kasten J5_, J3_,ESCORT VII Stufenheck GAL, AFL,KA Van RB; 1052492, 1053904, 1066102, 1067601, 1075786, 1111212, 1130402, 12029AB, 1317972, 1S7Z12029AA, 988F12029AA, 988F12029AB, 988F12029AC, 988F12029AD, 98BF12024AB, YM2F12024AD, YM2F12029AA, YM2F12029AD, 1E031810X, 1E041810X, 1E0518100B, 1E081810X, 1E091810X, C20118100, C20118100A, C20118100B, YF091810X, 30735759, 31216444, 31359976<\/p>\n","protected":false},"excerpt":{"rendered":"<p>BERU Sytytyspuola ZS350  MAZDA,FORD,2 DY,TRIBUTE EP,121 III JASM, JBSM,FIESTA V JH_, JD_,FOCUS Kombi DNW,FOCUS II DA_,FOCUS DAW, DBW<\/p>\n","protected":false},"featured_media":0,"template":"","meta":{"site-sidebar-layout":"default","site-content-layout":"default","ast-global-header-display":"","ast-main-header-display":"","ast-hfb-above-header-display":"","ast-hfb-below-header-display":"","ast-hfb-mobile-header-display":"","site-post-title":"","ast-breadcrumbs-content":"","ast-featured-img":"","footer-sml-layout":"","theme-transparent-header-meta":"","adv-header-id-meta":"","stick-header-meta":"","header-above-stick-meta":"","header-main-stick-meta":"","header-below-stick-meta":""},"pwb-brand":[327],"product_cat":[25],"product_tag":[],"class_list":{"0":"post-77336","1":"product","2":"type-product","3":"status-publish","5":"pwb-brand-beru","6":"product_cat-sytytyspuola","7":"desktop-align-left","8":"tablet-align-left","9":"mobile-align-left","11":"first","12":"instock","13":"product-type-external"},"brands":[{"id":327,"name":"BERU","slug":"beru"}],"_links":{"self":[{"href":"https:\/\/www.autonvaraosahaku.fi\/index.php?rest_route=\/wp\/v2\/product\/77336","targetHints":{"allow":["GET"]}}],"collection":[{"href":"https:\/\/www.autonvaraosahaku.fi\/index.php?rest_route=\/wp\/v2\/product"}],"about":[{"href":"https:\/\/www.autonvaraosahaku.fi\/index.php?rest_route=\/wp\/v2\/types\/product"}],"wp:attachment":[{"href":"https:\/\/www.autonvaraosahaku.fi\/index.php?rest_route=%2Fwp%2Fv2%2Fmedia&parent=77336"}],"wp:term":[{"taxonomy":"pwb-brand","embeddable":true,"href":"https:\/\/www.autonvaraosahaku.fi\/index.php?rest_route=%2Fwp%2Fv2%2Fpwb-brand&post=77336"},{"taxonomy":"product_cat","embeddable":true,"href":"https:\/\/www.autonvaraosahaku.fi\/index.php?rest_route=%2Fwp%2Fv2%2Fproduct_cat&post=77336"},{"taxonomy":"product_tag","embeddable":true,"href":"https:\/\/www.autonvaraosahaku.fi\/index.php?rest_route=%2Fwp%2Fv2%2Fproduct_tag&post=77336"}],"curies":[{"name":"wp","href":"https:\/\/api.w.org\/{rel}","templated":true}]}}