{"id":77425,"date":"2021-02-21T19:52:02","date_gmt":"2021-02-21T19:52:02","guid":{"rendered":"https:\/\/www.autonvaraosahaku.fi\/?product=vaico-v10-7416-vetonivel"},"modified":"2021-02-21T19:52:07","modified_gmt":"2021-02-21T19:52:07","slug":"vaico-v10-7416-vetonivel","status":"publish","type":"product","link":"https:\/\/www.autonvaraosahaku.fi\/?product=vaico-v10-7416-vetonivel","title":{"rendered":"VAICO V10-7416 Vetonivel"},"content":{"rendered":"<p>Kierremitta: M16x1,5; Asennuspuoli: Py\u00f6r\u00e4n puoli, Vorderachse links; Ulkol\u00e4pimitta [mm]: 90; Sis\u00e4hammastus, py\u00f6r\u00e4npuoli: 30; Pituus (mm): 95,5; Tiivisteen l\u00e4pimitta [mm]: 59,5; Ulkohammastus, py\u00f6r\u00e4npuoli: 36; Paino [kg]: 2,262; Pakkausleveys [cm]: 11,5; Pakkauskorkeus [mm]: 20; lis\u00e4tieto: CST98; VW: GOLF V 1K1,TOURAN 1T1, 1T2,GOLF VI 5K1,PASSAT Variant 3C5,GOLF PLUS 5M1, 521,PASSAT 3C2,PASSAT Variant 365,GOLF VII 5G1, BE1,CADDY III Kombi 2KB, 2KJ, 2CB, 2CJ,TOURAN 1T3,GOLF VI Variant AJ5,GOLF V Variant 1K5,CADDY III Kasten 2KA, 2KH, 2CA, 2CH,GOLF VII Kombi BA5,EOS 1F7, 1F8,SCIROCCO 137, 138,PASSAT CC 357,JETTA III 1K2,PASSAT 362,CC 358,GOLF VI Cabriolet 517,BEETLE 5C1,JETTA IV 162, 163,BEETLE Cabriolet 5C7; AUDI: A3 8P1,A3 Sportback 8PA,A3 Cabriolet 8P7; SKODA: OCTAVIA Combi 1Z5,OCTAVIA Combi 5E5,YETI 5L,SUPERB Kombi 3T5,OCTAVIA 1Z3,SUPERB 3T4,OCTAVIA 5E3; SEAT: LEON 1P1,ALTEA 5P1,LEON 5F1,ALTEA XL 5P5, 5P8,LEON ST 5F8,LEON SC 5F5,TOLEDO III 5P2; 1K0407311G, 1K0407311H, 1K0407311L, 1K0498099, 1K0498099A, 1K0498099AV, 1K0498099AX, 1K0498099C, 1K0498099E, 1K0498099EV, 1K0498099EX, 1K0498099X, 1K0407311G, 1K0407311H, 1K0407311L, 1K0498099, 1K0498099A, 1K0498099AV, 1K0498099AX, 1K0498099C, 1K0498099E, 1K0498099EV, 1K0498099EX, 1K0498099G, 1K0498099HX, 1K0498099M, 1K0498099X, 1K0407311G, 1K0407311H, 1K0407311L, 1K0498099, 1K0498099A, 1K0498099AV, 1K0498099AX, 1K0498099C, 1K0498099E, 1K0498099EV, 1K0498099EX, 1K0498099G, 1K0498099HX, 1K0498099M, 1K0498099X, 1K0407311G, 1K0407311H, 1K0407311L, 1K0498099, 1K0498099A, 1K0498099AV, 1K0498099AX, 1K0498099C, 1K0498099E, 1K0498099EV, 1K0498099EX, 1K0498099HX, 1K0498099X; Nivelsarja, Vetoakseli<\/p>\n","protected":false},"excerpt":{"rendered":"<p>VAICO Vetonivel V10-7416 Nivelsarja, Vetoakseli VW,AUDI,SKODA,GOLF V 1K1,TOURAN 1T1, 1T2,GOLF VI 5K1,PASSAT Variant 3C5,GOLF PLUS 5M1, 521,PASSAT 3C2<\/p>\n","protected":false},"featured_media":0,"template":"","meta":{"site-sidebar-layout":"default","site-content-layout":"default","ast-global-header-display":"","ast-main-header-display":"","ast-hfb-above-header-display":"","ast-hfb-below-header-display":"","ast-hfb-mobile-header-display":"","site-post-title":"","ast-breadcrumbs-content":"","ast-featured-img":"","footer-sml-layout":"","theme-transparent-header-meta":"","adv-header-id-meta":"","stick-header-meta":"","header-above-stick-meta":"","header-main-stick-meta":"","header-below-stick-meta":""},"pwb-brand":[330],"product_cat":[175],"product_tag":[],"class_list":{"0":"post-77425","1":"product","2":"type-product","3":"status-publish","5":"pwb-brand-vaico","6":"product_cat-vetonivel","7":"desktop-align-left","8":"tablet-align-left","9":"mobile-align-left","11":"first","12":"instock","13":"product-type-external"},"brands":[{"id":330,"name":"VAICO","slug":"vaico"}],"_links":{"self":[{"href":"https:\/\/www.autonvaraosahaku.fi\/index.php?rest_route=\/wp\/v2\/product\/77425","targetHints":{"allow":["GET"]}}],"collection":[{"href":"https:\/\/www.autonvaraosahaku.fi\/index.php?rest_route=\/wp\/v2\/product"}],"about":[{"href":"https:\/\/www.autonvaraosahaku.fi\/index.php?rest_route=\/wp\/v2\/types\/product"}],"wp:attachment":[{"href":"https:\/\/www.autonvaraosahaku.fi\/index.php?rest_route=%2Fwp%2Fv2%2Fmedia&parent=77425"}],"wp:term":[{"taxonomy":"pwb-brand","embeddable":true,"href":"https:\/\/www.autonvaraosahaku.fi\/index.php?rest_route=%2Fwp%2Fv2%2Fpwb-brand&post=77425"},{"taxonomy":"product_cat","embeddable":true,"href":"https:\/\/www.autonvaraosahaku.fi\/index.php?rest_route=%2Fwp%2Fv2%2Fproduct_cat&post=77425"},{"taxonomy":"product_tag","embeddable":true,"href":"https:\/\/www.autonvaraosahaku.fi\/index.php?rest_route=%2Fwp%2Fv2%2Fproduct_tag&post=77425"}],"curies":[{"name":"wp","href":"https:\/\/api.w.org\/{rel}","templated":true}]}}