{"id":77781,"date":"2021-02-21T19:54:11","date_gmt":"2021-02-21T19:54:11","guid":{"rendered":"https:\/\/www.autonvaraosahaku.fi\/?product=tyc-505-0001-lammityslaitteen-puhallin"},"modified":"2021-02-21T19:54:15","modified_gmt":"2021-02-21T19:54:15","slug":"tyc-505-0001-lammityslaitteen-puhallin","status":"publish","type":"product","link":"https:\/\/www.autonvaraosahaku.fi\/?product=tyc-505-0001-lammityslaitteen-puhallin","title":{"rendered":"TYC 505-0001 L\u00e4mmityslaitteen puhallin"},"content":{"rendered":"<p>J\u00e4nnite (V): 13,5; Varusteet: Autoihin, joissa ilmastointi; Virtakuormituskesto [A]: 25,1; Py\u00f6rimisnopeus, majakka [1\/min]: 3700; Nimellisteho (W): 339; Rekister\u00f6ity tyyppi: CE-hyv\u00e4ksynt\u00e4; CITRO\u00cbN: XSARA PICASSO N68,C2 JM_,C3 I FC_; PEUGEOT: 206 Schr\u00e4gheck 2A\/C,206 SW 2E\/K,1007 KM_,206 Van; 6441Q6, 6441R0, 6441Q6, 6441R0; Sis\u00e4tilan Puhallin,Sis\u00e4tilapuhallin<\/p>\n","protected":false},"excerpt":{"rendered":"<p>TYC L\u00e4mmityslaitteen Puhallin 505-0001 Sis\u00e4tilan Puhallin,Sis\u00e4tilapuhallin CITRO\u00cbN,PEUGEOT,XSARA PICASSO N68,C2 JM_,C3 I FC_,206 Schr\u00e4gheck 2A\/C<\/p>\n","protected":false},"featured_media":0,"template":"","meta":{"site-sidebar-layout":"default","site-content-layout":"default","ast-global-header-display":"","ast-main-header-display":"","ast-hfb-above-header-display":"","ast-hfb-below-header-display":"","ast-hfb-mobile-header-display":"","site-post-title":"","ast-breadcrumbs-content":"","ast-featured-img":"","footer-sml-layout":"","theme-transparent-header-meta":"","adv-header-id-meta":"","stick-header-meta":"","header-above-stick-meta":"","header-main-stick-meta":"","header-below-stick-meta":""},"pwb-brand":[124],"product_cat":[86],"product_tag":[],"class_list":{"0":"post-77781","1":"product","2":"type-product","3":"status-publish","5":"pwb-brand-tyc","6":"product_cat-lammityslaitteen-puhallin","7":"desktop-align-left","8":"tablet-align-left","9":"mobile-align-left","11":"first","12":"instock","13":"product-type-external"},"brands":[{"id":124,"name":"TYC","slug":"tyc"}],"_links":{"self":[{"href":"https:\/\/www.autonvaraosahaku.fi\/index.php?rest_route=\/wp\/v2\/product\/77781","targetHints":{"allow":["GET"]}}],"collection":[{"href":"https:\/\/www.autonvaraosahaku.fi\/index.php?rest_route=\/wp\/v2\/product"}],"about":[{"href":"https:\/\/www.autonvaraosahaku.fi\/index.php?rest_route=\/wp\/v2\/types\/product"}],"wp:attachment":[{"href":"https:\/\/www.autonvaraosahaku.fi\/index.php?rest_route=%2Fwp%2Fv2%2Fmedia&parent=77781"}],"wp:term":[{"taxonomy":"pwb-brand","embeddable":true,"href":"https:\/\/www.autonvaraosahaku.fi\/index.php?rest_route=%2Fwp%2Fv2%2Fpwb-brand&post=77781"},{"taxonomy":"product_cat","embeddable":true,"href":"https:\/\/www.autonvaraosahaku.fi\/index.php?rest_route=%2Fwp%2Fv2%2Fproduct_cat&post=77781"},{"taxonomy":"product_tag","embeddable":true,"href":"https:\/\/www.autonvaraosahaku.fi\/index.php?rest_route=%2Fwp%2Fv2%2Fproduct_tag&post=77781"}],"curies":[{"name":"wp","href":"https:\/\/api.w.org\/{rel}","templated":true}]}}