{"id":77792,"date":"2021-02-21T19:54:19","date_gmt":"2021-02-21T19:54:19","guid":{"rendered":"https:\/\/www.autonvaraosahaku.fi\/?product=mahle-original-ox-12d-oljynsuodatin"},"modified":"2021-02-21T19:54:20","modified_gmt":"2021-02-21T19:54:20","slug":"mahle-original-ox-12d-oljynsuodatin","status":"publish","type":"product","link":"https:\/\/www.autonvaraosahaku.fi\/?product=mahle-original-ox-12d-oljynsuodatin","title":{"rendered":"MAHLE ORIGINAL OX 12D \u00d6ljynsuodatin"},"content":{"rendered":"<p>Suodatintyyppi: Suodatinpanos; Korkeus (mm): 152,0; Korkeus 1 (mm): 149,0; L\u00e4pimitta [mm]: 69,8; Ulkol\u00e4pimitta 1 [mm]: 69,8; Sis\u00e4l\u00e4pimitta 1 [mm]: 35,0; L\u00e4pimitta 3 [mm]: 35,0; Tiivisteen l\u00e4pimitta [mm]: 35,0; Valmistusvuoteen: 09\/1972; ALFA ROMEO: SPIDER 115,SPIDER 105,GIULIA,GT,1750-2000,GTA Coupe; 105000604000, 105000631700, 105140603000, 105140603004, 105140604000, 105140631700, 131559402, 131559405, 131559411, 131559701, 101000603000, 101000631700, 105000603007, 105000604000, 105000631700, 105140600330, 105140603000, 105140603003, 10514060300330, 105140603004, 10514060300406, 105140603005, 105140603006, 105140604000, 10514063005, 10514063006, 10514063030, 105140631700, 105160331700, 1190493, 1190839, 1190863, 1190893, 131559401, 131559402, 131559405, 131559411, 131559701, 2103566, 2190839, 2323108, 452450000, 4964855, 60711871, 81190493, 81190839, 969052, B120134R, B124934, 1495698, 231179, 231308, 5000836, 5000837, 5009230, 5014390, A700X6731UA, A730X6744A1A, A810X6731AA, A850X6731AA, EFL200, EIADKN18662A, EIADKN6731, EPN6731A, 310291012038, 1530775, 6435089, 6435092, 6435093, 7961064, 7961073, 7984286, 7984358, 7984359, 4121017140, 11028, 1526, 164434, 17H541, 62059, 79400, 7H2041, 95218, AJC5122, AJK5122<\/p>\n","protected":false},"excerpt":{"rendered":"<p>MAHLE ORIGINAL \u00d6ljynsuodatin OX 12D  ALFA ROMEO,SPIDER 115,SPIDER 105,GIULIA,GT,1750-2000,GTA Coupe<\/p>\n","protected":false},"featured_media":0,"template":"","meta":{"site-sidebar-layout":"default","site-content-layout":"default","ast-global-header-display":"","ast-main-header-display":"","ast-hfb-above-header-display":"","ast-hfb-below-header-display":"","ast-hfb-mobile-header-display":"","site-post-title":"","ast-breadcrumbs-content":"","ast-featured-img":"","footer-sml-layout":"","theme-transparent-header-meta":"","adv-header-id-meta":"","stick-header-meta":"","header-above-stick-meta":"","header-main-stick-meta":"","header-below-stick-meta":""},"pwb-brand":[153],"product_cat":[30],"product_tag":[],"class_list":{"0":"post-77792","1":"product","2":"type-product","3":"status-publish","5":"pwb-brand-mahle-original","6":"product_cat-oljynsuodatin","7":"desktop-align-left","8":"tablet-align-left","9":"mobile-align-left","11":"first","12":"instock","13":"product-type-external"},"brands":[{"id":153,"name":"MAHLE ORIGINAL","slug":"mahle-original"}],"_links":{"self":[{"href":"https:\/\/www.autonvaraosahaku.fi\/index.php?rest_route=\/wp\/v2\/product\/77792","targetHints":{"allow":["GET"]}}],"collection":[{"href":"https:\/\/www.autonvaraosahaku.fi\/index.php?rest_route=\/wp\/v2\/product"}],"about":[{"href":"https:\/\/www.autonvaraosahaku.fi\/index.php?rest_route=\/wp\/v2\/types\/product"}],"wp:attachment":[{"href":"https:\/\/www.autonvaraosahaku.fi\/index.php?rest_route=%2Fwp%2Fv2%2Fmedia&parent=77792"}],"wp:term":[{"taxonomy":"pwb-brand","embeddable":true,"href":"https:\/\/www.autonvaraosahaku.fi\/index.php?rest_route=%2Fwp%2Fv2%2Fpwb-brand&post=77792"},{"taxonomy":"product_cat","embeddable":true,"href":"https:\/\/www.autonvaraosahaku.fi\/index.php?rest_route=%2Fwp%2Fv2%2Fproduct_cat&post=77792"},{"taxonomy":"product_tag","embeddable":true,"href":"https:\/\/www.autonvaraosahaku.fi\/index.php?rest_route=%2Fwp%2Fv2%2Fproduct_tag&post=77792"}],"curies":[{"name":"wp","href":"https:\/\/api.w.org\/{rel}","templated":true}]}}