{"id":77802,"date":"2021-02-21T19:54:19","date_gmt":"2021-02-21T19:54:19","guid":{"rendered":"https:\/\/www.autonvaraosahaku.fi\/?product=nrf-33031-ilmastoinnin-kuivain"},"modified":"2021-02-21T19:54:23","modified_gmt":"2021-02-21T19:54:23","slug":"nrf-33031-ilmastoinnin-kuivain","status":"publish","type":"product","link":"https:\/\/www.autonvaraosahaku.fi\/?product=nrf-33031-ilmastoinnin-kuivain","title":{"rendered":"NRF 33031 Ilmastoinnin kuivain"},"content":{"rendered":"<p>Kylm\u00e4aine: R 134a; Materiaali: Alumiini; Sis\u00e4\u00e4ntulol\u00e4pimitta [mm]: 10,2; Ulostulon l\u00e4pimitta [mm]: 10,2; L\u00e4pimitta [mm]: 60; Korkeus (mm): 188; Laatu \/ luokka: Easy Fit; Rakennemalli: Boxster Spyder; SUZUKI: ALTO HA12, HA23,ALTO HA11,X-90 EL; HONDA: ACCORD V CE, CF,ACCORD V CC, CD,LEGEND III KA9,LEGEND II KA7; LAND ROVER: DISCOVERY II LJ, LT,DISCOVERY I LJ, LG; LEXUS: LS UCF20,GS JZS147; LANCIA: Y 840A,LYBRA SW 839BX,KAPPA 838A,LYBRA 839AX,KAPPA SW 838B,KAPPA Coupe 838; TOYOTA: STARLET EP91,COROLLA Liftback _E11_,COROLLA Compact _E11_,RAV 4 I SXA1_,PICNIC _XM10,LAND CRUISER 90 _J9_,MR 2 II SW2_,STARLET _P8_,PASEO Coupe EL54,COROLLA Compact _E10_,CARINA E _T19_,LAND CRUISER PZJ7_, KZJ7_, HZJ7_, BJ7_, LJ7_, RJ7_,CELICA ST20_, AT20_,LAND CRUISER 80 _J8_,COROLLA _E11_,CARINA E Stufenheck _T19_,COROLLA Wagon __E11_,SUPRA JZA80,CARINA E Sportswagon _T19_,PREVIA TCR2_, TCR1_,HILUX VI Pick-up _N1_,RAV 4 \u00a0 SXA1_,CAMRY _CV2_, _XV2_,HILUX V Pick-up LN_, KZN1_, VZN1_,4 RUNNER RN10_, VZN13_, VZN10_, RN13_,COROLLA Liftback _E10_,COROLLA Liftback _E9_,COROLLA _E10_,HIACE IV Kasten LXH1_, RZH1_, LH1_,CAMRY _CV1_, _XV1_, _V1_,4 RUNNER KZN18_, VZN18_, RZN18_,CAMRY Station Wagon _XV1_, _CV1_, _V10,COROLLA Wagon _E10_,DYNA Pritsche\/Fahrgestell KD_, LY_, TRY2_, KDY2_, XZU4_, XZ,CELICA Cabriolet AT20_, ST20_,DYNA 150 Pritsche\/Fahrgestell LY_,DYNA 400 Pritsche\/Fahrgestell XZU_,DYNA 100 Pritsche\/Fahrgestell LY1_, YY1_,DYNA 200 Pritsche\/Fahrgestell; ROVER: 600 RH; ALFA ROMEO: 147 937,156 Sportwagon 932,156 932,SPIDER 916S_,166 936,145 930,146 930; RENAULT: ESPACE III JE0_; FIAT: SEICENTO 187,DUCATO Pritsche\/Fahrgestell 230,DUCATO Bus 230,DUCATO Kasten 244,BARCHETTA 183,DOBLO Cargo 223,PUNTO 176,DOBLO 119,DUCATO Pritsche\/Fahrgestell 244,DUCATO Kasten 230L,DUCATO Bus 244, Z_,COUPE FA\/175,STRADA Pick-up 178E,MULTIPLA 186,BRAVO I 182,BRAVA 182,PUNTO Cabriolet 176C,MAREA Weekend 185,PALIO Weekend 178DX,SEICENTO Van 187,MAREA 185,PUNTO Van 176L,PALIO 178BX,SIENA 178_; 4478130370, 46471800, 46521840, 46527180, 4657180, 46741664, 46761800, 5766670200, 60617282, 60626904, 60652737, 60656701, 60662250, 60664995, 60813064, 60815307, 60815584, 7742746, 8847128070, 6455AE, 6455T4, E164256, 46452809, 46471800, 46521840, 46527180, 46741664, 46821323, 5766670200, 60662250, 60813064, 60815307, 60815584, 7742746, 7796432, 82490764, 80351SN7003, 80351SP0013, 46471800, 46521840, 46527180, 46741664, 46821323, 5766670200, 60662250, 60813064, 7742746, JRJ100550, STC3148, 4478130370, 8847102020, 8847104020, 8847120050, 8847128070, 8847130370, 8847134010, 8847150020, 8847160010, LB4061500, LB8361501, AB918516, AW117107, AW337382, MB918516, MR117107, 6455AE, 6455T4, E164256, 94457314301, 6025310181, 6025370893, JRD100050, JRJ100550, 9533071B00, 9533071B10, 9533071B20, 4478100030, 4478130370, 8847102020, 8847104020, 8847106020, 8847120050, 8847128070, 8847130370, 8847134010, 8847150020, 8847160010; Kuivain, Ilmastointilaite<\/p>\n","protected":false},"excerpt":{"rendered":"<p>NRF Ilmastoinnin Kuivain EASY FIT 33031 Kuivain, Ilmastointilaite SUZUKI,HONDA,LAND ROVER,ALTO HA12, HA23,ALTO HA11,X-90 EL,ACCORD V CE, CF<\/p>\n","protected":false},"featured_media":0,"template":"","meta":{"site-sidebar-layout":"default","site-content-layout":"default","ast-global-header-display":"","ast-main-header-display":"","ast-hfb-above-header-display":"","ast-hfb-below-header-display":"","ast-hfb-mobile-header-display":"","site-post-title":"","ast-breadcrumbs-content":"","ast-featured-img":"","footer-sml-layout":"","theme-transparent-header-meta":"","adv-header-id-meta":"","stick-header-meta":"","header-above-stick-meta":"","header-main-stick-meta":"","header-below-stick-meta":""},"pwb-brand":[85],"product_cat":[318],"product_tag":[],"class_list":{"0":"post-77802","1":"product","2":"type-product","3":"status-publish","5":"pwb-brand-nrf","6":"product_cat-ilmastoinnin-kuivain","7":"desktop-align-left","8":"tablet-align-left","9":"mobile-align-left","11":"first","12":"instock","13":"product-type-external"},"brands":[{"id":85,"name":"NRF","slug":"nrf"}],"_links":{"self":[{"href":"https:\/\/www.autonvaraosahaku.fi\/index.php?rest_route=\/wp\/v2\/product\/77802","targetHints":{"allow":["GET"]}}],"collection":[{"href":"https:\/\/www.autonvaraosahaku.fi\/index.php?rest_route=\/wp\/v2\/product"}],"about":[{"href":"https:\/\/www.autonvaraosahaku.fi\/index.php?rest_route=\/wp\/v2\/types\/product"}],"wp:attachment":[{"href":"https:\/\/www.autonvaraosahaku.fi\/index.php?rest_route=%2Fwp%2Fv2%2Fmedia&parent=77802"}],"wp:term":[{"taxonomy":"pwb-brand","embeddable":true,"href":"https:\/\/www.autonvaraosahaku.fi\/index.php?rest_route=%2Fwp%2Fv2%2Fpwb-brand&post=77802"},{"taxonomy":"product_cat","embeddable":true,"href":"https:\/\/www.autonvaraosahaku.fi\/index.php?rest_route=%2Fwp%2Fv2%2Fproduct_cat&post=77802"},{"taxonomy":"product_tag","embeddable":true,"href":"https:\/\/www.autonvaraosahaku.fi\/index.php?rest_route=%2Fwp%2Fv2%2Fproduct_tag&post=77802"}],"curies":[{"name":"wp","href":"https:\/\/api.w.org\/{rel}","templated":true}]}}