{"id":77820,"date":"2021-02-21T19:54:26","date_gmt":"2021-02-21T19:54:26","guid":{"rendered":"https:\/\/www.autonvaraosahaku.fi\/?product=van-wezel-4941993-ajovalon-saatomoottori"},"modified":"2021-02-21T19:54:29","modified_gmt":"2021-02-21T19:54:29","slug":"van-wezel-4941993-ajovalon-saatomoottori","status":"publish","type":"product","link":"https:\/\/www.autonvaraosahaku.fi\/?product=van-wezel-4941993-ajovalon-saatomoottori","title":{"rendered":"VAN WEZEL 4941993 Ajovalon s\u00e4\u00e4t\u00f6moottori"},"content":{"rendered":"<p>K\u00e4ytt\u00f6: S\u00e4hk\u00f6inen; Varusteet: ei Xenon-varustetuille; Vuosimalliin: 2013; VW: POLO 6R, 6C,POLO Stufenheck,POLO Van 6R; AUDI: Q5 8R; SEAT: LEON 1P1,IBIZA V 6J5, 6P5,ALTEA 5P1,ALTEA XL 5P5, 5P8,IBIZA V ST 6J8, 6P8,EXEO ST 3R5,IBIZA V SPORTCOUPE 6J1, 6P1,EXEO 3R2,TOLEDO III 5P2; OPEL: CORSA D,MERIVA,VECTRA C Caravan,SIGNUM,VECTRA C,VECTRA C GTS,CORSA D Van; 1207203, 1207936, 5P0941295; Valojen Korkeudens\u00e4\u00e4t\u00f6,S\u00e4\u00e4t\u00f6elementti, Ajovalojen Korkeudens\u00e4\u00e4t\u00f6<\/p>\n","protected":false},"excerpt":{"rendered":"<p>VAN WEZEL Ajovalon S\u00e4\u00e4t\u00f6moottori 4941993 Valojen Korkeudens\u00e4\u00e4t\u00f6,S\u00e4\u00e4t\u00f6elementti, Ajovalojen Korkeudens\u00e4\u00e4t\u00f6 VW,AUDI,SEAT,POLO 6R, 6C,POLO Stufenheck<\/p>\n","protected":false},"featured_media":0,"template":"","meta":{"site-sidebar-layout":"default","site-content-layout":"default","ast-global-header-display":"","ast-main-header-display":"","ast-hfb-above-header-display":"","ast-hfb-below-header-display":"","ast-hfb-mobile-header-display":"","site-post-title":"","ast-breadcrumbs-content":"","ast-featured-img":"","footer-sml-layout":"","theme-transparent-header-meta":"","adv-header-id-meta":"","stick-header-meta":"","header-above-stick-meta":"","header-main-stick-meta":"","header-below-stick-meta":""},"pwb-brand":[54],"product_cat":[299],"product_tag":[],"class_list":["post-77820","product","type-product","status-publish","pwb-brand-van-wezel","product_cat-ajovalon-saatomoottori","desktop-align-left","tablet-align-left","mobile-align-left","first","instock","product-type-external"],"brands":[{"id":54,"name":"VAN WEZEL","slug":"van-wezel"}],"_links":{"self":[{"href":"https:\/\/www.autonvaraosahaku.fi\/index.php?rest_route=\/wp\/v2\/product\/77820","targetHints":{"allow":["GET"]}}],"collection":[{"href":"https:\/\/www.autonvaraosahaku.fi\/index.php?rest_route=\/wp\/v2\/product"}],"about":[{"href":"https:\/\/www.autonvaraosahaku.fi\/index.php?rest_route=\/wp\/v2\/types\/product"}],"wp:attachment":[{"href":"https:\/\/www.autonvaraosahaku.fi\/index.php?rest_route=%2Fwp%2Fv2%2Fmedia&parent=77820"}],"wp:term":[{"taxonomy":"pwb-brand","embeddable":true,"href":"https:\/\/www.autonvaraosahaku.fi\/index.php?rest_route=%2Fwp%2Fv2%2Fpwb-brand&post=77820"},{"taxonomy":"product_cat","embeddable":true,"href":"https:\/\/www.autonvaraosahaku.fi\/index.php?rest_route=%2Fwp%2Fv2%2Fproduct_cat&post=77820"},{"taxonomy":"product_tag","embeddable":true,"href":"https:\/\/www.autonvaraosahaku.fi\/index.php?rest_route=%2Fwp%2Fv2%2Fproduct_tag&post=77820"}],"curies":[{"name":"wp","href":"https:\/\/api.w.org\/{rel}","templated":true}]}}

VAN WEZEL 4941993 Ajovalon säätömoottori

<p>Käyttö: Sähköinen; Varusteet: ei Xenon-varustetuille; Vuosimalliin: 2013; VW: POLO 6R, 6C,POLO Stufenheck,POLO Van 6R; AUDI: Q5 8R; SEAT: LEON 1P1,IBIZA V 6J5, 6P5,ALTEA 5P1,ALTEA XL 5P5, 5P8,IBIZA V ST 6J8, 6P8,EXEO ST 3R5,IBIZA V SPORTCOUPE 6J1, 6P1,EXEO 3R2,TOLEDO III 5P2; OPEL: CORSA D,MERIVA,VECTRA C Caravan,SIGNUM,VECTRA C,VECTRA C GTS,CORSA D Van; 1207203, 1207936, 5P0941295; Valojen Korkeudensäätö,Säätöelementti, Ajovalojen Korkeudensäätö</p>

<p>VAN WEZEL Ajovalon Säätömoottori 4941993 Valojen Korkeudensäätö,Säätöelementti, Ajovalojen Korkeudensäätö VW,AUDI,SEAT,POLO 6R, 6C,POLO Stufenheck</p>
